--
-- Host: localhost    Database: cp725669_db
-- ------------------------------------------------------


--
-- Table structure for table `amount_of_exercise`
--

CREATE TABLE `amount_of_exercise` (
  `id` int(11) NOT NULL,
  `name` varchar(100) COLLATE utf8_unicode_ci DEFAULT NULL,
  `description` varchar(500) COLLATE utf8_unicode_ci DEFAULT NULL,
  `seq` int(11) DEFAULT NULL,
  `status` int(11) DEFAULT NULL,
  `created_at` datetime DEFAULT NULL,
  `updated_at` datetime DEFAULT NULL,
  PRIMARY KEY (`id`)
) ENGINE=InnoDB DEFAULT CHARSET=utf8 COLLATE=utf8_unicode_ci;

--
-- Dumping data for table `amount_of_exercise`
--

INSERT INTO `amount_of_exercise` VALUES (1,'Sedentary','Little or no exercise',1,1,NULL,NULL),(2,'Lightly active','1-3 times/week',2,1,NULL,NULL),(3,'Moderately active','3-5 times/week',3,1,NULL,NULL),(4,'Very active','6-7 times/week',4,1,NULL,NULL),(5,'Extreamely active','More than 7 times/week',5,1,NULL,NULL);

--
-- Table structure for table `faq`
--

CREATE TABLE `faq` (
  `id` int(11) NOT NULL AUTO_INCREMENT,
  `question` text COLLATE utf8_unicode_ci,
  `question_en` text COLLATE utf8_unicode_ci,
  `answer` text COLLATE utf8_unicode_ci,
  `answer_en` text COLLATE utf8_unicode_ci,
  `seq` int(11) DEFAULT '0',
  `type` int(11) DEFAULT '1',
  `status` int(11) DEFAULT '1',
  `crby` varchar(100) COLLATE utf8_unicode_ci DEFAULT NULL,
  `crdate` datetime DEFAULT NULL,
  `updby` varchar(100) COLLATE utf8_unicode_ci DEFAULT NULL,
  `upddate` datetime DEFAULT NULL,
  PRIMARY KEY (`id`)
) ENGINE=InnoDB AUTO_INCREMENT=19 DEFAULT CHARSET=utf8 COLLATE=utf8_unicode_ci;

--
-- Dumping data for table `faq`
--

INSERT INTO `faq` VALUES (7,'เทรนเนอร์จะต้องมีใบรับรองในด้านต่างๆที่เกี่ยวข้องหรือไม่','If I don\'t have any certifications about personal training. Can I still apply for this career?','ไม่จำเป็นต้องมีใบรับรองในด้านต่างๆ แต่จะต้องผ่านการพิจารณาจากเกณฑ์การตัดสินจากทางทีมของเรา','This case will be passed to our HR team on the day of your interview.',17,2,1,'system','2017-08-03 17:25:04','kim@a.com','2017-10-09 11:28:49'),(10,'ต้องทำอย่างไรถึงจะเป็นเทรนเนอร์บนระบบของมายซิกซ์ได้','How to be a MYSIX trainer?','สร้างบัญชีเทรนเนอร์ ->  รออีเมลนัดหมายจากทางมายซิกซ์ -> เข้ามาสัมภาษณ์ที่บริษัท -> เข้าสู่ระบบของเรา','Create a trainer account -> Wait for an appointment email -> Interview at MYSIX office -> Get start on MYSIX system',16,2,1,'kin@kin.com','2017-09-26 20:32:34','test@meetyoursix.com','2017-10-06 11:07:02'),(11,'ถ้าลงเวลาไปแล้ว สามารถปรับเปลี่ยนตารางเวลาใหม่ได้มั้ย','Can I reschedule my timeslot?','คุณสามารถปรับเปลี่ยนเวลาที่มีความประสงค์จะสอนได้ตลอดเวลา ถ้าตารางเวลานั้นๆยังไม่ถูกทำการจองโดยลูกค้า','Yes, you can change your timeslot at anytime, if that timeslot has not been booked.',5,2,1,'kin@kin.com','2017-09-26 20:35:40','jame_chr159@hotmail.com','2017-09-29 14:13:05'),(12,'ทำไมต้องจ้างเทรนเนอร์ของ MYSIX','Why do I have to hire MYSIX Personal Trainer?','1. คุณภาพเทรนเนอร์; เทรนเนอร์ทุกคนของ MYSIX ต้องผ่านการประเมินจากทางทีมงานของเรา 2. ความปลอดภัยทางการเงิน; ระบบการจ่ายเงินทั้งหมดของเราผ่าน online payment   3. ความหลากหลายของเทรนเนอร์; เรารวบรวมเทรนเนอร์ที่เชี่ยวชาญในด้านต่างๆเป็นจำนวนมาก ไม่ว่าจะเป็น เวทเทรนนิ่ง โยคะ มวย หรือการเตรียมความพร้อมสำหรับกีฬาหลากหลายประเภท','1. Qualification and Securities; The qualification of MYSIX trainers are carefully screened by our professional team as well as an effective online payment is efficient to support you to track all the session progress. 2. Variety of trainer;  MYSIX gathers a number of trainers who are specialized in different areas such as, Weight training, Yoga, Boxing and sport recreation.',14,1,1,'kin@kin.com','2017-09-26 20:47:11','jump@employee.com','2017-10-05 16:05:22'),(13,'ต้องทำอย่างไรบ้าง ถ้าจะเรียกเทรนเนอร์ของมายซิกซ์ไปสอน','How to book a MYSIX trainer?','สร้างบัญชีมายซิกซ์ -> เลือกเทรนเนอร์ที่จะทำการจอง -> จ่ายเงินออนไลน์ผ่าน บัตรเดบิตหรือเครดิต -> รอรับการแจ้งเตือนจากทางมายซิกซ์','Create your account -> Find your Match -> Online payment by your debit or credit card -> Waiting for MYSIX notification',12,1,1,'kin@kin.com','2017-09-26 20:55:11','jame_chr159@hotmail.com','2017-09-29 14:18:18'),(14,'บ้านไม่มีที่จะสามารถจ้างเทรนเนอร์ไปสอนได้มั้ย','Do I need to have a space at home if I would like to hire in-home personal trainers?','ได้ เพราะเทรนเนอร์ทุกคนบนระบบของเราสามารถออกแบบโปรแกรมการฝึกให้คุณให้เหมาะสมกับสถานที่นั้นๆ แต่ถ้าคุณยังกังวลว่าที่แคบไป คุณสามารถนัดเทรนเนอร์ไปฝึกที่ใดก็ได้ ไม่ว่าจะที่ทำงาน คอนโด หรือสวนสาธารณะแถวบ้าน','Our personal trainers can adapt the training programme to be suited with your home space. No worried if you still consider that it is too small, you can select an appointment with trainers to anywhere such as, park, condominium, or an office.',11,1,1,'kin@kin.com','2017-09-26 20:57:42','jame_chr159@hotmail.com','2017-09-29 14:16:20'),(15,'ชวนเพื่อนมาเล่นเป็นกลุ่มได้หรือเปล่า','If I want to train with MYSIX trainer at the same time with my friends???','ได้ ถ้าเทรนเนอร์ที่คุณเลือกเปิดรับเทรนประเภทกลุ่ม','Yes. If your selected trainer provides a group session or not.',10,1,1,'kin@kin.com','2017-09-26 20:59:44','jame_chr159@hotmail.com','2017-09-29 14:16:06'),(16,'จ้างเทรนเนอร์มาสอน 1 ครั้งใช้เวลาในการเล่นเท่าไร','How long does 1 session take?','ประมาณ 1 ชั่วโมง','approximate one hour',8,1,1,'kin@kin.com','2017-09-26 21:00:32','jame_chr159@hotmail.com','2017-09-29 14:14:57'),(17,'ต้องเป็นสมาชิกของยิมด้วยมั้ยค่ะ ถ้าจะไปฝึกกับเทรนเนอร์ของพันธมิตรมายซิกซ์','Do I have to be a gym membership to do a training with our gym partner?','ไม่ต้องเสียค่าใช้จ่ายใดๆ ถ้าทำการจองเทรนเนอร์ในยิมนั้นผ่านระบบมายซิกซ์','You get a free entry if you book a gym personal trainers through MYSIX.',9,1,1,'kin@kin.com','2017-09-26 21:02:07','jame_chr159@hotmail.com','2017-09-29 14:15:58'),(18,'เทรนเนอร์บนระบบเป็นจำนวนมาก ไม่รู้จะเลือกคนไหนดี','There are so many personal trainers presented on MYSIX. Who should I select to train with?','ระบบของเราจะโชว์เทรนเนอร์ที่ตรงตามความประสงค์ในการฝึกของคุณมากที่สุด แต่ถ้าคุณยังไม่แน่ใจ สามารถเช็คประวัติการสอนหรือรีวิวการใช้บริการ  และการให้คะแนนของลูกค้าคนก่อนได้','Our system will show you with the best matching by the filter you selected at the start such as, locations, specialties and genders. You can also check the history feedback from previous customers as well.',7,1,1,'kin@kin.com','2017-09-26 21:04:32','jame_chr159@hotmail.com','2017-09-29 14:14:33');

--
-- Table structure for table `fitness_image`
--

CREATE TABLE `fitness_image` (
  `id` varchar(100) COLLATE utf8_unicode_ci NOT NULL,
  `fitness_id` int(11) NOT NULL,
  `original_name` varchar(500) COLLATE utf8_unicode_ci DEFAULT NULL,
  `new_name` varchar(500) COLLATE utf8_unicode_ci DEFAULT NULL,
  `path` varchar(500) COLLATE utf8_unicode_ci DEFAULT NULL,
  `seq` int(11) DEFAULT NULL,
  PRIMARY KEY (`id`)
) ENGINE=InnoDB DEFAULT CHARSET=utf8 COLLATE=utf8_unicode_ci;

--
-- Dumping data for table `fitness_image`
--

INSERT INTO `fitness_image` VALUES ('26_05a3461a9f1a925052fe5de2ab18e3f2',26,'Weight_legendthaiboxing_MYSIX.jpg','26_05a3461a9f1a925052fe5de2ab18e3f2.jpg','/home/cp725669/public_html/mysix.co.th/public/fitness/images/26/26_05a3461a9f1a925052fe5de2ab18e3f2.jpg',5),('26_0991fdfdce92c2c88e302c1f5e106ba7',26,'Toilet_legendthaiboxing_MYSIX.jpg','26_0991fdfdce92c2c88e302c1f5e106ba7.jpg','/home/cp725669/public_html/mysix.co.th/public/fitness/images/26/26_0991fdfdce92c2c88e302c1f5e106ba7.jpg',7),('26_09a7e678af013f43fe3e6bf6a1fb1ad4',26,'Insideoverview3_legendthaiboxing_MYSIX.jpg','26_09a7e678af013f43fe3e6bf6a1fb1ad4.jpg','/home/cp725669/public_html/mysix.co.th/public/fitness/images/26/26_09a7e678af013f43fe3e6bf6a1fb1ad4.jpg',1),('26_42e490df1765c3705766aeba29b951b9',26,'Insideoverview5_legendthaiboxing_MYSIX.jpg','26_42e490df1765c3705766aeba29b951b9.jpg','/home/cp725669/public_html/mysix.co.th/public/fitness/images/26/26_42e490df1765c3705766aeba29b951b9.jpg',2),('26_5925f1c266ee7660f13937770cf7e78b',26,'Insideoverview2_legendthaiboxing_MYSIX.jpg','26_5925f1c266ee7660f13937770cf7e78b.jpg','/home/cp725669/public_html/mysix.co.th/public/fitness/images/26/26_5925f1c266ee7660f13937770cf7e78b.jpg',8),('26_7f8e992a71165367d6261aa949204c6d',26,'Living-area_legendthaiboxing_MYSIX.jpg','26_7f8e992a71165367d6261aa949204c6d.jpg','/home/cp725669/public_html/mysix.co.th/public/fitness/images/26/26_7f8e992a71165367d6261aa949204c6d.jpg',9),('26_92d4f95f4a8a330faa2f2bf576aed01b',26,'Insideoverview_legendthaiboxing_MYSIX.jpg','26_92d4f95f4a8a330faa2f2bf576aed01b.jpg','/home/cp725669/public_html/mysix.co.th/public/fitness/images/26/26_92d4f95f4a8a330faa2f2bf576aed01b.jpg',4),('26_b7bb2156519b8e1f0a394ecb6cab842c',26,'Outsite_legendthaiboxing_MYSIX.jpg','26_b7bb2156519b8e1f0a394ecb6cab842c.jpg','/home/cp725669/public_html/mysix.co.th/public/fitness/images/26/26_b7bb2156519b8e1f0a394ecb6cab842c.jpg',6),('26_bc86cdfe17ee7be79be490439cae169d',26,'Insideoverview4_legendthaiboxing_MYSIX.jpg','26_bc86cdfe17ee7be79be490439cae169d.jpg','/home/cp725669/public_html/mysix.co.th/public/fitness/images/26/26_bc86cdfe17ee7be79be490439cae169d.jpg',3),('3_636126cfe433af99073a0a2341b8639e',3,'MYSIX6543.jpg','3_636126cfe433af99073a0a2341b8639e.jpg','/home/cp725669/public_html/test/public/fitness/images/3/3_636126cfe433af99073a0a2341b8639e.jpg',2),('3_7737ce158bc3a6db737c643f9c71660c',3,'MYSIX6571.jpg','3_7737ce158bc3a6db737c643f9c71660c.jpg','/home/cp725669/public_html/test/public/fitness/images/3/3_7737ce158bc3a6db737c643f9c71660c.jpg',3),('3_7c6efec84939bab981cac43c18a56c67',3,'MX5A7901.jpg','3_7c6efec84939bab981cac43c18a56c67.jpg','/home/cp725669/public_html/test/public/fitness/images/3/3_7c6efec84939bab981cac43c18a56c67.jpg',4),('3_96f9b5cf1192810fa1b219fac8527ac2',3,'MYSIX6378.jpg','3_96f9b5cf1192810fa1b219fac8527ac2.jpg','/home/cp725669/public_html/test/public/fitness/images/3/3_96f9b5cf1192810fa1b219fac8527ac2.jpg',1),('8_0e6edcf391991b234420617a467aeb25',8,'Logo copy.jpg','8_0e6edcf391991b234420617a467aeb25.jpg','/home/cp725669/public_html/mysix.co.th/public/fitness/images/8/8_0e6edcf391991b234420617a467aeb25.jpg',3),('8_87aa00a9dc17703ecbcb368d322212f5',8,'Logo copy.jpg','8_87aa00a9dc17703ecbcb368d322212f5.jpg','/home/cp725669/public_html/mysix.co.th/public/fitness/images/8/8_87aa00a9dc17703ecbcb368d322212f5.jpg',1),('8_a33ada0762ebbd05331b0d73f8cd005e',8,'Logo copy.jpg','8_a33ada0762ebbd05331b0d73f8cd005e.jpg','/home/cp725669/public_html/mysix.co.th/public/fitness/images/8/8_a33ada0762ebbd05331b0d73f8cd005e.jpg',2);

--
-- Table structure for table `fitness_location`
--

CREATE TABLE `fitness_location` (
  `fitness_id` int(11) NOT NULL,
  `location_id` int(11) NOT NULL,
  PRIMARY KEY (`fitness_id`,`location_id`)
) ENGINE=InnoDB DEFAULT CHARSET=utf8 COLLATE=utf8_unicode_ci;

--
-- Dumping data for table `fitness_location`
--

INSERT INTO `fitness_location` VALUES (8,3),(26,10),(26,43),(26,62),(26,63),(26,104),(34,43),(34,45),(34,51),(34,104);

--
-- Table structure for table `lesson`
--

CREATE TABLE `lesson` (
  `id` int(11) NOT NULL AUTO_INCREMENT,
  `order_id` int(11) DEFAULT NULL,
  `trainer_id` int(11) DEFAULT NULL,
  `user_id` int(11) DEFAULT NULL,
  `created_at` datetime DEFAULT NULL,
  `updated_at` datetime DEFAULT NULL,
  `remark` varchar(20000) COLLATE utf8_unicode_ci DEFAULT NULL,
  `status` int(11) DEFAULT NULL,
  `training_objective` varchar(1000) COLLATE utf8_unicode_ci DEFAULT NULL,
  `amount_of_exercise` int(11) DEFAULT NULL,
  PRIMARY KEY (`id`)
) ENGINE=InnoDB AUTO_INCREMENT=42 DEFAULT CHARSET=utf8 COLLATE=utf8_unicode_ci;

--
-- Dumping data for table `lesson`
--

INSERT INTO `lesson` VALUES (1,1,108,25,'2017-11-13 22:02:36','2017-11-13 22:02:36',NULL,1,'N;',NULL),(2,2,108,25,'2017-11-14 11:29:31','2017-11-14 11:29:31',NULL,1,'N;',NULL),(3,3,108,48,'2017-11-14 13:05:20','2017-11-14 13:05:20',NULL,1,'N;',NULL),(4,4,69,25,'2017-11-16 10:29:34','2017-11-16 10:29:34',NULL,1,'N;',NULL),(5,5,69,25,'2017-11-16 15:56:14','2017-11-16 15:56:14',NULL,1,'N;',NULL),(6,6,32,47,'2017-11-26 16:03:30','2017-11-26 16:03:30',NULL,1,'N;',NULL),(7,7,89,64,'2017-11-28 12:59:42','2017-11-28 12:59:42',NULL,1,'N;',NULL),(8,8,69,65,'2017-11-29 13:16:10','2017-11-29 13:16:10',NULL,1,'N;',NULL),(9,9,69,25,'2017-12-12 16:08:35','2017-12-12 16:08:35',NULL,1,'N;',NULL),(10,10,61,81,'2017-12-22 19:49:30','2017-12-22 19:49:30',NULL,1,'N;',NULL),(11,11,67,80,'2017-12-22 23:20:12','2017-12-22 23:20:12',NULL,1,'N;',NULL),(12,12,34,70,'2017-12-28 15:00:12','2017-12-28 15:00:12',NULL,1,'N;',NULL),(13,13,120,86,'2018-01-09 15:46:38','2018-01-09 15:46:38',NULL,1,'N;',NULL),(14,14,125,70,'2018-01-15 12:13:38','2018-01-15 12:13:38',NULL,1,'N;',NULL),(15,15,120,44,'2018-01-16 20:22:56','2018-01-16 20:22:56',NULL,1,'N;',NULL),(16,16,33,95,'2018-01-19 13:01:36','2018-01-19 13:01:36',NULL,1,'N;',NULL),(17,17,108,25,'2018-01-20 13:46:09','2018-01-20 13:46:09',NULL,1,'N;',NULL),(18,18,108,25,'2018-01-20 14:42:08','2018-01-20 14:42:08',NULL,1,'N;',NULL),(19,19,108,25,'2018-01-20 14:43:04','2018-01-20 14:43:04',NULL,1,'N;',NULL),(20,20,108,25,'2018-01-20 15:02:02','2018-01-20 15:02:02',NULL,1,'N;',NULL),(21,21,108,25,'2018-01-20 15:08:02','2018-01-20 15:08:02',NULL,1,'N;',NULL),(22,22,108,25,'2018-01-20 15:28:01','2018-01-20 15:28:01',NULL,1,'N;',NULL),(23,23,108,25,'2018-01-20 15:32:34','2018-01-20 15:32:34',NULL,1,'N;',NULL),(24,24,108,103,'2018-01-22 08:51:09','2018-01-22 08:51:09',NULL,1,'N;',NULL),(25,25,108,25,'2018-01-31 11:13:31','2018-01-31 11:13:31',NULL,1,'N;',NULL),(26,26,108,25,'2018-01-31 11:20:03','2018-01-31 11:20:03',NULL,1,'N;',NULL),(27,27,89,44,'2018-02-02 11:27:01','2018-02-02 11:27:01',NULL,1,'N;',NULL),(28,28,89,11,'2018-02-03 17:56:14','2018-02-03 17:56:14',NULL,1,'N;',NULL),(29,29,89,11,'2018-02-03 17:56:14','2018-02-03 17:56:14',NULL,1,'N;',NULL),(30,30,57,127,'2018-02-06 16:37:27','2018-02-06 16:37:27',NULL,1,'N;',NULL),(31,31,69,25,'2018-02-13 19:53:21','2018-02-13 19:53:21',NULL,1,'N;',NULL),(32,32,120,146,'2018-02-26 21:44:50','2018-02-26 21:44:50',NULL,1,'N;',NULL),(33,33,160,70,'2018-02-28 16:08:18','2018-02-28 16:08:18',NULL,1,'N;',NULL),(34,34,106,147,'2018-03-02 20:53:39','2018-03-02 20:53:39',NULL,1,'N;',NULL),(35,35,80,158,'2018-03-12 09:05:06','2018-03-12 09:05:06',NULL,1,'N;',NULL),(36,36,86,173,'2018-03-16 07:45:47','2018-03-16 07:45:47',NULL,1,'N;',NULL),(37,37,120,179,'2018-03-20 15:42:54','2018-03-20 15:42:54',NULL,1,'N;',NULL),(38,38,81,11,'2018-04-26 12:57:22','2018-04-26 12:57:22',NULL,1,'N;',NULL),(39,39,106,195,'2018-05-04 16:30:37','2018-05-04 16:30:37',NULL,1,'N;',NULL),(40,40,106,195,'2018-05-07 11:47:22','2018-05-07 11:47:22',NULL,1,'N;',NULL),(41,41,57,228,'2019-01-11 12:26:43','2019-01-11 12:26:43',NULL,1,'N;',NULL);

--
-- Table structure for table `lesson_client`
--

CREATE TABLE `lesson_client` (
  `id` int(11) NOT NULL AUTO_INCREMENT,
  `lesson_id` int(11) DEFAULT NULL,
  `user_id` int(11) DEFAULT NULL,
  `name` varchar(100) COLLATE utf8_unicode_ci DEFAULT NULL,
  `lastname` varchar(100) COLLATE utf8_unicode_ci DEFAULT NULL,
  `age` int(11) DEFAULT NULL,
  `weight` float(8,2) DEFAULT NULL,
  `height` float(8,2) DEFAULT NULL,
  `amount_of_exercise` int(11) DEFAULT NULL,
  `gender` int(11) DEFAULT '1',
  PRIMARY KEY (`id`)
) ENGINE=InnoDB AUTO_INCREMENT=42 DEFAULT CHARSET=utf8 COLLATE=utf8_unicode_ci;

--
-- Dumping data for table `lesson_client`
--

INSERT INTO `lesson_client` VALUES (1,1,25,'Suvijak','Jirakornkul',24,80.00,180.00,1,1),(2,2,25,'Suvijak','Jirakornkul',24,80.00,180.00,1,1),(3,3,48,'Suvijak','Jirakornkul',24,80.00,180.00,1,1),(4,4,25,'Suvijak','Jirakornkul',24,80.00,180.00,1,1),(5,5,25,'Suvijak','Jirakornkul',24,80.00,180.00,1,1),(6,6,47,'Thermsak','Limsirirattanakul',26,84.00,174.00,1,1),(7,7,64,'Sirasant','Hovijit',25,65.00,170.00,1,1),(8,8,65,'Suvijak','Jirakornkul',24,80.00,180.00,1,1),(9,9,25,'Suvijak','Jirakornkul',24,80.00,180.00,1,1),(10,10,81,'Charintra','Kaewpipop',30,51.00,157.00,1,1),(11,11,80,'Gus','Thanat',26,68.00,171.00,1,1),(12,12,70,'Krittapat','Chuenchavalit',26,63.00,168.00,2,1),(13,13,86,'Thanat','Navamarat',25,75.00,185.00,2,1),(14,14,70,'Krittapat','Chuenchavalit',26,63.00,168.00,1,1),(15,15,44,'Pokin','Utaisup',26,70.00,170.00,1,1),(16,16,95,'Tatporn','Porntresat',25,52.00,167.00,1,1),(17,17,25,'Suvijak','Jirakornkul',24,80.00,180.00,1,1),(18,18,25,'Suvijak','Jirakornkul',24,80.00,180.00,1,1),(19,19,25,'Suvijak','Jirakornkul',24,80.00,180.00,1,1),(20,20,25,'Suvijak','Jirakornkul',24,80.00,180.00,1,1),(21,21,25,'Suvijak','Jirakornkul',24,80.00,180.00,1,1),(22,22,25,'Suvijak','Jirakornkul',24,80.00,180.00,1,1),(23,23,25,'Suvijak','Jirakornkul',24,80.00,180.00,1,1),(24,24,103,'Kritsana','Kositakat',26,70.00,165.00,1,1),(25,25,25,'Suvijak','Jirakornkul',24,80.00,180.00,1,1),(26,26,25,'Suvijak','Jirakornkul',24,80.00,180.00,1,1),(27,27,44,'Pokin','Utaisup',26,70.00,170.00,1,1),(28,28,11,'Kim','Kim',26,78.00,168.00,1,1),(29,29,11,'Kim','Kim',26,78.00,168.00,1,1),(30,30,127,'Donmanat','Santiyanon',28,70.00,170.00,2,1),(31,31,25,'Suvijak','Jirakornkul',24,80.00,180.00,1,1),(32,32,146,'Thanawan','Thongma',38,63.00,165.00,1,1),(33,33,70,'Krittapat','Chuenchavalit',26,63.00,168.00,1,1),(34,34,147,'Sasiwimol','Utaisup',30,55.00,165.00,1,1),(35,35,158,'Suvicha','Promkingkaew',26,49.00,157.00,1,1),(36,36,173,'Ranes','Ronnaritivichai',35,86.00,181.00,1,1),(37,37,179,'Narumon','Sanoi',46,72.20,156.00,1,1),(38,38,11,'Kim','Kim',26,60.00,168.00,1,1),(39,39,195,'Ni','Nam',33,85.00,160.00,1,1),(40,40,195,'Ni','Nam',33,85.00,160.00,1,1),(41,41,228,'Woranooch','Chuenrudeemol',45,45.00,160.00,1,1);

--
-- Table structure for table `lesson_session`
--

CREATE TABLE `lesson_session` (
  `id` int(11) NOT NULL AUTO_INCREMENT,
  `lesson_id` int(11) NOT NULL,
  `slot_date` date NOT NULL,
  `slot_id` int(11) NOT NULL,
  `complete_date` date DEFAULT NULL,
  `weight` float(8,2) DEFAULT NULL,
  `height` float(8,2) DEFAULT NULL,
  `status` int(11) DEFAULT '1',
  `remark` text COLLATE utf8_unicode_ci,
  `arm_l` float(8,2) DEFAULT NULL,
  `arm_r` float(8,2) DEFAULT NULL,
  `chest` float(8,2) DEFAULT NULL,
  `waist` float(8,2) DEFAULT NULL,
  `thigh_l` float(8,2) DEFAULT NULL,
  `thigh_r` float(8,2) DEFAULT NULL,
  `hip` float(8,2) DEFAULT NULL,
  `body_fat` float(8,2) DEFAULT NULL,
  `bmi` float(8,2) DEFAULT NULL,
  `bmr` float(8,2) DEFAULT NULL,
  `muscle_mass` float(8,2) DEFAULT NULL,
  `metabolism_rate` float(8,2) DEFAULT NULL,
  `body_age` float(8,2) DEFAULT NULL,
  `visceral_fat` float(8,2) DEFAULT NULL,
  `water` float(8,2) DEFAULT NULL,
  `bone_mass` float(8,2) DEFAULT NULL,
  `weight_figure` float(8,2) DEFAULT NULL,
  `mail_send` int(11) DEFAULT '0',
  `is_comment` int(11) DEFAULT '0',
  `is_trainer_view` int(11) DEFAULT '0',
  `is_user_view` int(11) DEFAULT '0',
  PRIMARY KEY (`id`)
) ENGINE=InnoDB AUTO_INCREMENT=44 DEFAULT CHARSET=utf8 COLLATE=utf8_unicode_ci;

--
-- Dumping data for table `lesson_session`
--

INSERT INTO `lesson_session` VALUES (1,1,'2017-11-15',71,NULL,80.00,180.00,2,NULL,NULL,NULL,NULL,NULL,NULL,NULL,NULL,NULL,NULL,NULL,NULL,NULL,NULL,NULL,NULL,NULL,NULL,0,1,0,0),(2,2,'2017-11-16',71,NULL,80.00,180.00,2,NULL,NULL,NULL,NULL,NULL,NULL,NULL,NULL,NULL,NULL,NULL,NULL,NULL,NULL,NULL,NULL,NULL,NULL,0,1,0,0),(3,3,'2017-11-16',81,NULL,80.00,180.00,2,NULL,NULL,NULL,NULL,NULL,NULL,NULL,NULL,NULL,NULL,NULL,NULL,NULL,NULL,NULL,NULL,NULL,NULL,0,0,0,0),(4,4,'2017-11-17',102,'2017-11-17',80.00,180.00,3,NULL,0.00,0.00,0.00,0.00,0.00,0.00,0.00,0.00,0.00,0.00,0.00,0.00,0.00,0.00,0.00,0.00,NULL,1,1,0,0),(5,5,'2017-11-18',71,NULL,80.00,180.00,2,NULL,NULL,NULL,NULL,NULL,NULL,NULL,NULL,NULL,NULL,NULL,NULL,NULL,NULL,NULL,NULL,NULL,NULL,0,1,0,0),(6,6,'2017-11-27',201,'2017-11-29',84.00,174.00,3,'Weight training with mid-high intensity cardio exercises. Control the calorie intake.',0.00,0.00,0.00,0.00,0.00,0.00,0.00,0.00,0.00,0.00,0.00,0.00,0.00,0.00,0.00,0.00,NULL,1,1,0,0),(7,7,'2017-11-29',181,'2017-12-04',65.00,170.00,3,'ควรออกกำลังกาย อย่างน้อย 2 วัน ต่อสัปดาห์เพื่อเพิ่มประสิทธิภาพของระบบไหลเวียนเล่อดและกล้ามเนื้อหัวใจ',0.00,0.00,0.00,0.00,0.00,0.00,0.00,0.00,0.00,0.00,0.00,0.00,0.00,0.00,0.00,0.00,NULL,1,1,0,0),(8,8,'2017-12-01',82,NULL,80.00,180.00,2,NULL,NULL,NULL,NULL,NULL,NULL,NULL,NULL,NULL,NULL,NULL,NULL,NULL,NULL,NULL,NULL,NULL,NULL,0,0,0,0),(9,9,'2017-12-15',71,NULL,80.00,180.00,2,NULL,NULL,NULL,NULL,NULL,NULL,NULL,NULL,NULL,NULL,NULL,NULL,NULL,NULL,NULL,NULL,NULL,NULL,0,1,0,0),(10,10,'2017-12-23',231,NULL,51.00,157.00,2,NULL,NULL,NULL,NULL,NULL,NULL,NULL,NULL,NULL,NULL,NULL,NULL,NULL,NULL,NULL,NULL,NULL,NULL,0,0,0,0),(11,11,'2017-12-24',142,'2017-12-24',68.00,171.00,3,'ทักษะเกี่ยวกับมวยไทย ค่อนข้างดี',0.00,0.00,0.00,0.00,0.00,0.00,0.00,0.00,0.00,0.00,0.00,0.00,0.00,0.00,0.00,0.00,NULL,1,1,0,1),(12,12,'2017-12-31',72,NULL,63.00,168.00,2,NULL,NULL,NULL,NULL,NULL,NULL,NULL,NULL,NULL,NULL,NULL,NULL,NULL,NULL,NULL,NULL,NULL,NULL,0,1,0,0),(13,13,'2018-01-11',151,NULL,75.00,185.00,2,NULL,NULL,NULL,NULL,NULL,NULL,NULL,NULL,NULL,NULL,NULL,NULL,NULL,NULL,NULL,NULL,NULL,NULL,0,0,0,0),(14,14,'2018-01-19',91,'2018-01-21',63.00,168.00,3,'The customers should practice regularly to decrease stiffness of the body especially shoulders, legs and hips. Also, should include more arms and core practice to improve overall strength and stamina.',0.00,0.00,0.00,0.00,0.00,0.00,0.00,0.00,0.00,0.00,0.00,0.00,0.00,0.00,0.00,0.00,NULL,1,1,0,0),(15,15,'2018-01-19',71,'2018-01-22',70.00,170.00,3,'Don\'t forget to reduce some fats on the diet',0.00,0.00,0.00,0.00,0.00,0.00,0.00,0.00,0.00,0.00,0.00,0.00,0.00,0.00,0.00,0.00,NULL,1,1,0,1),(16,15,'2018-01-19',102,NULL,70.00,170.00,2,NULL,NULL,NULL,NULL,NULL,NULL,NULL,NULL,NULL,NULL,NULL,NULL,NULL,NULL,NULL,NULL,NULL,NULL,0,1,0,0),(17,16,'2018-01-20',141,NULL,52.00,167.00,2,NULL,NULL,NULL,NULL,NULL,NULL,NULL,NULL,NULL,NULL,NULL,NULL,NULL,NULL,NULL,NULL,NULL,NULL,0,0,0,0),(18,17,'2018-01-22',71,NULL,80.00,180.00,2,NULL,NULL,NULL,NULL,NULL,NULL,NULL,NULL,NULL,NULL,NULL,NULL,NULL,NULL,NULL,NULL,NULL,NULL,0,1,0,0),(19,18,'2018-01-22',81,NULL,80.00,180.00,2,NULL,NULL,NULL,NULL,NULL,NULL,NULL,NULL,NULL,NULL,NULL,NULL,NULL,NULL,NULL,NULL,NULL,NULL,0,1,0,0),(20,19,'2018-01-24',71,NULL,80.00,180.00,2,NULL,NULL,NULL,NULL,NULL,NULL,NULL,NULL,NULL,NULL,NULL,NULL,NULL,NULL,NULL,NULL,NULL,NULL,0,1,0,0),(21,19,'2018-01-23',71,NULL,80.00,180.00,2,NULL,NULL,NULL,NULL,NULL,NULL,NULL,NULL,NULL,NULL,NULL,NULL,NULL,NULL,NULL,NULL,NULL,NULL,0,1,0,0),(22,20,'2018-01-25',71,NULL,80.00,180.00,2,NULL,NULL,NULL,NULL,NULL,NULL,NULL,NULL,NULL,NULL,NULL,NULL,NULL,NULL,NULL,NULL,NULL,NULL,0,1,0,0),(23,21,'2018-01-23',81,NULL,80.00,180.00,2,NULL,NULL,NULL,NULL,NULL,NULL,NULL,NULL,NULL,NULL,NULL,NULL,NULL,NULL,NULL,NULL,NULL,NULL,0,1,0,0),(24,22,'2018-01-22',91,NULL,80.00,180.00,2,NULL,NULL,NULL,NULL,NULL,NULL,NULL,NULL,NULL,NULL,NULL,NULL,NULL,NULL,NULL,NULL,NULL,NULL,0,1,0,0),(25,23,'2018-01-23',91,NULL,80.00,180.00,2,NULL,NULL,NULL,NULL,NULL,NULL,NULL,NULL,NULL,NULL,NULL,NULL,NULL,NULL,NULL,NULL,NULL,NULL,0,1,0,0),(27,25,'2018-02-02',71,NULL,80.00,180.00,2,NULL,NULL,NULL,NULL,NULL,NULL,NULL,NULL,NULL,NULL,NULL,NULL,NULL,NULL,NULL,NULL,NULL,NULL,0,1,0,0),(28,26,'2018-02-02',81,NULL,80.00,180.00,2,NULL,NULL,NULL,NULL,NULL,NULL,NULL,NULL,NULL,NULL,NULL,NULL,NULL,NULL,NULL,NULL,NULL,NULL,0,1,0,0),(29,27,'2018-02-03',172,'2018-02-08',70.00,170.00,3,'Great workout',0.00,0.00,0.00,0.00,0.00,0.00,0.00,0.00,0.00,0.00,0.00,0.00,0.00,0.00,0.00,0.00,NULL,1,1,0,0),(30,28,'2018-02-04',181,NULL,78.00,168.00,2,NULL,NULL,NULL,NULL,NULL,NULL,NULL,NULL,NULL,NULL,NULL,NULL,NULL,NULL,NULL,NULL,NULL,NULL,0,1,0,0),(31,29,'2018-02-04',181,NULL,78.00,168.00,2,NULL,NULL,NULL,NULL,NULL,NULL,NULL,NULL,NULL,NULL,NULL,NULL,NULL,NULL,NULL,NULL,NULL,NULL,0,1,0,0),(32,30,'2018-02-07',192,'2018-02-11',70.00,170.00,3,'ลูกค้าต้องการเสริมสร้างความแข็งแรงของร่างกาย มีพื้นฐานการออกกำลังกายมาบ้างแล้ว',0.00,0.00,0.00,0.00,0.00,0.00,0.00,0.00,0.00,0.00,0.00,0.00,0.00,0.00,0.00,0.00,NULL,1,1,0,1),(33,31,'2018-02-15',121,NULL,80.00,180.00,2,NULL,NULL,NULL,NULL,NULL,NULL,NULL,NULL,NULL,NULL,NULL,NULL,NULL,NULL,NULL,NULL,NULL,NULL,0,1,0,0),(34,32,'2018-02-28',191,'2018-03-09',63.00,165.00,3,'• session แรก เริ่มจากวัดค่าต่างๆของร่างกาย คำนวณสารอาหาร และอธิบายเรื่องการอาหาร\r\n• ฝึก stability & mobility\r\n• อธิบายพื้นฐานเรื่อง stretching ประเภทต่างๆที่จำเป็นต้องใช้\r\n• เริ่มเบสิคการโฟกัสกล้ามเนื้อ การโฟกัสการหายใจ การแพ็คสะบัก การ activate coremuscle\r\n• ให้ลองฝึกกล้ามเนื้อหน้าอก หลัง ขา ท้อง เพื่อให้ได้ฝึกการโฟกัสการหายใจ การจับจังหวะ\r\n• ฝึกการ cardio เพื่อให้รู้ถึง heart rate ที่ต้องฝึก โดย talk test',0.00,0.00,0.00,0.00,0.00,0.00,0.00,34.80,0.00,0.00,25.50,0.00,45.00,5.00,0.00,0.00,NULL,1,0,0,0),(35,33,'2018-03-03',81,NULL,63.00,168.00,2,NULL,NULL,NULL,NULL,NULL,NULL,NULL,NULL,NULL,NULL,NULL,NULL,NULL,NULL,NULL,NULL,NULL,NULL,0,0,0,0),(36,34,'2018-03-04',91,'2018-03-14',55.00,165.00,3,'- แนะนำในการทานโปรตีนรวม\r\n- แนะนำวิธีการ cardio  โดยการเพิ่มจำนวนวันที่วิ่ง เนื่องจากมีแพลน ในการลงรายการวิ่งระยะ 5-10 กิโลเมตร\r\n- ฝึกท่าพื้นฐานอย่างถูกต้อง เช่น ท่า สควอช / plank / การเคลื่อนไหวกล้ามเนื้อที่ถูกต้อง',0.00,0.00,0.00,0.00,0.00,0.00,0.00,0.00,0.00,0.00,0.00,0.00,0.00,0.00,0.00,0.00,NULL,1,1,0,0),(37,35,'2018-03-13',191,'2018-03-19',49.00,157.00,3,'Awesome skills you have lead to easily training for this session',0.00,0.00,0.00,0.00,0.00,0.00,0.00,0.00,0.00,0.00,0.00,0.00,0.00,0.00,0.00,0.00,NULL,1,0,0,0),(38,36,'2018-03-18',102,'2018-03-18',86.00,181.00,3,'ลูกค้ามี ปัญหา ที่ข้อเท้า. Pronation (ข้างซ้ายมากกว่า). ได้แนะนำให้ไปพบผู้เชี่ยวชาญและหารองเท้า ที่ป้องกันการ  Pronation.',0.00,0.00,0.00,0.00,0.00,0.00,0.00,23.50,27.00,0.00,37.80,1834.00,0.00,0.00,49.60,0.00,NULL,1,1,0,1),(39,37,'2018-03-22',141,'2018-04-02',72.20,156.00,3,'• session แรก เริ่มจากวัดค่าต่างๆของร่างกาย คำนวณสารอาหาร และอธิบายเรื่องการอาหาร • ฝึก stability & mobility • อธิบายพื้นฐานเรื่อง stretching ประเภทต่างๆที่จำเป็นต้องใช้ • เริ่มเบสิคการโฟกัสกล้ามเนื้อ การโฟกัสการหายใจ การแพ็คสะบัก การ activate coremuscle • ให้ลองฝึกกล้ามเนื้อหน้าอก หลัง ขา ท้อง เพื่อให้ได้ฝึกการโฟกัสการหายใจ การจับจังหวะ • ฝึกการ cardio เพื่อให้รู้ถึง heart rate ที่ต้องฝึก โดย talk test',0.00,0.00,0.00,0.00,0.00,0.00,0.00,0.00,29.30,0.00,0.00,1578.00,0.00,7.00,0.00,0.00,NULL,1,0,0,0),(40,38,'2018-04-27',191,'2018-05-10',60.00,168.00,3,NULL,0.00,0.00,0.00,0.00,0.00,0.00,0.00,0.00,0.00,0.00,0.00,0.00,0.00,0.00,0.00,0.00,NULL,1,1,0,0),(41,39,'2018-05-05',172,'2018-05-07',85.00,160.00,3,'-ให้เพิ่มปริมาณโปรตีน และปรับการทานคาร์โบรไฮเดรต\r\n-ให้เพิ่มการคาร์ดิโอด้วยตัวเอง 4 วันต่อสัปดาห์ 40-45 นาที ต่อครั้ง',0.00,0.00,0.00,0.00,0.00,0.00,0.00,0.00,0.00,0.00,0.00,0.00,0.00,0.00,0.00,0.00,NULL,1,1,0,1),(42,40,'2018-05-12',102,'2018-05-15',85.00,160.00,3,'-ให้เพิ่มการเดิน 45-50 นาที 3วันต่อสัปดาห์ก่อนเทรนครั้งต่อไป',0.00,0.00,0.00,0.00,0.00,0.00,0.00,0.00,0.00,0.00,0.00,0.00,0.00,0.00,0.00,0.00,NULL,1,1,0,0),(43,41,'2019-01-13',101,NULL,45.00,160.00,2,NULL,NULL,NULL,NULL,NULL,NULL,NULL,NULL,NULL,NULL,NULL,NULL,NULL,NULL,NULL,NULL,NULL,NULL,0,0,0,0);

--
-- Table structure for table `m_coupon`
--

CREATE TABLE `m_coupon` (
  `id` int(11) NOT NULL AUTO_INCREMENT,
  `code` varchar(20) COLLATE utf8_unicode_ci DEFAULT NULL,
  `discount_type` int(11) DEFAULT NULL,
  `discount` int(11) DEFAULT NULL,
  `usage` int(11) DEFAULT '0',
  `max` int(11) DEFAULT '1',
  `start_date` date DEFAULT NULL,
  `end_date` date DEFAULT NULL,
  `repeat` int(11) DEFAULT '0',
  `created_at` datetime DEFAULT NULL,
  `updated_at` datetime DEFAULT NULL,
  `status` int(11) DEFAULT '1',
  PRIMARY KEY (`id`),
  UNIQUE KEY `id_UNIQUE` (`id`),
  UNIQUE KEY `code_UNIQUE` (`code`)
) ENGINE=InnoDB AUTO_INCREMENT=1331 DEFAULT CHARSET=utf8 COLLATE=utf8_unicode_ci;

--
-- Dumping data for table `m_coupon`
--

INSERT INTO `m_coupon` VALUES (1,'M6QRFY33',1,10,0,1,NULL,NULL,0,NULL,NULL,2),(2,'M67PI4GO',1,10,0,1,NULL,NULL,0,NULL,NULL,2),(3,'M6UDZT5A',1,10,0,1,NULL,NULL,0,NULL,NULL,2),(4,'M6V7QLRZ',1,10,0,1,NULL,NULL,0,NULL,NULL,2),(5,'M6UP15LC',1,10,0,1,NULL,NULL,0,NULL,NULL,2),(6,'M6TTTXYV',1,10,0,1,NULL,NULL,0,NULL,NULL,2),(7,'M63HVG3R',1,10,0,1,NULL,NULL,0,NULL,NULL,2),(8,'M62WJPD3',1,10,0,1,NULL,NULL,0,NULL,NULL,2),(9,'M6VFPDOO',1,10,0,1,NULL,NULL,0,NULL,NULL,2),(10,'M6JHUFYV',1,10,0,1,NULL,NULL,0,NULL,NULL,2),(11,'M6QMV7BB',1,10,0,1,NULL,NULL,0,NULL,NULL,2),(12,'M6E0JTKX',1,10,0,1,NULL,NULL,0,NULL,NULL,2),(13,'M6SSJGH6',1,10,0,1,NULL,NULL,0,NULL,NULL,2),(14,'M6C42ZFE',1,10,0,1,NULL,NULL,0,NULL,NULL,2),(15,'M63L1GTB',1,10,0,1,NULL,NULL,0,NULL,NULL,2),(16,'M6J8GCAQ',1,10,0,1,NULL,NULL,0,NULL,NULL,2),(17,'M6VA5KJ4',1,10,0,1,NULL,NULL,0,NULL,NULL,2),(18,'M6LGBZZ1',1,10,0,1,NULL,NULL,0,NULL,NULL,2),(19,'M6TVPXXK',1,10,0,1,NULL,NULL,0,NULL,NULL,2),(20,'M6JGLRSO',1,10,0,1,NULL,NULL,0,NULL,NULL,2),(21,'M6YTS2P0',1,10,0,1,NULL,NULL,0,NULL,NULL,2),(22,'M6KFWVUR',1,10,0,1,NULL,NULL,0,NULL,NULL,2),(23,'M62Y9KFG',1,10,0,1,NULL,NULL,0,NULL,NULL,2),(24,'M6O1HBYF',1,10,0,1,NULL,NULL,0,NULL,NULL,2),(25,'M6XSYNHF',1,10,0,1,NULL,NULL,0,NULL,NULL,2),(26,'M6LJSTYE',1,10,0,1,NULL,NULL,0,NULL,NULL,2),(27,'M6GQEKDA',1,10,0,1,NULL,NULL,0,NULL,NULL,2),(28,'M6ZWEBO1',1,10,0,1,NULL,NULL,0,NULL,NULL,2),(29,'M6HN6QZG',1,10,0,1,NULL,NULL,0,NULL,NULL,2),(30,'M6O7DIPT',1,10,0,1,NULL,NULL,0,NULL,NULL,2),(31,'M6LAZNEJ',1,10,0,1,NULL,NULL,0,NULL,NULL,2),(32,'M6AVXWEQ',1,10,0,1,NULL,NULL,0,NULL,NULL,2),(33,'M6KY2YHI',1,10,0,1,NULL,NULL,0,NULL,NULL,2),(34,'M62OZY4Z',1,10,0,1,NULL,NULL,0,NULL,NULL,2),(35,'M6BJWD9E',1,10,0,1,NULL,NULL,0,NULL,NULL,2),(36,'M6LTVLF3',1,10,0,1,NULL,NULL,0,NULL,NULL,2),(37,'M6V02IEN',1,10,0,1,NULL,NULL,0,NULL,NULL,2),(38,'M6MVRG93',1,10,0,1,NULL,NULL,0,NULL,NULL,2),(39,'M6RZLLCT',1,10,0,1,NULL,NULL,0,NULL,NULL,2),(40,'M6KUQFOJ',1,10,0,1,NULL,NULL,0,NULL,NULL,2),(41,'M6KDVHAR',1,10,0,1,NULL,NULL,0,NULL,NULL,2),(42,'M6FHJZNA',1,10,0,1,NULL,NULL,0,NULL,NULL,2),(43,'M6C8VJVR',1,10,0,1,NULL,NULL,0,NULL,NULL,2),(44,'M6NFLJHO',1,10,0,1,NULL,NULL,0,NULL,NULL,2),(45,'M6YHBOYM',1,10,0,1,NULL,NULL,0,NULL,NULL,2),(46,'M6155UIQ',1,10,0,1,NULL,NULL,0,NULL,NULL,2),(47,'M6Q0OCQS',1,10,0,1,NULL,NULL,0,NULL,NULL,2),(48,'M6GY0K3C',1,10,0,1,NULL,NULL,0,NULL,NULL,2),(49,'M6S4TSMX',1,10,0,1,NULL,NULL,0,NULL,NULL,2),(50,'M6RDVH05',1,10,0,1,NULL,NULL,0,NULL,NULL,2),(51,'M633EKLO',1,10,0,1,NULL,NULL,0,NULL,NULL,2),(52,'M6KWUMGZ',1,10,0,1,NULL,NULL,0,NULL,NULL,2),(53,'M6RYHRHA',1,10,0,1,NULL,NULL,0,NULL,NULL,2),(54,'M65GA23Z',1,10,0,1,NULL,NULL,0,NULL,NULL,2),(55,'M6LPKWSN',1,10,0,1,NULL,NULL,0,NULL,NULL,2),(56,'M6UZNJHR',1,10,0,1,NULL,NULL,0,NULL,NULL,2),(57,'M6IQU2B3',1,10,0,1,NULL,NULL,0,NULL,NULL,2),(58,'M6VMLHYM',1,10,0,1,NULL,NULL,0,NULL,NULL,2),(59,'M6CNWICO',1,10,0,1,NULL,NULL,0,NULL,NULL,2),(60,'M6ZL8NDZ',1,10,0,1,NULL,NULL,0,NULL,NULL,2),(61,'M6ADL9HA',1,10,0,1,NULL,NULL,0,NULL,NULL,2),(62,'M6YCXFI7',1,10,0,1,NULL,NULL,0,NULL,NULL,2),(63,'M6PMIWTG',1,10,0,1,NULL,NULL,0,NULL,NULL,2),(64,'M6HZVZRH',1,10,0,1,NULL,NULL,0,NULL,NULL,2),(65,'M6DYTU1Q',1,10,0,1,NULL,NULL,0,NULL,NULL,2),(66,'M64S8RIH',1,10,0,1,NULL,NULL,0,NULL,NULL,2),(67,'M6FUXYSU',1,10,0,1,NULL,NULL,0,NULL,NULL,2),(68,'M6Z1PXBL',1,10,0,1,NULL,NULL,0,NULL,NULL,2),(69,'M6GX6B8I',1,10,0,1,NULL,NULL,0,NULL,NULL,2),(70,'M6S2QDKD',1,10,0,1,NULL,NULL,0,NULL,NULL,2),(71,'M6HLGBUP',1,10,0,1,NULL,NULL,0,NULL,NULL,2),(72,'M6MKGVIA',1,10,0,1,NULL,NULL,0,NULL,NULL,2),(73,'M6AURXKD',1,10,0,1,NULL,NULL,0,NULL,NULL,2),(74,'M6FTVSM2',1,10,0,1,NULL,NULL,0,NULL,NULL,2),(75,'M6EN6DYV',1,10,0,1,NULL,NULL,0,NULL,NULL,2),(76,'M6HWHOFY',1,10,0,1,NULL,NULL,0,NULL,NULL,2),(77,'M6K6AJPG',1,10,0,1,NULL,NULL,0,NULL,NULL,2),(78,'M6FJUJPV',1,10,0,1,NULL,NULL,0,NULL,NULL,2),(79,'M6MCBPNM',1,10,0,1,NULL,NULL,0,NULL,NULL,2),(80,'M6MJMMGO',1,10,0,1,NULL,NULL,0,NULL,NULL,2),(81,'M6VMJFOV',1,10,0,1,NULL,NULL,0,NULL,NULL,2),(82,'M6HESY2N',1,10,0,1,NULL,NULL,0,NULL,NULL,2),(83,'M6EUO7HZ',1,10,0,1,NULL,NULL,0,NULL,NULL,2),(84,'M6YYVUQX',1,10,0,1,NULL,NULL,0,NULL,NULL,2),(85,'M6DHWHPV',1,10,0,1,NULL,NULL,0,NULL,NULL,2),(86,'M6BRSJPF',1,10,0,1,NULL,NULL,0,NULL,NULL,2),(87,'M6WZQYPS',1,10,0,1,NULL,NULL,0,NULL,NULL,2),(88,'M6XH1CEW',1,10,0,1,NULL,NULL,0,NULL,NULL,2),(89,'M6Y9TUBS',1,10,0,1,NULL,NULL,0,NULL,NULL,2),(90,'M65M6LX3',1,10,0,1,NULL,NULL,0,NULL,NULL,2),(91,'M63QTSVL',1,10,0,1,NULL,NULL,0,NULL,NULL,2),(92,'M6DAGFF9',1,10,0,1,NULL,NULL,0,NULL,NULL,2),(93,'M6OVIN53',1,10,0,1,NULL,NULL,0,NULL,NULL,2),(94,'M6JOLBLI',1,10,0,1,NULL,NULL,0,NULL,NULL,2),(95,'M6N9UMPE',1,10,0,1,NULL,NULL,0,NULL,NULL,2),(96,'M6YIO4JX',1,10,0,1,NULL,NULL,0,NULL,NULL,2),(97,'M6NSCUKS',1,10,0,1,NULL,NULL,0,NULL,NULL,2),(98,'M6XSKY5O',1,10,0,1,NULL,NULL,0,NULL,NULL,2),(99,'M6IIDPQJ',1,10,0,1,NULL,NULL,0,NULL,NULL,2),(100,'M6QBPVGF',1,10,0,1,NULL,NULL,0,NULL,NULL,2),(101,'M6K8IK8H',1,10,0,1,NULL,NULL,0,NULL,NULL,2),(102,'M6DNB17N',1,10,0,1,NULL,NULL,0,NULL,NULL,2),(103,'M6W5BFZY',1,10,0,1,NULL,NULL,0,NULL,NULL,2),(104,'M6TCYUCJ',1,10,0,1,NULL,NULL,0,NULL,NULL,2),(105,'M6XBAU49',1,10,0,1,NULL,NULL,0,NULL,NULL,2),(106,'M6QQFIFU',1,10,0,1,NULL,NULL,0,NULL,NULL,2),(107,'M6X95IWL',1,10,0,1,NULL,NULL,0,NULL,NULL,2),(108,'M6K9K0LS',1,10,0,1,NULL,NULL,0,NULL,NULL,2),(109,'M6WMCHAT',1,10,0,1,NULL,NULL,0,NULL,NULL,2),(110,'M6XWFJXJ',1,10,0,1,NULL,NULL,0,NULL,NULL,2),(111,'M6CQ8JBP',1,10,0,1,NULL,NULL,0,NULL,NULL,2),(112,'M6HXU3KU',1,10,0,1,NULL,NULL,0,NULL,NULL,2),(113,'M64T5ZGX',1,10,0,1,NULL,NULL,0,NULL,NULL,2),(114,'M6BWAUCW',1,10,0,1,NULL,NULL,0,NULL,NULL,2),(115,'M6WQHDVB',1,10,0,1,NULL,NULL,0,NULL,NULL,2),(116,'M6YYOIW7',1,10,0,1,NULL,NULL,0,NULL,NULL,2),(117,'M6JDRINU',1,10,0,1,NULL,NULL,0,NULL,NULL,2),(118,'M61HQOP6',1,10,0,1,NULL,NULL,0,NULL,NULL,2),(119,'M6JHA189',1,10,0,1,NULL,NULL,0,NULL,NULL,2),(120,'M6PTY8J5',1,10,0,1,NULL,NULL,0,NULL,NULL,2),(121,'M6SK4OSU',1,10,0,1,NULL,NULL,0,NULL,NULL,2),(122,'M6JMQNPK',1,10,0,1,NULL,NULL,0,NULL,NULL,2),(123,'M6VTHAKD',1,10,0,1,NULL,NULL,0,NULL,NULL,2),(124,'M6S9KEVS',1,10,0,1,NULL,NULL,0,NULL,NULL,2),(125,'M6XKQY4A',1,10,0,1,NULL,NULL,0,NULL,NULL,2),(126,'M60ULHMX',1,10,0,1,NULL,NULL,0,NULL,NULL,2),(127,'M6KQNBBG',1,10,0,1,NULL,NULL,0,NULL,NULL,2),(128,'M6ADMHE3',1,10,0,1,NULL,NULL,0,NULL,NULL,2),(129,'M6N09UA9',1,10,0,1,NULL,NULL,0,NULL,NULL,2),(130,'M6DYNNQK',1,10,0,1,NULL,NULL,0,NULL,NULL,2),(131,'M6QE8FC7',1,10,0,1,NULL,NULL,0,NULL,NULL,2),(132,'M62NH7QG',1,10,0,1,NULL,NULL,0,NULL,NULL,2),(133,'M66AGDE4',1,10,0,1,NULL,NULL,0,NULL,NULL,2),(134,'M64H2NRL',1,10,0,1,NULL,NULL,0,NULL,NULL,2),(135,'M6YNOORS',1,10,0,1,NULL,NULL,0,NULL,NULL,2),(136,'M6OB40JL',1,10,0,1,NULL,NULL,0,NULL,NULL,2),(137,'M6SXONYK',1,10,0,1,NULL,NULL,0,NULL,NULL,2),(138,'M66TV33X',1,10,0,1,NULL,NULL,0,NULL,NULL,2),(139,'M6FQFQ4K',1,10,0,1,NULL,NULL,0,NULL,NULL,2),(140,'M6J3KP5H',1,10,0,1,NULL,NULL,0,NULL,NULL,2),(141,'M6E8SJZS',1,10,0,1,NULL,NULL,0,NULL,NULL,2),(142,'M6K5QB79',1,10,0,1,NULL,NULL,0,NULL,NULL,2),(143,'M6WNSKHC',1,10,0,1,NULL,NULL,0,NULL,NULL,2),(144,'M6IN0UFC',1,10,0,1,NULL,NULL,0,NULL,NULL,2),(145,'M64QMP62',1,10,0,1,NULL,NULL,0,NULL,NULL,2),(146,'M6O9UEEJ',1,10,0,1,NULL,NULL,0,NULL,NULL,2),(147,'M6KZW8OQ',1,10,0,1,NULL,NULL,0,NULL,NULL,2),(148,'M6WTLPXQ',1,10,0,1,NULL,NULL,0,NULL,NULL,2),(149,'M6HRVYMM',1,10,0,1,NULL,NULL,0,NULL,NULL,2),(150,'M6NL3D1C',1,10,0,1,NULL,NULL,0,NULL,NULL,2),(151,'M6CJRPX1',1,10,0,1,NULL,NULL,0,NULL,NULL,2),(152,'M674L5AA',1,10,0,1,NULL,NULL,0,NULL,NULL,2),(153,'M6BCMSQ7',1,10,0,1,NULL,NULL,0,NULL,NULL,2),(154,'M6JGT1FW',1,10,0,1,NULL,NULL,0,NULL,NULL,2),(155,'M62BYIKI',1,10,0,1,NULL,NULL,0,NULL,NULL,2),(156,'M6JPMDPV',1,10,0,1,NULL,NULL,0,NULL,NULL,2),(157,'M6HOH45U',1,10,0,1,NULL,NULL,0,NULL,NULL,2),(158,'M6QDFHJ9',1,10,0,1,NULL,NULL,0,NULL,NULL,2),(159,'M6YWDEQH',1,10,0,1,NULL,NULL,0,NULL,NULL,2),(160,'M6VLCM1A',1,10,0,1,NULL,NULL,0,NULL,NULL,2),(161,'M673BXVO',1,10,0,1,NULL,NULL,0,NULL,NULL,2),(162,'M6ZQIAGX',1,10,0,1,NULL,NULL,0,NULL,NULL,2),(163,'M691MQ2Y',1,10,0,1,NULL,NULL,0,NULL,NULL,2),(164,'M6M8ZQT1',1,10,0,1,NULL,NULL,0,NULL,NULL,2),(165,'M6Y94CDV',1,10,0,1,NULL,NULL,0,NULL,NULL,2),(166,'M6VIH99X',1,10,0,1,NULL,NULL,0,NULL,NULL,2),(167,'M6FCRHBP',1,10,0,1,NULL,NULL,0,NULL,NULL,2),(168,'M6YIZVRU',1,10,0,1,NULL,NULL,0,NULL,NULL,2),(169,'M6ZDMHR6',1,10,0,1,NULL,NULL,0,NULL,NULL,2),(170,'M6OYWALP',1,10,0,1,NULL,NULL,0,NULL,NULL,2),(171,'M68Z6M6G',1,10,0,1,NULL,NULL,0,NULL,NULL,2),(172,'M6AMRA9S',1,10,0,1,NULL,NULL,0,NULL,NULL,2),(173,'M6BN7ZCX',1,10,0,1,NULL,NULL,0,NULL,NULL,2),(174,'M6FT4APX',1,10,0,1,NULL,NULL,0,NULL,NULL,2),(175,'M6H27ZD8',1,10,0,1,NULL,NULL,0,NULL,NULL,2),(176,'M6SU4MPM',1,10,0,1,NULL,NULL,0,NULL,NULL,2),(177,'M6RLMFX1',1,10,0,1,NULL,NULL,0,NULL,NULL,2),(178,'M6M8WRD6',1,10,0,1,NULL,NULL,0,NULL,NULL,2),(179,'M6QUW2BB',1,10,0,1,NULL,NULL,0,NULL,NULL,2),(180,'M6EKI8RU',1,10,0,1,NULL,NULL,0,NULL,NULL,2),(181,'M6Y8AMHQ',1,10,0,1,NULL,NULL,0,NULL,NULL,2),(182,'M6PTLN4I',1,10,0,1,NULL,NULL,0,NULL,NULL,2),(183,'M6GALF1Z',1,10,0,1,NULL,NULL,0,NULL,NULL,2),(184,'M6G4B7JF',1,10,0,1,NULL,NULL,0,NULL,NULL,2),(185,'M6EO0YPM',1,10,0,1,NULL,NULL,0,NULL,NULL,2),(186,'M68VVKEO',1,10,0,1,NULL,NULL,0,NULL,NULL,2),(187,'M6PYWVB8',1,10,0,1,NULL,NULL,0,NULL,NULL,2),(188,'M6EIUSI0',1,10,0,1,NULL,NULL,0,NULL,NULL,2),(189,'M6AKM2EW',1,10,0,1,NULL,NULL,0,NULL,NULL,2),(190,'M62CYXUZ',1,10,0,1,NULL,NULL,0,NULL,NULL,2),(191,'M6RUMGSO',1,10,0,1,NULL,NULL,0,NULL,NULL,2),(192,'M6RYQWMM',1,10,0,1,NULL,NULL,0,NULL,NULL,2),(193,'M6XTVKO6',1,10,0,1,NULL,NULL,0,NULL,NULL,2),(194,'M6O9JT5Z',1,10,0,1,NULL,NULL,0,NULL,NULL,2),(195,'M6RT5SUL',1,10,0,1,NULL,NULL,0,NULL,NULL,2),(196,'M6HHDQJT',1,10,0,1,NULL,NULL,0,NULL,NULL,2),(197,'M68SJQ0I',1,10,0,1,NULL,NULL,0,NULL,NULL,2),(198,'M6VXRCDE',1,10,0,1,NULL,NULL,0,NULL,NULL,2),(199,'M6EHFGWZ',1,10,0,1,NULL,NULL,0,NULL,NULL,2),(200,'M6PNUSFZ',1,10,0,1,NULL,NULL,0,NULL,NULL,2),(201,'M63CQBGI',1,10,0,1,NULL,NULL,0,NULL,NULL,2),(202,'M6TPG43D',1,10,0,1,NULL,NULL,0,NULL,NULL,2),(203,'M6NTMHCK',1,10,0,1,NULL,NULL,0,NULL,NULL,2),(204,'M6H0272T',1,10,0,1,NULL,NULL,0,NULL,NULL,2),(205,'M6D2VWTJ',1,10,0,1,NULL,NULL,0,NULL,NULL,2),(206,'M60ZVAFO',1,10,0,1,NULL,NULL,0,NULL,NULL,2),(207,'M6RBNVOM',1,10,0,1,NULL,NULL,0,NULL,NULL,2),(208,'M6PQOPHC',1,10,0,1,NULL,NULL,0,NULL,NULL,2),(209,'M6DRKHGR',1,10,0,1,NULL,NULL,0,NULL,NULL,2),(210,'M6X8PMAT',1,10,0,1,NULL,NULL,0,NULL,NULL,2),(211,'M6YIW6VI',1,10,0,1,NULL,NULL,0,NULL,NULL,2),(212,'M6BSOFEH',1,10,0,1,NULL,NULL,0,NULL,NULL,2),(213,'M6RJK4D7',1,10,0,1,NULL,NULL,0,NULL,NULL,2),(214,'M6KNAAHI',1,10,0,1,NULL,NULL,0,NULL,NULL,2),(215,'M6G8PY3Y',1,10,0,1,NULL,NULL,0,NULL,NULL,2),(216,'M6KWZRLP',1,10,0,1,NULL,NULL,0,NULL,NULL,2),(217,'M6YOUTVE',1,10,0,1,NULL,NULL,0,NULL,NULL,2),(218,'M68N8DHK',1,10,0,1,NULL,NULL,0,NULL,NULL,2),(219,'M6XVKT82',1,10,0,1,NULL,NULL,0,NULL,NULL,2),(220,'M6NIE4NY',1,10,0,1,NULL,NULL,0,NULL,NULL,2),(221,'M61DFZAR',1,10,0,1,NULL,NULL,0,NULL,NULL,2),(222,'M6EUP1VQ',1,10,0,1,NULL,NULL,0,NULL,NULL,2),(223,'M62YOGEJ',1,10,0,1,NULL,NULL,0,NULL,NULL,2),(224,'M6NGXBVO',1,10,0,1,NULL,NULL,0,NULL,NULL,2),(225,'M6VE4X79',1,10,0,1,NULL,NULL,0,NULL,NULL,2),(226,'M6TF2BS5',1,10,0,1,NULL,NULL,0,NULL,NULL,2),(227,'M6LGXEKI',1,10,0,1,NULL,NULL,0,NULL,NULL,2),(228,'M6SFAVYS',1,10,0,1,NULL,NULL,0,NULL,NULL,2),(229,'M622BOFN',1,10,0,1,NULL,NULL,0,NULL,NULL,2),(230,'M6TIYMPM',1,10,0,1,NULL,NULL,0,NULL,NULL,2),(231,'M60VX2QQ',1,10,0,1,NULL,NULL,0,NULL,NULL,2),(232,'M6DNLCYY',1,10,0,1,NULL,NULL,0,NULL,NULL,2),(233,'M607175O',1,10,0,1,NULL,NULL,0,NULL,NULL,2),(234,'M6V7ZQ3K',1,10,0,1,NULL,NULL,0,NULL,NULL,2),(235,'M6JOCPOR',1,10,0,1,NULL,NULL,0,NULL,NULL,2),(236,'M6K9KFJQ',1,10,0,1,NULL,NULL,0,NULL,NULL,2),(237,'M6PC60MD',1,10,0,1,NULL,NULL,0,NULL,NULL,2),(238,'M6K5JIQC',1,10,0,1,NULL,NULL,0,NULL,NULL,2),(239,'M6PWUMLZ',1,10,0,1,NULL,NULL,0,NULL,NULL,2),(240,'M60ZVA9T',1,10,0,1,NULL,NULL,0,NULL,NULL,2),(241,'M61UVXWH',1,10,0,1,NULL,NULL,0,NULL,NULL,2),(242,'M6RNC6HX',1,10,0,1,NULL,NULL,0,NULL,NULL,2),(243,'M6SDGVCQ',1,10,0,1,NULL,NULL,0,NULL,NULL,2),(244,'M66AW4IX',1,10,0,1,NULL,NULL,0,NULL,NULL,2),(245,'M629W7DX',1,10,0,1,NULL,NULL,0,NULL,NULL,2),(246,'M6GTLQYG',1,10,0,1,NULL,NULL,0,NULL,NULL,2),(247,'M6KVZG4V',1,10,0,1,NULL,NULL,0,NULL,NULL,2),(248,'M6DQ95CZ',1,10,0,1,NULL,NULL,0,NULL,NULL,2),(249,'M6BBL43N',1,10,0,1,NULL,NULL,0,NULL,NULL,2),(250,'M6P6CDGQ',1,10,0,1,NULL,NULL,0,NULL,NULL,2),(251,'M6INXS2Q',1,10,0,1,NULL,NULL,0,NULL,NULL,2),(252,'M62VOWTB',1,10,0,1,NULL,NULL,0,NULL,NULL,2),(253,'M6IHGFGB',1,10,0,1,NULL,NULL,0,NULL,NULL,2),(254,'M61JR9YB',1,10,0,1,NULL,NULL,0,NULL,NULL,2),(255,'M6S0ORA4',1,10,0,1,NULL,NULL,0,NULL,NULL,2),(256,'M6MTDFQ8',1,10,0,1,NULL,NULL,0,NULL,NULL,2),(257,'M6WGUWL2',1,10,0,1,NULL,NULL,0,NULL,NULL,2),(258,'M6HRMK9T',1,10,0,1,NULL,NULL,0,NULL,NULL,2),(259,'M6QT7VKE',1,10,0,1,NULL,NULL,0,NULL,NULL,2),(260,'M6PGXIG2',1,10,0,1,NULL,NULL,0,NULL,NULL,2),(261,'M6HVTKHU',1,10,0,1,NULL,NULL,0,NULL,NULL,2),(262,'M6PHOZCF',1,10,0,1,NULL,NULL,0,NULL,NULL,2),(263,'M6XW0FAN',1,10,0,1,NULL,NULL,0,NULL,NULL,2),(264,'M6FMF3OP',1,10,0,1,NULL,NULL,0,NULL,NULL,2),(265,'M6ANLQBZ',1,10,0,1,NULL,NULL,0,NULL,NULL,2),(266,'M6QNYFGA',1,10,0,1,NULL,NULL,0,NULL,NULL,2),(267,'M6VYYZJS',1,10,0,1,NULL,NULL,0,NULL,NULL,2),(268,'M6LLYFVP',1,10,0,1,NULL,NULL,0,NULL,NULL,2),(269,'M67KYODG',1,10,0,1,NULL,NULL,0,NULL,NULL,2),(270,'M6I7LDX3',1,10,0,1,NULL,NULL,0,NULL,NULL,2),(271,'M6MAVAM2',1,10,0,1,NULL,NULL,0,NULL,NULL,2),(272,'M6V0JLG9',1,10,0,1,NULL,NULL,0,NULL,NULL,2),(273,'M6YMRSSB',1,10,0,1,NULL,NULL,0,NULL,NULL,2),(274,'M6UP8CEX',1,10,0,1,NULL,NULL,0,NULL,NULL,2),(275,'M6RY8JLT',1,10,0,1,NULL,NULL,0,NULL,NULL,2),(276,'M6Z7RN8L',1,10,0,1,NULL,NULL,0,NULL,NULL,2),(277,'M6PKADFI',1,10,0,1,NULL,NULL,0,NULL,NULL,2),(278,'M6CGYHY3',1,10,0,1,NULL,NULL,0,NULL,NULL,2),(279,'M63YQ3T3',1,10,0,1,NULL,NULL,0,NULL,NULL,2),(280,'M6SZMTGB',1,10,0,1,NULL,NULL,0,NULL,NULL,2),(281,'M6NRQ90D',1,10,0,1,NULL,NULL,0,NULL,NULL,2),(282,'M6RHZZNR',1,10,0,1,NULL,NULL,0,NULL,NULL,2),(283,'M6NW33W0',1,10,0,1,NULL,NULL,0,NULL,NULL,2),(284,'M6WR9OFD',1,10,0,1,NULL,NULL,0,NULL,NULL,2),(285,'M6IUKMIY',1,10,0,1,NULL,NULL,0,NULL,NULL,2),(286,'M6AQ4OHU',1,10,0,1,NULL,NULL,0,NULL,NULL,2),(287,'M6MCEUWR',1,10,0,1,NULL,NULL,0,NULL,NULL,2),(288,'M6WETM5F',1,10,0,1,NULL,NULL,0,NULL,NULL,2),(289,'M6GRKJ1Y',1,10,0,1,NULL,NULL,0,NULL,NULL,2),(290,'M6HECCEQ',1,10,0,1,NULL,NULL,0,NULL,NULL,2),(291,'M6U3DEVQ',1,10,0,1,NULL,NULL,0,NULL,NULL,2),(292,'M6OI077R',1,10,0,1,NULL,NULL,0,NULL,NULL,2),(293,'M669JB2J',1,10,0,1,NULL,NULL,0,NULL,NULL,2),(294,'M6HQPOAB',1,10,0,1,NULL,NULL,0,NULL,NULL,2),(295,'M6LDGBSU',1,10,0,1,NULL,NULL,0,NULL,NULL,2),(296,'M6J2NZPC',1,10,0,1,NULL,NULL,0,NULL,NULL,2),(297,'M6BHDZO9',1,10,0,1,NULL,NULL,0,NULL,NULL,2),(298,'M6F8RIG1',1,10,0,1,NULL,NULL,0,NULL,NULL,2),(299,'M61GOLZC',1,10,0,1,NULL,NULL,0,NULL,NULL,2),(300,'M6ZYW9GM',1,10,0,1,NULL,NULL,0,NULL,NULL,2),(301,'M6UZIT0W',1,10,0,1,NULL,NULL,0,NULL,NULL,2),(302,'M6V8ZP4H',1,10,0,1,NULL,NULL,0,NULL,NULL,2),(303,'M6UKV02U',1,10,0,1,NULL,NULL,0,NULL,NULL,2),(304,'M6SXWRMU',1,10,0,1,NULL,NULL,0,NULL,NULL,2),(305,'M6RVQPS9',1,10,0,1,NULL,NULL,0,NULL,NULL,2),(306,'M6HJEMGO',1,10,0,1,NULL,NULL,0,NULL,NULL,2),(307,'M65GKJZK',1,10,0,1,NULL,NULL,0,NULL,NULL,2),(308,'M6BWHJAR',1,10,0,1,NULL,NULL,0,NULL,NULL,2),(309,'M6AFF94V',1,10,0,1,NULL,NULL,0,NULL,NULL,2),(310,'M6MJKUHT',1,10,0,1,NULL,NULL,0,NULL,NULL,2),(311,'M68KG9JN',1,10,0,1,NULL,NULL,0,NULL,NULL,2),(312,'M63PUBYQ',1,10,0,1,NULL,NULL,0,NULL,NULL,2),(313,'M6ANKGFY',1,10,0,1,NULL,NULL,0,NULL,NULL,2),(314,'M6REVXFG',1,10,0,1,NULL,NULL,0,NULL,NULL,2),(315,'M6HRNC6B',1,10,0,1,NULL,NULL,0,NULL,NULL,2),(316,'M63FH8C9',1,10,0,1,NULL,NULL,0,NULL,NULL,2),(317,'M6KEKOM1',1,10,0,1,NULL,NULL,0,NULL,NULL,2),(318,'M65UNKA3',1,10,0,1,NULL,NULL,0,NULL,NULL,2),(319,'M68YZLAR',1,10,0,1,NULL,NULL,0,NULL,NULL,2),(320,'M6UQ56R1',1,10,0,1,NULL,NULL,0,NULL,NULL,2),(321,'M67P16R2',1,10,0,1,NULL,NULL,0,NULL,NULL,2),(322,'M6LMHWLJ',1,10,0,1,NULL,NULL,0,NULL,NULL,2),(323,'M6H6GFTV',1,10,0,1,NULL,NULL,0,NULL,NULL,2),(324,'M6H638GY',1,10,0,1,NULL,NULL,0,NULL,NULL,2),(325,'M6M0IEUD',1,10,0,1,NULL,NULL,0,NULL,NULL,2),(326,'M6SQQRNL',1,10,0,1,NULL,NULL,0,NULL,NULL,2),(327,'M6JSFIVY',1,10,0,1,NULL,NULL,0,NULL,NULL,2),(328,'M6TBGVLM',1,10,0,1,NULL,NULL,0,NULL,NULL,2),(329,'M65CRNRP',1,10,0,1,NULL,NULL,0,NULL,NULL,2),(330,'M6HZ0DKC',1,10,0,1,NULL,NULL,0,NULL,NULL,2),(331,'M6OKMTQY',1,10,0,1,NULL,NULL,0,NULL,NULL,2),(332,'M6XAIGYH',1,10,0,1,NULL,NULL,0,NULL,NULL,2),(333,'M6MX8X0T',1,10,0,1,NULL,NULL,0,NULL,NULL,2),(334,'M6JLR65Z',1,10,0,1,NULL,NULL,0,NULL,NULL,2),(335,'M6AUEF1O',1,10,0,1,NULL,NULL,0,NULL,NULL,2),(336,'M6DGUOOL',1,10,0,1,NULL,NULL,0,NULL,NULL,2),(337,'M6JIUAKS',1,10,0,1,NULL,NULL,0,NULL,NULL,2),(338,'M60OZWUY',1,10,0,1,NULL,NULL,0,NULL,NULL,2),(339,'M6O7LPWH',1,10,0,1,NULL,NULL,0,NULL,NULL,2),(340,'M63C7KHC',1,10,0,1,NULL,NULL,0,NULL,NULL,2),(341,'M6RWZID6',1,10,0,1,NULL,NULL,0,NULL,NULL,2),(342,'M6CZ227V',1,10,0,1,NULL,NULL,0,NULL,NULL,2),(343,'M6Q2R1UQ',1,10,0,1,NULL,NULL,0,NULL,NULL,2),(344,'M612W8HI',1,10,0,1,NULL,NULL,0,NULL,NULL,2),(345,'M6FTPA0Y',1,10,0,1,NULL,NULL,0,NULL,NULL,2),(346,'M62PDAM5',1,10,0,1,NULL,NULL,0,NULL,NULL,2),(347,'M6QBCJOV',1,10,0,1,NULL,NULL,0,NULL,NULL,2),(348,'M604BMKV',1,10,0,1,NULL,NULL,0,NULL,NULL,2),(349,'M6Z4FZKX',1,10,0,1,NULL,NULL,0,NULL,NULL,2),(350,'M6GQK0NT',1,10,0,1,NULL,NULL,0,NULL,NULL,2),(351,'M6PKMFY3',1,10,0,1,NULL,NULL,0,NULL,NULL,2),(352,'M6QCLTC7',1,10,0,1,NULL,NULL,0,NULL,NULL,2),(353,'M6N8LIW1',1,10,0,1,NULL,NULL,0,NULL,NULL,2),(354,'M6AHKYZ6',1,10,0,1,NULL,NULL,0,NULL,NULL,2),(355,'M61E4P9W',1,10,0,1,NULL,NULL,0,NULL,NULL,2),(356,'M6SQCWUQ',1,10,0,1,NULL,NULL,0,NULL,NULL,2),(357,'M6AEFNWB',1,10,0,1,NULL,NULL,0,NULL,NULL,2),(358,'M6GBKGZB',1,10,0,1,NULL,NULL,0,NULL,NULL,2),(359,'M6LGCBML',1,10,0,1,NULL,NULL,0,NULL,NULL,2),(360,'M6OXNRSA',1,10,0,1,NULL,NULL,0,NULL,NULL,2),(361,'M69HH9ZK',1,10,0,1,NULL,NULL,0,NULL,NULL,2),(362,'M6UINVDM',1,10,0,1,NULL,NULL,0,NULL,NULL,2),(363,'M6EHOA6P',1,10,0,1,NULL,NULL,0,NULL,NULL,2),(364,'M6YUKUXP',1,10,0,1,NULL,NULL,0,NULL,NULL,2),(365,'M6M1F8RX',1,10,0,1,NULL,NULL,0,NULL,NULL,2),(366,'M6PGESGY',1,10,0,1,NULL,NULL,0,NULL,NULL,2),(367,'M609AU3O',1,10,0,1,NULL,NULL,0,NULL,NULL,2),(368,'M6AQE51R',1,10,0,1,NULL,NULL,0,NULL,NULL,2),(369,'M6K6MTRL',1,10,0,1,NULL,NULL,0,NULL,NULL,2),(370,'M6LIR2XC',1,10,0,1,NULL,NULL,0,NULL,NULL,2),(371,'M6FJY0GS',1,10,0,1,NULL,NULL,0,NULL,NULL,2),(372,'M6CL6RYH',1,10,0,1,NULL,NULL,0,NULL,NULL,2),(373,'M6V1ZBPN',1,10,0,1,NULL,NULL,0,NULL,NULL,2),(374,'M6OMDIA5',1,10,0,1,NULL,NULL,0,NULL,NULL,2),(375,'M6OH2IJH',1,10,0,1,NULL,NULL,0,NULL,NULL,2),(376,'M6EFAWRG',1,10,0,1,NULL,NULL,0,NULL,NULL,2),(377,'M6KEOFNP',1,10,0,1,NULL,NULL,0,NULL,NULL,2),(378,'M66I8RJZ',1,10,0,1,NULL,NULL,0,NULL,NULL,2),(379,'M6MWDZB3',1,10,0,1,NULL,NULL,0,NULL,NULL,2),(380,'M6PJ0O78',1,10,0,1,NULL,NULL,0,NULL,NULL,2),(381,'M6XIJBWB',1,10,0,1,NULL,NULL,0,NULL,NULL,2),(382,'M6F4DPTT',1,10,0,1,NULL,NULL,0,NULL,NULL,2),(383,'M6IAY0GN',1,10,0,1,NULL,NULL,0,NULL,NULL,2),(384,'M6TA3IIJ',1,10,0,1,NULL,NULL,0,NULL,NULL,2),(385,'M6NCMMSD',1,10,0,1,NULL,NULL,0,NULL,NULL,2),(386,'M6XZUCAG',1,10,0,1,NULL,NULL,0,NULL,NULL,2),(387,'M6AOURRN',1,10,0,1,NULL,NULL,0,NULL,NULL,2),(388,'M68MLWRR',1,10,0,1,NULL,NULL,0,NULL,NULL,2),(389,'M64ESZG9',1,10,0,1,NULL,NULL,0,NULL,NULL,2),(390,'M6ENKUYZ',1,10,0,1,NULL,NULL,0,NULL,NULL,2),(391,'M6A5YWGU',1,10,0,1,NULL,NULL,0,NULL,NULL,2),(392,'M6J3HBLT',1,10,0,1,NULL,NULL,0,NULL,NULL,2),(393,'M6YUX298',1,10,0,1,NULL,NULL,0,NULL,NULL,2),(394,'M6E3GBHE',1,10,0,1,NULL,NULL,0,NULL,NULL,2),(395,'M6706D9D',1,10,0,1,NULL,NULL,0,NULL,NULL,2),(396,'M6H0KBLZ',1,10,0,1,NULL,NULL,0,NULL,NULL,2),(397,'M6BGMVOG',1,10,0,1,NULL,NULL,0,NULL,NULL,2),(398,'M6ZIX66F',1,10,0,1,NULL,NULL,0,NULL,NULL,2),(399,'M6GBJSG6',1,10,0,1,NULL,NULL,0,NULL,NULL,2),(400,'M6V5WNSL',1,10,0,1,NULL,NULL,0,NULL,NULL,2),(401,'M6MAEUZQ',1,10,0,1,NULL,NULL,0,NULL,NULL,2),(402,'M6WI7IGW',1,10,0,1,NULL,NULL,0,NULL,NULL,2),(403,'M6PCNMFZ',1,10,0,1,NULL,NULL,0,NULL,NULL,2),(404,'M6VMWZFF',1,10,0,1,NULL,NULL,0,NULL,NULL,2),(405,'M675JIT2',1,10,0,1,NULL,NULL,0,NULL,NULL,2),(406,'M6AY0M7Z',1,10,0,1,NULL,NULL,0,NULL,NULL,2),(407,'M6KBVEGU',1,10,0,1,NULL,NULL,0,NULL,NULL,2),(408,'M6Y8OXVW',1,10,0,1,NULL,NULL,0,NULL,NULL,2),(409,'M6RMREMM',1,10,0,1,NULL,NULL,0,NULL,NULL,2),(410,'M6E4ZWNE',1,10,0,1,NULL,NULL,0,NULL,NULL,2),(411,'M6FCVCDS',1,10,0,1,NULL,NULL,0,NULL,NULL,2),(412,'M68WP04N',1,10,0,1,NULL,NULL,0,NULL,NULL,2),(413,'M60NVDGH',1,10,0,1,NULL,NULL,0,NULL,NULL,2),(414,'M6J92CB3',1,10,0,1,NULL,NULL,0,NULL,NULL,2),(415,'M6RJPHIP',1,10,0,1,NULL,NULL,0,NULL,NULL,2),(416,'M6JS642E',1,10,0,1,NULL,NULL,0,NULL,NULL,2),(417,'M6QNKWTC',1,10,0,1,NULL,NULL,0,NULL,NULL,2),(418,'M6BUPNXZ',1,10,0,1,NULL,NULL,0,NULL,NULL,2),(419,'M63UX0L7',1,10,0,1,NULL,NULL,0,NULL,NULL,2),(420,'M6MYBUOX',1,10,0,1,NULL,NULL,0,NULL,NULL,2),(421,'M6BDGEEF',1,10,0,1,NULL,NULL,0,NULL,NULL,2),(422,'M6IQRGLJ',1,10,0,1,NULL,NULL,0,NULL,NULL,2),(423,'M6W9BM6Y',1,10,0,1,NULL,NULL,0,NULL,NULL,2),(424,'M6Q7DDS4',1,10,0,1,NULL,NULL,0,NULL,NULL,2),(425,'M6RE41KN',1,10,0,1,NULL,NULL,0,NULL,NULL,2),(426,'M6N0NCJ3',1,10,0,1,NULL,NULL,0,NULL,NULL,2),(427,'M6C129PX',1,10,0,1,NULL,NULL,0,NULL,NULL,2),(428,'M66TKAJB',1,10,0,1,NULL,NULL,0,NULL,NULL,2),(429,'M6AHN6GK',1,10,0,1,NULL,NULL,0,NULL,NULL,2),(430,'M6F3L0N9',1,10,0,1,NULL,NULL,0,NULL,NULL,2),(431,'M6D3QIQS',1,10,0,1,NULL,NULL,0,NULL,NULL,2),(432,'M66TZBER',1,10,0,1,NULL,NULL,0,NULL,NULL,2),(433,'M6GDIU4H',1,10,0,1,NULL,NULL,0,NULL,NULL,2),(434,'M6YGHY6H',1,10,0,1,NULL,NULL,0,NULL,NULL,2),(435,'M6WIIWEL',1,10,0,1,NULL,NULL,0,NULL,NULL,2),(436,'M6VWM8PW',1,10,0,1,NULL,NULL,0,NULL,NULL,2),(437,'M6I2PMFT',1,10,0,1,NULL,NULL,0,NULL,NULL,2),(438,'M6JVMWBP',1,10,0,1,NULL,NULL,0,NULL,NULL,2),(439,'M6LZJBDX',1,10,0,1,NULL,NULL,0,NULL,NULL,2),(440,'M6DNMKPL',1,10,0,1,NULL,NULL,0,NULL,NULL,2),(441,'M6WYWR4W',1,10,0,1,NULL,NULL,0,NULL,NULL,2),(442,'M63NRNMC',1,10,0,1,NULL,NULL,0,NULL,NULL,2),(443,'M6STYNTJ',1,10,0,1,NULL,NULL,0,NULL,NULL,2),(444,'M6SYYVMX',1,10,0,1,NULL,NULL,0,NULL,NULL,2),(445,'M6ZVTLYQ',1,10,0,1,NULL,NULL,0,NULL,NULL,2),(446,'M6VLKH1J',1,10,0,1,NULL,NULL,0,NULL,NULL,2),(447,'M6LSOATL',1,10,0,1,NULL,NULL,0,NULL,NULL,2),(448,'M6OXIJ6E',1,10,0,1,NULL,NULL,0,NULL,NULL,2),(449,'M6ZWREZK',1,10,0,1,NULL,NULL,0,NULL,NULL,2),(450,'M6YXT5E1',1,10,0,1,NULL,NULL,0,NULL,NULL,2),(451,'M6MF7FAH',1,10,0,1,NULL,NULL,0,NULL,NULL,2),(452,'M6LDWU1Z',1,10,0,1,NULL,NULL,0,NULL,NULL,2),(453,'M6NX4FFL',1,10,0,1,NULL,NULL,0,NULL,NULL,2),(454,'M6W9NEV9',1,10,0,1,NULL,NULL,0,NULL,NULL,2),(455,'M67FEQDV',1,10,0,1,NULL,NULL,0,NULL,NULL,2),(456,'M63UF9HU',1,10,0,1,NULL,NULL,0,NULL,NULL,2),(457,'M6TZ7RCU',1,10,0,1,NULL,NULL,0,NULL,NULL,2),(458,'M6MIZUNP',1,10,0,1,NULL,NULL,0,NULL,NULL,2),(459,'M6SSXJZB',1,10,0,1,NULL,NULL,0,NULL,NULL,2),(460,'M65PLXRX',1,10,0,1,NULL,NULL,0,NULL,NULL,2),(461,'M6HUSMAC',1,10,0,1,NULL,NULL,0,NULL,NULL,2),(462,'M6LFWMNP',1,10,0,1,NULL,NULL,0,NULL,NULL,2),(463,'M6NPA52T',1,10,0,1,NULL,NULL,0,NULL,NULL,2),(464,'M6CFYRA3',1,10,0,1,NULL,NULL,0,NULL,NULL,2),(465,'M6J0N8F1',1,10,0,1,NULL,NULL,0,NULL,NULL,2),(466,'M6FWZYSN',1,10,0,1,NULL,NULL,0,NULL,NULL,2),(467,'M6QLQQTQ',1,10,0,1,NULL,NULL,0,NULL,NULL,2),(468,'M6HULLCA',1,10,0,1,NULL,NULL,0,NULL,NULL,2),(469,'M6I9CFQM',1,10,0,1,NULL,NULL,0,NULL,NULL,2),(470,'M6MNMTGX',1,10,0,1,NULL,NULL,0,NULL,NULL,2),(471,'M6TQGWDI',1,10,0,1,NULL,NULL,0,NULL,NULL,2),(472,'M6KMGXAC',1,10,0,1,NULL,NULL,0,NULL,NULL,2),(473,'M6UIV9YE',1,10,0,1,NULL,NULL,0,NULL,NULL,2),(474,'M6AF8APS',1,10,0,1,NULL,NULL,0,NULL,NULL,2),(475,'M6KG3DQV',1,10,0,1,NULL,NULL,0,NULL,NULL,2),(476,'M6M6LKCJ',1,10,0,1,NULL,NULL,0,NULL,NULL,2),(477,'M6UPVMJC',1,10,0,1,NULL,NULL,0,NULL,NULL,2),(478,'M6AON4EZ',1,10,0,1,NULL,NULL,0,NULL,NULL,2),(479,'M6DARXVC',1,10,0,1,NULL,NULL,0,NULL,NULL,2),(480,'M6KZYYBS',1,10,0,1,NULL,NULL,0,NULL,NULL,2),(481,'M6MR30O3',1,10,0,1,NULL,NULL,0,NULL,NULL,2),(482,'M6HZULHV',1,10,0,1,NULL,NULL,0,NULL,NULL,2),(483,'M6Q6NRRC',1,10,0,1,NULL,NULL,0,NULL,NULL,2),(484,'M6ECOERP',1,10,0,1,NULL,NULL,0,NULL,NULL,2),(485,'M6UGMMJW',1,10,0,1,NULL,NULL,0,NULL,NULL,2),(486,'M6AHRWCJ',1,10,0,1,NULL,NULL,0,NULL,NULL,2),(487,'M6RL9EPL',1,10,0,1,NULL,NULL,0,NULL,NULL,2),(488,'M6T2UUNE',1,10,0,1,NULL,NULL,0,NULL,NULL,2),(489,'M6XCXXFT',1,10,0,1,NULL,NULL,0,NULL,NULL,2),(490,'M66PPINH',1,10,0,1,NULL,NULL,0,NULL,NULL,2),(491,'M6TIADCS',1,10,0,1,NULL,NULL,0,NULL,NULL,2),(492,'M6XJ4XFR',1,10,0,1,NULL,NULL,0,NULL,NULL,2),(493,'M6AGGUTH',1,10,0,1,NULL,NULL,0,NULL,NULL,2),(494,'M6DN4BHC',1,10,0,1,NULL,NULL,0,NULL,NULL,2),(495,'M6MSYYBZ',1,10,0,1,NULL,NULL,0,NULL,NULL,2),(496,'M64DBBRB',1,10,0,1,NULL,NULL,0,NULL,NULL,2),(497,'M66RWK82',1,10,0,1,NULL,NULL,0,NULL,NULL,2),(498,'M6KUPY6U',1,10,0,1,NULL,NULL,0,NULL,NULL,2),(499,'M6NFRQ8D',1,10,0,1,NULL,NULL,0,NULL,NULL,2),(500,'M6IROJGH',1,10,0,1,NULL,NULL,0,NULL,NULL,2),(501,'M6KB1FMT',1,15,0,1,NULL,NULL,0,NULL,NULL,2),(502,'M6Q7ZVQP',1,15,0,1,NULL,NULL,0,NULL,NULL,2),(503,'M6BXT3GY',1,15,0,1,NULL,NULL,0,NULL,NULL,2),(504,'M6Z7RESU',1,15,0,1,NULL,NULL,0,NULL,NULL,2),(505,'M6UXVDDQ',1,15,0,1,NULL,NULL,0,NULL,NULL,2),(506,'M6903KWI',1,15,0,1,NULL,NULL,0,NULL,NULL,2),(507,'M6SKLKD7',1,15,0,1,NULL,NULL,0,NULL,NULL,2),(508,'M67PWPCB',1,15,0,1,NULL,NULL,0,NULL,NULL,2),(509,'M6IOXUKE',1,15,0,1,NULL,NULL,0,NULL,NULL,2),(510,'M64FNWMX',1,15,0,1,NULL,NULL,0,NULL,NULL,2),(511,'M6VD4CZ2',1,15,0,1,NULL,NULL,0,NULL,NULL,2),(512,'M6MLNUTZ',1,15,0,1,NULL,NULL,0,NULL,NULL,2),(513,'M6ZZJ3FV',1,15,0,1,NULL,NULL,0,NULL,NULL,2),(514,'M66Z7OF9',1,15,0,1,NULL,NULL,0,NULL,NULL,2),(515,'M6GE1EQZ',1,15,0,1,NULL,NULL,0,NULL,NULL,2),(516,'M64VNMUN',1,15,0,1,NULL,NULL,0,NULL,NULL,2),(517,'M6WGE97U',1,15,0,1,NULL,NULL,0,NULL,NULL,2),(518,'M6UDAUQU',1,15,0,1,NULL,NULL,0,NULL,NULL,2),(519,'M6YZ3XV3',1,15,0,1,NULL,NULL,0,NULL,NULL,2),(520,'M6PXMXGI',1,15,0,1,NULL,NULL,0,NULL,NULL,2),(521,'M6AVYTJ8',1,15,0,1,NULL,NULL,0,NULL,NULL,2),(522,'M64TIUQQ',1,15,0,1,NULL,NULL,0,NULL,NULL,2),(523,'M6OKEPRX',1,15,0,1,NULL,NULL,0,NULL,NULL,2),(524,'M6KUXT1M',1,15,0,1,NULL,NULL,0,NULL,NULL,2),(525,'M6N3GIII',1,15,0,1,NULL,NULL,0,NULL,NULL,2),(526,'M6BHNAFV',1,15,0,1,NULL,NULL,0,NULL,NULL,2),(527,'M60AOXJL',1,15,0,1,NULL,NULL,0,NULL,NULL,2),(528,'M60VMOVM',1,15,0,1,NULL,NULL,0,NULL,NULL,2),(529,'M6VT5DDM',1,15,0,1,NULL,NULL,0,NULL,NULL,2),(530,'M6XYZS9Y',1,15,0,1,NULL,NULL,0,NULL,NULL,2),(531,'M6YMCPRY',1,15,0,1,NULL,NULL,0,NULL,NULL,2),(532,'M6BGPFLC',1,15,0,1,NULL,NULL,0,NULL,NULL,2),(533,'M6K13HOA',1,15,0,1,NULL,NULL,0,NULL,NULL,2),(534,'M6JWERFW',1,15,0,1,NULL,NULL,0,NULL,NULL,2),(535,'M6LR69II',1,15,0,1,NULL,NULL,0,NULL,NULL,2),(536,'M6PJOU17',1,15,0,1,NULL,NULL,0,NULL,NULL,2),(537,'M6MRFDTP',1,15,0,1,NULL,NULL,0,NULL,NULL,2),(538,'M6YGXZXA',1,15,0,1,NULL,NULL,0,NULL,NULL,2),(539,'M6DFZZOJ',1,15,0,1,NULL,NULL,0,NULL,NULL,2),(540,'M67V390R',1,15,0,1,NULL,NULL,0,NULL,NULL,2),(541,'M6PZQBSQ',1,15,0,1,NULL,NULL,0,NULL,NULL,2),(542,'M6GEVZ1J',1,15,0,1,NULL,NULL,0,NULL,NULL,2),(543,'M6YXHWQZ',1,15,0,1,NULL,NULL,0,NULL,NULL,2),(544,'M6VAQI5B',1,15,0,1,NULL,NULL,0,NULL,NULL,2),(545,'M6XCBYMR',1,15,0,1,NULL,NULL,0,NULL,NULL,2),(546,'M6AZWSKO',1,15,0,1,NULL,NULL,0,NULL,NULL,2),(547,'M6QTDSM7',1,15,0,1,NULL,NULL,0,NULL,NULL,2),(548,'M64RIUTS',1,15,0,1,NULL,NULL,0,NULL,NULL,2),(549,'M6VE6QAS',1,15,0,1,NULL,NULL,0,NULL,NULL,2),(550,'M6G6Q7RC',1,15,0,1,NULL,NULL,0,NULL,NULL,2),(551,'M6SZONLR',1,15,0,1,NULL,NULL,0,NULL,NULL,2),(552,'M6XEWDJC',1,15,0,1,NULL,NULL,0,NULL,NULL,2),(553,'M626SKL1',1,15,0,1,NULL,NULL,0,NULL,NULL,2),(554,'M6EYLRW4',1,15,0,1,NULL,NULL,0,NULL,NULL,2),(555,'M6LXEEBV',1,15,0,1,NULL,NULL,0,NULL,NULL,2),(556,'M6UUUXQ5',1,15,0,1,NULL,NULL,0,NULL,NULL,2),(557,'M6NJBPZ3',1,15,0,1,NULL,NULL,0,NULL,NULL,2),(558,'M6YIKWN6',1,15,0,1,NULL,NULL,0,NULL,NULL,2),(559,'M69VGUC0',1,15,0,1,NULL,NULL,0,NULL,NULL,2),(560,'M6PKFY8Z',1,15,0,1,NULL,NULL,0,NULL,NULL,2),(561,'M6IA3BHM',1,15,0,1,NULL,NULL,0,NULL,NULL,2),(562,'M6OUQVND',1,15,0,1,NULL,NULL,0,NULL,NULL,2),(563,'M6G9T96H',1,15,0,1,NULL,NULL,0,NULL,NULL,2),(564,'M6IGTAMK',1,15,0,1,NULL,NULL,0,NULL,NULL,2),(565,'M6K6AJU0',1,15,0,1,NULL,NULL,0,NULL,NULL,2),(566,'M6YV6JVE',1,15,0,1,NULL,NULL,0,NULL,NULL,2),(567,'M6KVXLEB',1,15,0,1,NULL,NULL,0,NULL,NULL,2),(568,'M6ZJBHM9',1,15,0,1,NULL,NULL,0,NULL,NULL,2),(569,'M6GMNUOV',1,15,0,1,NULL,NULL,0,NULL,NULL,2),(570,'M6EGL7HA',1,15,0,1,NULL,NULL,0,NULL,NULL,2),(571,'M66NSZT5',1,15,0,1,NULL,NULL,0,NULL,NULL,2),(572,'M6TPFVFF',1,15,0,1,NULL,NULL,0,NULL,NULL,2),(573,'M6YHRLBU',1,15,0,1,NULL,NULL,0,NULL,NULL,2),(574,'M6LTBGJB',1,15,0,1,NULL,NULL,0,NULL,NULL,2),(575,'M64GX6VK',1,15,0,1,NULL,NULL,0,NULL,NULL,2),(576,'M6JMWTND',1,15,0,1,NULL,NULL,0,NULL,NULL,2),(577,'M6P5IXRH',1,15,0,1,NULL,NULL,0,NULL,NULL,2),(578,'M6HGKFKE',1,15,0,1,NULL,NULL,0,NULL,NULL,2),(579,'M6B4SXJW',1,15,0,1,NULL,NULL,0,NULL,NULL,2),(580,'M6YTR7RA',1,15,0,1,NULL,NULL,0,NULL,NULL,2),(581,'M6IOITF9',1,15,0,1,NULL,NULL,0,NULL,NULL,2),(582,'M6P6YCVE',1,15,0,1,NULL,NULL,0,NULL,NULL,2),(583,'M673YSQZ',1,15,0,1,NULL,NULL,0,NULL,NULL,2),(584,'M6QCDZCX',1,15,0,1,NULL,NULL,0,NULL,NULL,2),(585,'M6Z135VC',1,15,0,1,NULL,NULL,0,NULL,NULL,2),(586,'M621YKGA',1,15,0,1,NULL,NULL,0,NULL,NULL,2),(587,'M66R05ET',1,15,0,1,NULL,NULL,0,NULL,NULL,2),(588,'M676DGUP',1,15,0,1,NULL,NULL,0,NULL,NULL,2),(589,'M6GVYJET',1,15,0,1,NULL,NULL,0,NULL,NULL,2),(590,'M6MXVO0S',1,15,0,1,NULL,NULL,0,NULL,NULL,2),(591,'M6DWASOJ',1,15,0,1,NULL,NULL,0,NULL,NULL,2),(592,'M6LANGFV',1,15,0,1,NULL,NULL,0,NULL,NULL,2),(593,'M6SV1W7J',1,15,0,1,NULL,NULL,0,NULL,NULL,2),(594,'M6TST9QT',1,15,0,1,NULL,NULL,0,NULL,NULL,2),(595,'M6K7W0WW',1,15,0,1,NULL,NULL,0,NULL,NULL,2),(596,'M6EPZWWP',1,15,0,1,NULL,NULL,0,NULL,NULL,2),(597,'M6RLCGT7',1,15,0,1,NULL,NULL,0,NULL,NULL,2),(598,'M68KWXD6',1,15,0,1,NULL,NULL,0,NULL,NULL,2),(599,'M6E3FDCV',1,15,0,1,NULL,NULL,0,NULL,NULL,2),(600,'M6GR8TAH',1,15,0,1,NULL,NULL,0,NULL,NULL,2),(601,'M6UE1F28',1,15,0,1,NULL,NULL,0,NULL,NULL,2),(602,'M6SLCAQQ',1,15,0,1,NULL,NULL,0,NULL,NULL,2),(603,'M6AEIAAQ',1,15,0,1,NULL,NULL,0,NULL,NULL,2),(604,'M6VMYIAU',1,15,0,1,NULL,NULL,0,NULL,NULL,2),(605,'M68KGBU4',1,15,0,1,NULL,NULL,0,NULL,NULL,2),(606,'M6MXT12P',1,15,0,1,NULL,NULL,0,NULL,NULL,2),(607,'M68OMKIN',1,15,0,1,NULL,NULL,0,NULL,NULL,2),(608,'M64JU5FK',1,15,0,1,NULL,NULL,0,NULL,NULL,2),(609,'M6ZGZEJE',1,15,0,1,NULL,NULL,0,NULL,NULL,2),(610,'M66U9YSI',1,15,0,1,NULL,NULL,0,NULL,NULL,2),(611,'M64PCHNR',1,15,0,1,NULL,NULL,0,NULL,NULL,2),(612,'M6J7ZBAW',1,15,0,1,NULL,NULL,0,NULL,NULL,2),(613,'M6B5BXWZ',1,15,0,1,NULL,NULL,0,NULL,NULL,2),(614,'M6TCPJWI',1,15,0,1,NULL,NULL,0,NULL,NULL,2),(615,'M6D0NPC3',1,15,0,1,NULL,NULL,0,NULL,NULL,2),(616,'M6HG7C7I',1,15,0,1,NULL,NULL,0,NULL,NULL,2),(617,'M61UCNXM',1,15,0,1,NULL,NULL,0,NULL,NULL,2),(618,'M6MUDEPB',1,15,0,1,NULL,NULL,0,NULL,NULL,2),(619,'M6KPAXFM',1,15,0,1,NULL,NULL,0,NULL,NULL,2),(620,'M6NJPRTZ',1,15,0,1,NULL,NULL,0,NULL,NULL,2),(621,'M6O3UBDQ',1,15,0,1,NULL,NULL,0,NULL,NULL,2),(622,'M6KEE3I3',1,15,0,1,NULL,NULL,0,NULL,NULL,2),(623,'M6T3MPDG',1,15,0,1,NULL,NULL,0,NULL,NULL,2),(624,'M6HMGW7Q',1,15,0,1,NULL,NULL,0,NULL,NULL,2),(625,'M67D6LSK',1,15,0,1,NULL,NULL,0,NULL,NULL,2),(626,'M6BDDQOL',1,15,0,1,NULL,NULL,0,NULL,NULL,2),(627,'M6ALES3C',1,15,0,1,NULL,NULL,0,NULL,NULL,2),(628,'M64HLONP',1,15,0,1,NULL,NULL,0,NULL,NULL,2),(629,'M6SFBNYZ',1,15,0,1,NULL,NULL,0,NULL,NULL,2),(630,'M6BQDPUH',1,15,0,1,NULL,NULL,0,NULL,NULL,2),(631,'M6KI3M6B',1,15,0,1,NULL,NULL,0,NULL,NULL,2),(632,'M6O24WBP',1,15,0,1,NULL,NULL,0,NULL,NULL,2),(633,'M6X9FMBM',1,15,0,1,NULL,NULL,0,NULL,NULL,2),(634,'M6QUJASO',1,15,0,1,NULL,NULL,0,NULL,NULL,2),(635,'M6IJ83MK',1,15,0,1,NULL,NULL,0,NULL,NULL,2),(636,'M6DTALDD',1,15,0,1,NULL,NULL,0,NULL,NULL,2),(637,'M6CNRXIK',1,15,0,1,NULL,NULL,0,NULL,NULL,2),(638,'M6KEEZGK',1,15,0,1,NULL,NULL,0,NULL,NULL,2),(639,'M64ER4WI',1,15,0,1,NULL,NULL,0,NULL,NULL,2),(640,'M6BCIYN1',1,15,0,1,NULL,NULL,0,NULL,NULL,2),(641,'M6POWSXC',1,15,0,1,NULL,NULL,0,NULL,NULL,2),(642,'M6GHBPQX',1,15,0,1,NULL,NULL,0,NULL,NULL,2),(643,'M6VYBQK2',1,15,0,1,NULL,NULL,0,NULL,NULL,2),(644,'M62YPVI2',1,15,0,1,NULL,NULL,0,NULL,NULL,2),(645,'M6DOBI32',1,15,0,1,NULL,NULL,0,NULL,NULL,2),(646,'M6CCTPO2',1,15,0,1,NULL,NULL,0,NULL,NULL,2),(647,'M6WWTCML',1,15,0,1,NULL,NULL,0,NULL,NULL,2),(648,'M6OT1BZE',1,15,0,1,NULL,NULL,0,NULL,NULL,2),(649,'M6O6788Z',1,15,0,1,NULL,NULL,0,NULL,NULL,2),(650,'M608HHYD',1,15,0,1,NULL,NULL,0,NULL,NULL,2),(651,'M6LLI3EC',1,15,0,1,NULL,NULL,0,NULL,NULL,2),(652,'M67XVONH',1,15,0,1,NULL,NULL,0,NULL,NULL,2),(653,'M6VGTKLK',1,15,0,1,NULL,NULL,0,NULL,NULL,2),(654,'M6TKOZ7L',1,15,0,1,NULL,NULL,0,NULL,NULL,2),(655,'M6WC6MBS',1,15,0,1,NULL,NULL,0,NULL,NULL,2),(656,'M6KQX7NX',1,15,0,1,NULL,NULL,0,NULL,NULL,2),(657,'M694KCZJ',1,15,0,1,NULL,NULL,0,NULL,NULL,2),(658,'M6NJ0ZLM',1,15,0,1,NULL,NULL,0,NULL,NULL,2),(659,'M6NAALTD',1,15,0,1,NULL,NULL,0,NULL,NULL,2),(660,'M6DWO0NC',1,15,0,1,NULL,NULL,0,NULL,NULL,2),(661,'M6WVQEIK',1,15,0,1,NULL,NULL,0,NULL,NULL,2),(662,'M6MWM8KO',1,15,0,1,NULL,NULL,0,NULL,NULL,2),(663,'M6CCKVER',1,15,0,1,NULL,NULL,0,NULL,NULL,2),(664,'M6VSJQ2L',1,15,0,1,NULL,NULL,0,NULL,NULL,2),(665,'M6AUEE7B',1,15,0,1,NULL,NULL,0,NULL,NULL,2),(666,'M6J44S86',1,15,0,1,NULL,NULL,0,NULL,NULL,2),(667,'M6OWWG8X',1,15,0,1,NULL,NULL,0,NULL,NULL,2),(668,'M6IGFZS6',1,15,0,1,NULL,NULL,0,NULL,NULL,2),(669,'M68HO5DN',1,15,0,1,NULL,NULL,0,NULL,NULL,2),(670,'M6TIFOGK',1,15,0,1,NULL,NULL,0,NULL,NULL,2),(671,'M6HEVGZD',1,15,0,1,NULL,NULL,0,NULL,NULL,2),(672,'M6H8AWB7',1,15,0,1,NULL,NULL,0,NULL,NULL,2),(673,'M6VJKBPQ',1,15,0,1,NULL,NULL,0,NULL,NULL,2),(674,'M6QJBUSN',1,15,0,1,NULL,NULL,0,NULL,NULL,2),(675,'M62EB9XG',1,15,0,1,NULL,NULL,0,NULL,NULL,2),(676,'M6UIIH0W',1,15,0,1,NULL,NULL,0,NULL,NULL,2),(677,'M6QXUP01',1,15,0,1,NULL,NULL,0,NULL,NULL,2),(678,'M69W8JZY',1,15,0,1,NULL,NULL,0,NULL,NULL,2),(679,'M6FNSJVV',1,15,0,1,NULL,NULL,0,NULL,NULL,2),(680,'M6VQ5WXK',1,15,0,1,NULL,NULL,0,NULL,NULL,2),(681,'M625BQNB',1,15,0,1,NULL,NULL,0,NULL,NULL,2),(682,'M6TYSZUB',1,15,0,1,NULL,NULL,0,NULL,NULL,2),(683,'M6BPQZCF',1,15,0,1,NULL,NULL,0,NULL,NULL,2),(684,'M6SDZSFV',1,15,0,1,NULL,NULL,0,NULL,NULL,2),(685,'M61A4TPE',1,15,0,1,NULL,NULL,0,NULL,NULL,2),(686,'M6WIMHPO',1,15,0,1,NULL,NULL,0,NULL,NULL,2),(687,'M6VKMH0P',1,15,0,1,NULL,NULL,0,NULL,NULL,2),(688,'M6DHX71S',1,15,0,1,NULL,NULL,0,NULL,NULL,2),(689,'M67RFGYK',1,15,0,1,NULL,NULL,0,NULL,NULL,2),(690,'M600GTAJ',1,15,0,1,NULL,NULL,0,NULL,NULL,2),(691,'M6WLQQZL',1,15,0,1,NULL,NULL,0,NULL,NULL,2),(692,'M6HCYZOC',1,15,0,1,NULL,NULL,0,NULL,NULL,2),(693,'M6DMXRAN',1,15,0,1,NULL,NULL,0,NULL,NULL,2),(694,'M69UAXAZ',1,15,0,1,NULL,NULL,0,NULL,NULL,2),(695,'M6BLBWGH',1,15,0,1,NULL,NULL,0,NULL,NULL,2),(696,'M6WHVFNX',1,15,0,1,NULL,NULL,0,NULL,NULL,2),(697,'M6XNSBOX',1,15,0,1,NULL,NULL,0,NULL,NULL,2),(698,'M6YBBPF1',1,15,0,1,NULL,NULL,0,NULL,NULL,2),(699,'M69H8H6R',1,15,0,1,NULL,NULL,0,NULL,NULL,2),(700,'M6VP6QXA',1,15,0,1,NULL,NULL,0,NULL,NULL,2),(701,'M6SQ0QYJ',1,20,1,1,NULL,NULL,0,NULL,NULL,2),(702,'M6QZAFCR',1,20,0,1,NULL,NULL,0,NULL,NULL,2),(703,'M6TSHLUE',1,20,0,1,NULL,NULL,0,NULL,NULL,2),(704,'M6AAJLVJ',1,20,0,1,NULL,NULL,0,NULL,NULL,2),(705,'M6FSMWTA',1,20,0,1,NULL,NULL,0,NULL,NULL,2),(706,'M6TOB1AY',1,20,0,1,NULL,NULL,0,NULL,NULL,2),(707,'M6SBBRXV',1,20,0,1,NULL,NULL,0,NULL,NULL,2),(708,'M6YBW7V9',1,20,0,1,NULL,NULL,0,NULL,NULL,2),(709,'M6LIK1AX',1,20,0,1,NULL,NULL,0,NULL,NULL,2),(710,'M6OICAAV',1,20,0,1,NULL,NULL,0,NULL,NULL,2),(711,'M6QJMQ2J',1,20,0,1,NULL,NULL,0,NULL,NULL,2),(712,'M6KIFOPU',1,20,0,1,NULL,NULL,0,NULL,NULL,2),(713,'M6EXEYII',1,20,0,1,NULL,NULL,0,NULL,NULL,2),(714,'M6X73TYX',1,20,0,1,NULL,NULL,0,NULL,NULL,2),(715,'M6M5DEF8',1,20,0,1,NULL,NULL,0,NULL,NULL,2),(716,'M66X9Z4O',1,20,0,1,NULL,NULL,0,NULL,NULL,2),(717,'M6HG16VY',1,20,0,1,NULL,NULL,0,NULL,NULL,2),(718,'M6MIRHHK',1,20,0,1,NULL,NULL,0,NULL,NULL,2),(719,'M65YFEB9',1,20,0,1,NULL,NULL,0,NULL,NULL,2),(720,'M6ZNIIDF',1,20,0,1,NULL,NULL,0,NULL,NULL,2),(721,'M6L43D8V',1,20,0,1,NULL,NULL,0,NULL,NULL,2),(722,'M6TG7KEF',1,20,0,1,NULL,NULL,0,NULL,NULL,2),(723,'M6XHDUFW',1,20,0,1,NULL,NULL,0,NULL,NULL,2),(724,'M6KWLSUT',1,20,0,1,NULL,NULL,0,NULL,NULL,2),(725,'M6RSXKSV',1,20,0,1,NULL,NULL,0,NULL,NULL,2),(726,'M6Q8NZE7',1,20,0,1,NULL,NULL,0,NULL,NULL,2),(727,'M6R8PAFU',1,20,0,1,NULL,NULL,0,NULL,NULL,2),(728,'M6QUATG4',1,20,0,1,NULL,NULL,0,NULL,NULL,2),(729,'M6YGGLA2',1,20,0,1,NULL,NULL,0,NULL,NULL,2),(730,'M6PPVDGV',1,20,0,1,NULL,NULL,0,NULL,NULL,2),(731,'M67XAYHZ',1,20,0,1,NULL,NULL,0,NULL,NULL,2),(732,'M67ARWTL',1,20,0,1,NULL,NULL,0,NULL,NULL,2),(733,'M6TFJLRL',1,20,0,1,NULL,NULL,0,NULL,NULL,2),(734,'M6P03TFJ',1,20,0,1,NULL,NULL,0,NULL,NULL,2),(735,'M6EF9DWS',1,20,0,1,NULL,NULL,0,NULL,NULL,2),(736,'M6GTCEON',1,20,0,1,NULL,NULL,0,NULL,NULL,2),(737,'M6VD1TZW',1,20,0,1,NULL,NULL,0,NULL,NULL,2),(738,'M6SWGGWI',1,20,0,1,NULL,NULL,0,NULL,NULL,2),(739,'M6DRNZNB',1,20,0,1,NULL,NULL,0,NULL,NULL,2),(740,'M6IJBHNR',1,20,0,1,NULL,NULL,0,NULL,NULL,2),(741,'M6ZONEWA',1,20,0,1,NULL,NULL,0,NULL,NULL,2),(742,'M6ZXRTJV',1,20,0,1,NULL,NULL,0,NULL,NULL,2),(743,'M6CYKA3K',1,20,0,1,NULL,NULL,0,NULL,NULL,2),(744,'M6Y8OUL8',1,20,0,1,NULL,NULL,0,NULL,NULL,2),(745,'M6QVJPJU',1,20,0,1,NULL,NULL,0,NULL,NULL,2),(746,'M6UJY7IF',1,20,0,1,NULL,NULL,0,NULL,NULL,2),(747,'M61ZTC8W',1,20,0,1,NULL,NULL,0,NULL,NULL,2),(748,'M6OPBTUJ',1,20,0,1,NULL,NULL,0,NULL,NULL,2),(749,'M6PF5ISI',1,20,0,1,NULL,NULL,0,NULL,NULL,2),(750,'M6OJPSDW',1,20,0,1,NULL,NULL,0,NULL,NULL,2),(751,'M6SMBZEM',1,20,0,1,NULL,NULL,0,NULL,NULL,2),(752,'M6ZDPPZV',1,20,0,1,NULL,NULL,0,NULL,NULL,2),(753,'M6HW3T9W',1,20,0,1,NULL,NULL,0,NULL,NULL,2),(754,'M6RHADVT',1,20,0,1,NULL,NULL,0,NULL,NULL,2),(755,'M6MSPCCA',1,20,0,1,NULL,NULL,0,NULL,NULL,2),(756,'M6BVRKAQ',1,20,0,1,NULL,NULL,0,NULL,NULL,2),(757,'M6G3KECE',1,20,0,1,NULL,NULL,0,NULL,NULL,2),(758,'M6TZAQUU',1,20,0,1,NULL,NULL,0,NULL,NULL,2),(759,'M64KQ95J',1,20,0,1,NULL,NULL,0,NULL,NULL,2),(760,'M6DYPNLA',1,20,0,1,NULL,NULL,0,NULL,NULL,2),(761,'M63EQY4F',1,20,0,1,NULL,NULL,0,NULL,NULL,2),(762,'M6CXYS5E',1,20,0,1,NULL,NULL,0,NULL,NULL,2),(763,'M6V5SVHA',1,20,0,1,NULL,NULL,0,NULL,NULL,2),(764,'M604DPS1',1,20,0,1,NULL,NULL,0,NULL,NULL,2),(765,'M6ZPVCCG',1,20,0,1,NULL,NULL,0,NULL,NULL,2),(766,'M6JOJFDI',1,20,0,1,NULL,NULL,0,NULL,NULL,2),(767,'M60JFVPH',1,20,0,1,NULL,NULL,0,NULL,NULL,2),(768,'M6FAUXOF',1,20,0,1,NULL,NULL,0,NULL,NULL,2),(769,'M6VYPQKD',1,20,0,1,NULL,NULL,0,NULL,NULL,2),(770,'M6ROVAB3',1,20,0,1,NULL,NULL,0,NULL,NULL,2),(771,'M6UVGAZG',1,20,0,1,NULL,NULL,0,NULL,NULL,2),(772,'M6RWSVOE',1,20,0,1,NULL,NULL,0,NULL,NULL,2),(773,'M6OQIXLA',1,20,0,1,NULL,NULL,0,NULL,NULL,2),(774,'M65KNJUK',1,20,0,1,NULL,NULL,0,NULL,NULL,2),(775,'M6BKY5LV',1,20,0,1,NULL,NULL,0,NULL,NULL,2),(776,'M6YMCP8B',1,20,0,1,NULL,NULL,0,NULL,NULL,2),(777,'M6JRKCYA',1,20,0,1,NULL,NULL,0,NULL,NULL,2),(778,'M6RFRPVQ',1,20,0,1,NULL,NULL,0,NULL,NULL,2),(779,'M66M41CW',1,20,0,1,NULL,NULL,0,NULL,NULL,2),(780,'M6CQBKLK',1,20,0,1,NULL,NULL,0,NULL,NULL,2),(781,'M6ESKFOC',1,20,0,1,NULL,NULL,0,NULL,NULL,2),(782,'M6AZHLJZ',1,20,0,1,NULL,NULL,0,NULL,NULL,2),(783,'M6CYSSRG',1,20,0,1,NULL,NULL,0,NULL,NULL,2),(784,'M6HPW5MM',1,20,0,1,NULL,NULL,0,NULL,NULL,2),(785,'M6VO1GCJ',1,20,0,1,NULL,NULL,0,NULL,NULL,2),(786,'M6CHS4FY',1,20,0,1,NULL,NULL,0,NULL,NULL,2),(787,'M6OY7L2C',1,20,0,1,NULL,NULL,0,NULL,NULL,2),(788,'M60KYA0G',1,20,0,1,NULL,NULL,0,NULL,NULL,2),(789,'M63KUIIV',1,20,0,1,NULL,NULL,0,NULL,NULL,2),(790,'M6JX2ZJD',1,20,0,1,NULL,NULL,0,NULL,NULL,2),(791,'M6R8FU4A',1,20,0,1,NULL,NULL,0,NULL,NULL,2),(792,'M6WGIZWQ',1,20,0,1,NULL,NULL,0,NULL,NULL,2),(793,'M6HWCSQK',1,20,0,1,NULL,NULL,0,NULL,NULL,2),(794,'M6CF0YPA',1,20,0,1,NULL,NULL,0,NULL,NULL,2),(795,'M6NBD8UJ',1,20,0,1,NULL,NULL,0,NULL,NULL,2),(796,'M6SC8LO6',1,20,0,1,NULL,NULL,0,NULL,NULL,2),(797,'M6DPJO90',1,20,0,1,NULL,NULL,0,NULL,NULL,2),(798,'M6XFDVK1',1,20,0,1,NULL,NULL,0,NULL,NULL,2),(799,'M6G62Z3J',1,20,0,1,NULL,NULL,0,NULL,NULL,2),(800,'M6ZMPE9S',1,20,0,1,NULL,NULL,0,NULL,NULL,2),(801,'M6URJHB0',1,20,0,1,NULL,NULL,0,NULL,NULL,2),(802,'M6GKSR9Q',1,20,0,1,NULL,NULL,0,NULL,NULL,2),(803,'M6JLZAJ5',1,20,0,1,NULL,NULL,0,NULL,NULL,2),(804,'M6UF4PXA',1,20,0,1,NULL,NULL,0,NULL,NULL,2),(805,'M6HUKROR',1,20,0,1,NULL,NULL,0,NULL,NULL,2),(806,'M6ZRODYP',1,20,0,1,NULL,NULL,0,NULL,NULL,2),(807,'M6JJ3FNR',1,20,0,1,NULL,NULL,0,NULL,NULL,2),(808,'M62P2ABB',1,20,0,1,NULL,NULL,0,NULL,NULL,2),(809,'M6OYH7AF',1,20,0,1,NULL,NULL,0,NULL,NULL,2),(810,'M6WGPFJY',1,20,0,1,NULL,NULL,0,NULL,NULL,2),(811,'M6X9MIB8',1,20,0,1,NULL,NULL,0,NULL,NULL,2),(812,'M67Z2TAY',1,20,0,1,NULL,NULL,0,NULL,NULL,2),(813,'M6JYT8HL',1,20,0,1,NULL,NULL,0,NULL,NULL,2),(814,'M6MUHK6B',1,20,0,1,NULL,NULL,0,NULL,NULL,2),(815,'M65NXF9V',1,20,0,1,NULL,NULL,0,NULL,NULL,2),(816,'M62BZDUE',1,20,0,1,NULL,NULL,0,NULL,NULL,2),(817,'M6E59XFU',1,20,0,1,NULL,NULL,0,NULL,NULL,2),(818,'M6ZJIBMJ',1,20,0,1,NULL,NULL,0,NULL,NULL,2),(819,'M6LKMEP9',1,20,0,1,NULL,NULL,0,NULL,NULL,2),(820,'M6VLJ1WF',1,20,0,1,NULL,NULL,0,NULL,NULL,2),(821,'M6DXDKIL',1,20,0,1,NULL,NULL,0,NULL,NULL,2),(822,'M6FTRAGB',1,20,0,1,NULL,NULL,0,NULL,NULL,2),(823,'M6KRJ46R',1,20,0,1,NULL,NULL,0,NULL,NULL,2),(824,'M6ZGZKMQ',1,20,0,1,NULL,NULL,0,NULL,NULL,2),(825,'M6KOXPVS',1,20,0,1,NULL,NULL,0,NULL,NULL,2),(826,'M6G5QFKK',1,20,0,1,NULL,NULL,0,NULL,NULL,2),(827,'M6CIAEAA',1,20,0,1,NULL,NULL,0,NULL,NULL,2),(828,'M6ERH8AK',1,20,0,1,NULL,NULL,0,NULL,NULL,2),(829,'M6HKTXCA',1,20,0,1,NULL,NULL,0,NULL,NULL,2),(830,'M6VC05U6',1,20,0,1,NULL,NULL,0,NULL,NULL,2),(831,'M6S9SMG0',1,20,0,1,NULL,NULL,0,NULL,NULL,2),(832,'M614WVQT',1,20,0,1,NULL,NULL,0,NULL,NULL,2),(833,'M6P6XOEX',1,20,0,1,NULL,NULL,0,NULL,NULL,2),(834,'M6PS2CQQ',1,20,0,1,NULL,NULL,0,NULL,NULL,2),(835,'M6ZPVNZK',1,20,0,1,NULL,NULL,0,NULL,NULL,2),(836,'M669BQ28',1,20,0,1,NULL,NULL,0,NULL,NULL,2),(837,'M64N5ULQ',1,20,0,1,NULL,NULL,0,NULL,NULL,2),(838,'M6INWNVA',1,20,0,1,NULL,NULL,0,NULL,NULL,2),(839,'M6YGK1F5',1,20,0,1,NULL,NULL,0,NULL,NULL,2),(840,'M6TGD0VG',1,20,0,1,NULL,NULL,0,NULL,NULL,2),(841,'M6SKN0ZI',1,20,0,1,NULL,NULL,0,NULL,NULL,2),(842,'M6VRGYCG',1,20,0,1,NULL,NULL,0,NULL,NULL,2),(843,'M6JLGNA1',1,20,0,1,NULL,NULL,0,NULL,NULL,2),(844,'M6BLR29N',1,20,0,1,NULL,NULL,0,NULL,NULL,2),(845,'M6YVRRGN',1,20,0,1,NULL,NULL,0,NULL,NULL,2),(846,'M6HKMNUK',1,20,0,1,NULL,NULL,0,NULL,NULL,2),(847,'M6DCNTHK',1,20,0,1,NULL,NULL,0,NULL,NULL,2),(848,'M6XPFTOI',1,20,0,1,NULL,NULL,0,NULL,NULL,2),(849,'M6T5PJ3V',1,20,0,1,NULL,NULL,0,NULL,NULL,2),(850,'M6YSXQWL',1,20,0,1,NULL,NULL,0,NULL,NULL,2),(851,'M6F2D8II',1,20,0,1,NULL,NULL,0,NULL,NULL,2),(852,'M6RA2SCQ',1,20,0,1,NULL,NULL,0,NULL,NULL,2),(853,'M6IBWHEH',1,20,0,1,NULL,NULL,0,NULL,NULL,2),(854,'M6VDEXFZ',1,20,0,1,NULL,NULL,0,NULL,NULL,2),(855,'M66V5RK0',1,20,0,1,NULL,NULL,0,NULL,NULL,2),(856,'M6QLQD9P',1,20,0,1,NULL,NULL,0,NULL,NULL,2),(857,'M6HHRFDL',1,20,0,1,NULL,NULL,0,NULL,NULL,2),(858,'M6KDOHU9',1,20,0,1,NULL,NULL,0,NULL,NULL,2),(859,'M6WIOFQY',1,20,0,1,NULL,NULL,0,NULL,NULL,2),(860,'M6GOMTHB',1,20,0,1,NULL,NULL,0,NULL,NULL,2),(861,'M6PQOY2F',1,20,0,1,NULL,NULL,0,NULL,NULL,2),(862,'M6KT4NWU',1,20,0,1,NULL,NULL,0,NULL,NULL,2),(863,'M6JSYBNF',1,20,0,1,NULL,NULL,0,NULL,NULL,2),(864,'M60LM9IS',1,20,0,1,NULL,NULL,0,NULL,NULL,2),(865,'M6BZJXKF',1,20,0,1,NULL,NULL,0,NULL,NULL,2),(866,'M6CJVXVF',1,20,0,1,NULL,NULL,0,NULL,NULL,2),(867,'M65UDTEI',1,20,0,1,NULL,NULL,0,NULL,NULL,2),(868,'M6AAXKE0',1,20,0,1,NULL,NULL,0,NULL,NULL,2),(869,'M6EPOR21',1,20,0,1,NULL,NULL,0,NULL,NULL,2),(870,'M6FNRHO8',1,20,0,1,NULL,NULL,0,NULL,NULL,2),(871,'M6LAYIT3',1,20,0,1,NULL,NULL,0,NULL,NULL,2),(872,'M6RSLF1M',1,20,0,1,NULL,NULL,0,NULL,NULL,2),(873,'M6GEGMHB',1,20,0,1,NULL,NULL,0,NULL,NULL,2),(874,'M6GLFSU3',1,20,0,1,NULL,NULL,0,NULL,NULL,2),(875,'M65WICB0',1,20,0,1,NULL,NULL,0,NULL,NULL,2),(876,'M66WQBAU',1,20,0,1,NULL,NULL,0,NULL,NULL,2),(877,'M6NOG1AV',1,20,0,1,NULL,NULL,0,NULL,NULL,2),(878,'M6Z0CGHE',1,20,0,1,NULL,NULL,0,NULL,NULL,2),(879,'M6QYKVS7',1,20,0,1,NULL,NULL,0,NULL,NULL,2),(880,'M6ELCPAN',1,20,0,1,NULL,NULL,0,NULL,NULL,2),(881,'M6CL82O6',1,20,0,1,NULL,NULL,0,NULL,NULL,2),(882,'M6CPPPI9',1,20,0,1,NULL,NULL,0,NULL,NULL,2),(883,'M6QVABFK',1,20,0,1,NULL,NULL,0,NULL,NULL,2),(884,'M6YLWOCT',1,20,0,1,NULL,NULL,0,NULL,NULL,2),(885,'M6CO1ZPS',1,20,0,1,NULL,NULL,0,NULL,NULL,2),(886,'M6I3ALET',1,20,0,1,NULL,NULL,0,NULL,NULL,2),(887,'M6V3C8NO',1,20,0,1,NULL,NULL,0,NULL,NULL,2),(888,'M6NJEBMA',1,20,0,1,NULL,NULL,0,NULL,NULL,2),(889,'M6H3WIA5',1,20,0,1,NULL,NULL,0,NULL,NULL,2),(890,'M6VUIB6B',1,20,0,1,NULL,NULL,0,NULL,NULL,2),(891,'M6PMSCWQ',1,20,0,1,NULL,NULL,0,NULL,NULL,2),(892,'M6MSGVUV',1,20,0,1,NULL,NULL,0,NULL,NULL,2),(893,'M69QTB5G',1,20,0,1,NULL,NULL,0,NULL,NULL,2),(894,'M6SPNSGW',1,20,0,1,NULL,NULL,0,NULL,NULL,2),(895,'M6GJ4PWG',1,20,0,1,NULL,NULL,0,NULL,NULL,2),(896,'M69NKB5N',1,20,0,1,NULL,NULL,0,NULL,NULL,2),(897,'M6IKXCIJ',1,20,0,1,NULL,NULL,0,NULL,NULL,2),(898,'M65XEDWN',1,20,0,1,NULL,NULL,0,NULL,NULL,2),(899,'M624I16H',1,20,0,1,NULL,NULL,0,NULL,NULL,2),(900,'M67PDTEJ',1,20,0,1,NULL,NULL,0,NULL,NULL,2),(901,'M6KWHQAG',2,100,0,1,NULL,NULL,0,NULL,NULL,2),(902,'M6PKTZ0O',2,100,0,1,NULL,NULL,0,NULL,NULL,2),(903,'M6JNQWMG',2,100,0,1,NULL,NULL,0,NULL,NULL,2),(904,'M6J32H1M',2,100,0,1,NULL,NULL,0,NULL,NULL,2),(905,'M6NLU38B',2,100,0,1,NULL,NULL,0,NULL,NULL,2),(906,'M6IHA6YE',2,100,0,1,NULL,NULL,0,NULL,NULL,2),(907,'M6NWQME8',2,100,0,1,NULL,NULL,0,NULL,NULL,2),(908,'M6Z3TKME',2,100,0,1,NULL,NULL,0,NULL,NULL,2),(909,'M6SVOLVS',2,100,0,1,NULL,NULL,0,NULL,NULL,2),(910,'M6LVPBGP',2,100,0,1,NULL,NULL,0,NULL,NULL,2),(911,'M6RZHNZH',2,100,0,1,NULL,NULL,0,NULL,NULL,2),(912,'M6DNY0CF',2,100,0,1,NULL,NULL,0,NULL,NULL,2),(913,'M6ANZY85',2,100,0,1,NULL,NULL,0,NULL,NULL,2),(914,'M6G9AIBG',2,100,0,1,NULL,NULL,0,NULL,NULL,2),(915,'M6ETZ6PM',2,100,0,1,NULL,NULL,0,NULL,NULL,2),(916,'M6VZZ1TX',2,100,0,1,NULL,NULL,0,NULL,NULL,2),(917,'M6JCBKPN',2,100,0,1,NULL,NULL,0,NULL,NULL,2),(918,'M6SYTMAM',2,100,0,1,NULL,NULL,0,NULL,NULL,2),(919,'M6YM8EKB',2,100,0,1,NULL,NULL,0,NULL,NULL,2),(920,'M6ZAYDEF',2,100,0,1,NULL,NULL,0,NULL,NULL,2),(921,'M6FXWVLC',2,100,0,1,NULL,NULL,0,NULL,NULL,2),(922,'M6V1LOSJ',2,100,0,1,NULL,NULL,0,NULL,NULL,2),(923,'M6DELGPV',2,100,0,1,NULL,NULL,0,NULL,NULL,2),(924,'M6JWJQZX',2,100,0,1,NULL,NULL,0,NULL,NULL,2),(925,'M6DP285M',2,100,0,1,NULL,NULL,0,NULL,NULL,2),(926,'M6UDLDAC',2,100,0,1,NULL,NULL,0,NULL,NULL,2),(927,'M6OS51OA',2,100,0,1,NULL,NULL,0,NULL,NULL,2),(928,'M6X3PRS3',2,100,0,1,NULL,NULL,0,NULL,NULL,2),(929,'M694HGFJ',2,100,0,1,NULL,NULL,0,NULL,NULL,2),(930,'M61IPCWT',2,100,0,1,NULL,NULL,0,NULL,NULL,2),(931,'M6OVWPNK',2,100,0,1,NULL,NULL,0,NULL,NULL,2),(932,'M6UIBXPU',2,100,0,1,NULL,NULL,0,NULL,NULL,2),(933,'M6XQVN67',2,100,0,1,NULL,NULL,0,NULL,NULL,2),(934,'M66A7VMU',2,100,0,1,NULL,NULL,0,NULL,NULL,2),(935,'M6TA7YUL',2,100,0,1,NULL,NULL,0,NULL,NULL,2),(936,'M6KKOP34',2,100,0,1,NULL,NULL,0,NULL,NULL,2),(937,'M6IAHR8U',2,100,0,1,NULL,NULL,0,NULL,NULL,2),(938,'M65ZB9GD',2,100,0,1,NULL,NULL,0,NULL,NULL,2),(939,'M6WL3AZX',2,100,0,1,NULL,NULL,0,NULL,NULL,2),(940,'M6ORIC9U',2,100,0,1,NULL,NULL,0,NULL,NULL,2),(941,'M6G2R2RR',2,100,0,1,NULL,NULL,0,NULL,NULL,2),(942,'M6NCRR5F',2,100,0,1,NULL,NULL,0,NULL,NULL,2),(943,'M6QIKA4I',2,100,0,1,NULL,NULL,0,NULL,NULL,2),(944,'M6HWLROU',2,100,0,1,NULL,NULL,0,NULL,NULL,2),(945,'M6XUTVAO',2,100,0,1,NULL,NULL,0,NULL,NULL,2),(946,'M624P2FA',2,100,0,1,NULL,NULL,0,NULL,NULL,2),(947,'M6YLGIZQ',2,100,0,1,NULL,NULL,0,NULL,NULL,2),(948,'M6AZXNPL',2,100,0,1,NULL,NULL,0,NULL,NULL,2),(949,'M6CGZU3N',2,100,0,1,NULL,NULL,0,NULL,NULL,2),(950,'M6IMU3TH',2,100,0,1,NULL,NULL,0,NULL,NULL,2),(951,'M6FRULZN',2,100,0,1,NULL,NULL,0,NULL,NULL,2),(952,'M6WXQA3U',2,100,0,1,NULL,NULL,0,NULL,NULL,2),(953,'M6REOO6X',2,100,0,1,NULL,NULL,0,NULL,NULL,2),(954,'M6I8BWVK',2,100,0,1,NULL,NULL,0,NULL,NULL,2),(955,'M6FC267N',2,100,0,1,NULL,NULL,0,NULL,NULL,2),(956,'M6490FVN',2,100,0,1,NULL,NULL,0,NULL,NULL,2),(957,'M6OS5PUT',2,100,0,1,NULL,NULL,0,NULL,NULL,2),(958,'M6YNMQKD',2,100,0,1,NULL,NULL,0,NULL,NULL,2),(959,'M6UMUUK5',2,100,0,1,NULL,NULL,0,NULL,NULL,2),(960,'M6ZRNMNV',2,100,0,1,NULL,NULL,0,NULL,NULL,2),(961,'M6UPMLAB',2,100,0,1,NULL,NULL,0,NULL,NULL,2),(962,'M6GCHDPN',2,100,0,1,NULL,NULL,0,NULL,NULL,2),(963,'M6XFBVPT',2,100,0,1,NULL,NULL,0,NULL,NULL,2),(964,'M6TCALLE',2,100,0,1,NULL,NULL,0,NULL,NULL,2),(965,'M68XYBCY',2,100,0,1,NULL,NULL,0,NULL,NULL,2),(966,'M6LVEDQH',2,100,0,1,NULL,NULL,0,NULL,NULL,2),(967,'M6ZHG5QA',2,100,0,1,NULL,NULL,0,NULL,NULL,2),(968,'M6ABDEIU',2,100,0,1,NULL,NULL,0,NULL,NULL,2),(969,'M6B6SSTS',2,100,0,1,NULL,NULL,0,NULL,NULL,2),(970,'M6VX1WFG',2,100,0,1,NULL,NULL,0,NULL,NULL,2),(971,'M6HICC3S',2,100,0,1,NULL,NULL,0,NULL,NULL,2),(972,'M6ZUOWN7',2,100,0,1,NULL,NULL,0,NULL,NULL,2),(973,'M6PQJ5IW',2,100,0,1,NULL,NULL,0,NULL,NULL,2),(974,'M6FNKUQE',2,100,0,1,NULL,NULL,0,NULL,NULL,2),(975,'M67UFJEY',2,100,0,1,NULL,NULL,0,NULL,NULL,2),(976,'M6T6SEMN',2,100,0,1,NULL,NULL,0,NULL,NULL,2),(977,'M6SGUKAQ',2,100,0,1,NULL,NULL,0,NULL,NULL,2),(978,'M6PQSYYB',2,100,0,1,NULL,NULL,0,NULL,NULL,2),(979,'M6WD2SLM',2,100,0,1,NULL,NULL,0,NULL,NULL,2),(980,'M6ZHEQQX',2,100,0,1,NULL,NULL,0,NULL,NULL,2),(981,'M6IZVC0P',2,100,0,1,NULL,NULL,0,NULL,NULL,2),(982,'M6JCILH7',2,100,0,1,NULL,NULL,0,NULL,NULL,2),(983,'M6AJAFVW',2,100,0,1,NULL,NULL,0,NULL,NULL,2),(984,'M6MCSPBA',2,100,0,1,NULL,NULL,0,NULL,NULL,2),(985,'M6W7VHGI',2,100,0,1,NULL,NULL,0,NULL,NULL,2),(986,'M6FUGDPP',2,100,0,1,NULL,NULL,0,NULL,NULL,2),(987,'M6KLX4TI',2,100,0,1,NULL,NULL,0,NULL,NULL,2),(988,'M60RRQG2',2,100,0,1,NULL,NULL,0,NULL,NULL,2),(989,'M6GKOK85',2,100,0,1,NULL,NULL,0,NULL,NULL,2),(990,'M6PJSXIS',2,100,0,1,NULL,NULL,0,NULL,NULL,2),(991,'M6QKG1SM',2,100,0,1,NULL,NULL,0,NULL,NULL,2),(992,'M68FWXA6',2,100,0,1,NULL,NULL,0,NULL,NULL,2),(993,'M6CDTLTJ',2,100,0,1,NULL,NULL,0,NULL,NULL,2),(994,'M6UZYZOH',2,100,0,1,NULL,NULL,0,NULL,NULL,2),(995,'M60IIXVG',2,100,0,1,NULL,NULL,0,NULL,NULL,2),(996,'M64AVKBB',2,100,0,1,NULL,NULL,0,NULL,NULL,2),(997,'M6Z9WNKR',2,100,0,1,NULL,NULL,0,NULL,NULL,2),(998,'M6YHWLCH',2,100,0,1,NULL,NULL,0,NULL,NULL,2),(999,'M6WP0PST',2,100,0,1,NULL,NULL,0,NULL,NULL,2),(1000,'M6XT4YQC',2,100,0,1,NULL,NULL,0,NULL,NULL,2),(1101,'M66W7WJC',1,100,1,1,NULL,NULL,0,NULL,NULL,2),(1102,'M6CZKF93',1,100,0,1,NULL,NULL,0,NULL,NULL,2),(1103,'M6VQZZUY',1,100,0,1,NULL,NULL,0,NULL,NULL,2),(1104,'M64KHX9A',1,100,0,1,NULL,NULL,0,NULL,NULL,2),(1105,'M66KUTG8',1,100,0,1,NULL,NULL,0,NULL,NULL,2),(1106,'M6KME4R2',1,100,0,1,NULL,NULL,0,NULL,NULL,2),(1107,'M6V7HQYA',1,100,0,1,NULL,NULL,0,NULL,NULL,2),(1108,'M62FVC7Z',1,100,0,1,NULL,NULL,0,NULL,NULL,2),(1109,'M6GBU6YJ',1,100,0,1,NULL,NULL,0,NULL,NULL,2),(1110,'M6XRCPKT',1,100,0,1,NULL,NULL,0,NULL,NULL,2),(1111,'M6FUZFHU',1,100,0,1,NULL,NULL,0,NULL,NULL,2),(1112,'M63E649X',1,100,0,1,NULL,NULL,0,NULL,NULL,2),(1113,'M6CJYXTF',1,100,0,1,NULL,NULL,0,NULL,NULL,2),(1114,'M6R64DN6',1,100,0,1,NULL,NULL,0,NULL,NULL,2),(1115,'M6PXYKNE',1,100,0,1,NULL,NULL,0,NULL,NULL,2),(1116,'M6Q4CA32',1,100,0,1,NULL,NULL,0,NULL,NULL,2),(1117,'M6M3FPU8',1,100,0,1,NULL,NULL,0,NULL,NULL,2),(1118,'M6W8D3AF',1,100,0,1,NULL,NULL,0,NULL,NULL,2),(1119,'M62KQ8WP',1,100,0,1,NULL,NULL,0,NULL,NULL,2),(1120,'M64YBKFJ',1,100,0,1,NULL,NULL,0,NULL,NULL,2),(1121,'M6TEQXGD',1,100,0,1,NULL,NULL,0,NULL,NULL,2),(1122,'M6TVYUKX',1,100,0,1,NULL,NULL,0,NULL,NULL,2),(1123,'M62XYPVF',1,100,0,1,NULL,NULL,0,NULL,NULL,2),(1124,'M6TPABD6',1,100,0,1,NULL,NULL,0,NULL,NULL,2),(1125,'M6XQQUG8',1,100,0,1,NULL,NULL,0,NULL,NULL,2),(1126,'M63MBXGH',1,100,0,1,NULL,NULL,0,NULL,NULL,2),(1127,'M6FWNURR',1,100,0,1,NULL,NULL,0,NULL,NULL,2),(1128,'M6NM6Z4H',1,100,0,1,NULL,NULL,0,NULL,NULL,2),(1129,'M6X6G33U',1,100,0,1,NULL,NULL,0,NULL,NULL,2),(1130,'M6VP2MF7',1,100,0,1,NULL,NULL,0,NULL,NULL,2),(1131,'M6GJF7TT',1,100,0,1,NULL,NULL,0,NULL,NULL,2),(1132,'M6Y2ABWX',1,100,0,1,NULL,NULL,0,NULL,NULL,2),(1133,'M6M4QVM6',1,100,0,1,NULL,NULL,0,NULL,NULL,2),(1134,'M6EWNWUC',1,100,0,1,NULL,NULL,0,NULL,NULL,2),(1135,'M6C2D2JM',1,100,0,1,NULL,NULL,0,NULL,NULL,2),(1136,'M6YH9T42',1,100,0,1,NULL,NULL,0,NULL,NULL,2),(1137,'M6DFHGWG',1,100,0,1,NULL,NULL,0,NULL,NULL,2),(1138,'M6XCA2PJ',1,100,0,1,NULL,NULL,0,NULL,NULL,2),(1139,'M6KCK6NU',1,100,0,1,NULL,NULL,0,NULL,NULL,2),(1140,'M6EKXGDR',1,100,0,1,NULL,NULL,0,NULL,NULL,2),(1141,'M6E8RZBX',1,100,0,1,NULL,NULL,0,NULL,NULL,2),(1142,'M6KAWEHN',1,100,0,1,NULL,NULL,0,NULL,NULL,2),(1143,'M6NWF72C',1,100,0,1,NULL,NULL,0,NULL,NULL,2),(1144,'M6BTXFKW',1,100,0,1,NULL,NULL,0,NULL,NULL,2),(1145,'M6WDRV9Y',1,100,0,1,NULL,NULL,0,NULL,NULL,2),(1146,'M6BHVZ32',1,100,0,1,NULL,NULL,0,NULL,NULL,2),(1147,'M6UVDV9K',1,100,0,1,NULL,NULL,0,NULL,NULL,2),(1148,'M6BRH8N8',1,100,0,1,NULL,NULL,0,NULL,NULL,2),(1149,'M6EAJRPT',1,100,0,1,NULL,NULL,0,NULL,NULL,2),(1150,'M66PTZX8',1,100,0,1,NULL,NULL,0,NULL,NULL,2),(1151,'M6ZQ2QGA',1,100,0,1,NULL,NULL,0,NULL,NULL,2),(1152,'M6UG24P7',1,100,0,1,NULL,NULL,0,NULL,NULL,2),(1153,'M6JFQM86',1,100,0,1,NULL,NULL,0,NULL,NULL,2),(1154,'M66JV8V3',1,100,0,1,NULL,NULL,0,NULL,NULL,2),(1155,'M6323JH9',1,100,0,1,NULL,NULL,0,NULL,NULL,2),(1156,'M69QYE4A',1,100,0,1,NULL,NULL,0,NULL,NULL,2),(1157,'M6A47TMB',1,100,0,1,NULL,NULL,0,NULL,NULL,2),(1158,'M6GF3DZ6',1,100,0,1,NULL,NULL,0,NULL,NULL,2),(1159,'M6RT9PBD',1,100,0,1,NULL,NULL,0,NULL,NULL,2),(1160,'M6JN98ZH',1,100,0,1,NULL,NULL,0,NULL,NULL,2),(1161,'M64Z6H87',1,100,0,1,NULL,NULL,0,NULL,NULL,2),(1162,'M6EETV6C',1,100,0,1,NULL,NULL,0,NULL,NULL,2),(1163,'M6EWQNKP',1,100,0,1,NULL,NULL,0,NULL,NULL,2),(1164,'M62764EQ',1,100,0,1,NULL,NULL,0,NULL,NULL,2),(1165,'M62J8TTR',1,100,0,1,NULL,NULL,0,NULL,NULL,2),(1166,'M63PQA74',1,100,0,1,NULL,NULL,0,NULL,NULL,2),(1167,'M6VRAXZX',1,100,0,1,NULL,NULL,0,NULL,NULL,2),(1168,'M646PGJ8',1,100,0,1,NULL,NULL,0,NULL,NULL,2),(1169,'M6F74NCU',1,100,0,1,NULL,NULL,0,NULL,NULL,2),(1170,'M644DHJH',1,100,0,1,NULL,NULL,0,NULL,NULL,2),(1171,'M63JEXYX',1,100,0,1,NULL,NULL,0,NULL,NULL,2),(1172,'M6ZR8MVQ',1,100,0,1,NULL,NULL,0,NULL,NULL,2),(1173,'M683Z27Q',1,100,0,1,NULL,NULL,0,NULL,NULL,2),(1174,'M6QKAKTQ',1,100,0,1,NULL,NULL,0,NULL,NULL,2),(1175,'M6HXQFFK',1,100,0,1,NULL,NULL,0,NULL,NULL,2),(1176,'M67Q8EUD',1,100,0,1,NULL,NULL,0,NULL,NULL,2),(1177,'M6HXPFHK',1,100,0,1,NULL,NULL,0,NULL,NULL,2),(1178,'M6EYRWUE',1,100,0,1,NULL,NULL,0,NULL,NULL,2),(1179,'M69BH7DN',1,100,0,1,NULL,NULL,0,NULL,NULL,2),(1180,'M6MYCTMQ',1,100,0,1,NULL,NULL,0,NULL,NULL,2),(1181,'M6RF6DMK',1,100,0,1,NULL,NULL,0,NULL,NULL,2),(1182,'M6YHDCG8',1,100,0,1,NULL,NULL,0,NULL,NULL,2),(1183,'M66JJJVU',1,100,0,1,NULL,NULL,0,NULL,NULL,2),(1184,'M6MYT3PW',1,100,0,1,NULL,NULL,0,NULL,NULL,2),(1185,'M6UMXBK9',1,100,0,1,NULL,NULL,0,NULL,NULL,2),(1186,'M6GYCN4K',1,100,0,1,NULL,NULL,0,NULL,NULL,2),(1187,'M6K8U8WE',1,100,0,1,NULL,NULL,0,NULL,NULL,2),(1188,'M69QGMF8',1,100,0,1,NULL,NULL,0,NULL,NULL,2),(1189,'M6PM3JCB',1,100,0,1,NULL,NULL,0,NULL,NULL,2),(1190,'M636PTZN',1,100,0,1,NULL,NULL,0,NULL,NULL,2),(1191,'M6GN348E',1,100,0,1,NULL,NULL,0,NULL,NULL,2),(1192,'M69J8KPA',1,100,0,1,NULL,NULL,0,NULL,NULL,2),(1193,'M6WV4647',1,100,0,1,NULL,NULL,0,NULL,NULL,2),(1194,'M6ZBVT6D',1,100,0,1,NULL,NULL,0,NULL,NULL,2),(1195,'M6ZDBYV9',1,100,0,1,NULL,NULL,0,NULL,NULL,2),(1196,'M6J9VEZU',1,100,0,1,NULL,NULL,0,NULL,NULL,2),(1197,'M663PZ78',1,100,0,1,NULL,NULL,0,NULL,NULL,2),(1198,'M6KHGXAV',1,100,0,1,NULL,NULL,0,NULL,NULL,2),(1199,'M6GA4BB6',1,100,0,1,NULL,NULL,0,NULL,NULL,2),(1200,'M6XPCRQE',1,100,0,1,NULL,NULL,0,NULL,NULL,2),(1201,'M64DJVD8',2,200,0,1,NULL,NULL,0,NULL,NULL,2),(1202,'M64XKDMN',2,200,0,1,NULL,NULL,0,NULL,NULL,2),(1203,'M68EBHX2',2,200,0,1,NULL,NULL,0,NULL,NULL,2),(1204,'M6JW7Y9T',2,200,0,1,NULL,NULL,0,NULL,NULL,2),(1205,'M6HNC3UN',2,200,0,1,NULL,NULL,0,NULL,NULL,2),(1206,'M6EM3TQG',2,200,0,1,NULL,NULL,0,NULL,NULL,2),(1207,'M6CP3JVN',2,200,0,1,NULL,NULL,0,NULL,NULL,2),(1208,'M6VH2YZN',2,200,0,1,NULL,NULL,0,NULL,NULL,2),(1209,'M6E486WC',2,200,0,1,NULL,NULL,0,NULL,NULL,2),(1210,'M6BPXRN8',2,200,0,1,NULL,NULL,0,NULL,NULL,2),(1211,'M6MAYZNJ',2,200,0,1,NULL,NULL,0,NULL,NULL,2),(1212,'M6PBAWWB',2,200,0,1,NULL,NULL,0,NULL,NULL,2),(1213,'M6H7ZGP6',2,200,0,1,NULL,NULL,0,NULL,NULL,2),(1214,'M6CHQ9BK',2,200,0,1,NULL,NULL,0,NULL,NULL,2),(1215,'M6UD9FDV',2,200,0,1,NULL,NULL,0,NULL,NULL,2),(1216,'M6FC3ZN8',2,200,0,1,NULL,NULL,0,NULL,NULL,2),(1217,'M63DJGHK',2,200,0,1,NULL,NULL,0,NULL,NULL,2),(1218,'M69FUUKE',2,200,0,1,NULL,NULL,0,NULL,NULL,2),(1219,'M6J3T4GG',2,200,0,1,NULL,NULL,0,NULL,NULL,2),(1220,'M637YVX9',2,200,0,1,NULL,NULL,0,NULL,NULL,2),(1221,'M6WDEJBE',2,200,0,1,NULL,NULL,0,NULL,NULL,2),(1222,'M6PGAGJA',2,200,0,1,NULL,NULL,0,NULL,NULL,2),(1223,'M6Q8J9R6',2,200,0,1,NULL,NULL,0,NULL,NULL,2),(1224,'M69C66UH',2,200,0,1,NULL,NULL,0,NULL,NULL,2),(1225,'M69UMKRW',2,200,0,1,NULL,NULL,0,NULL,NULL,2),(1226,'M63TQKTM',2,200,0,1,NULL,NULL,0,NULL,NULL,2),(1227,'M6BEY9HG',2,200,0,1,NULL,NULL,0,NULL,NULL,2),(1228,'M63NQ4PG',2,200,0,1,NULL,NULL,0,NULL,NULL,2),(1229,'M6RGVDCW',2,200,0,1,NULL,NULL,0,NULL,NULL,2),(1230,'M6KZ4UYF',2,200,0,1,NULL,NULL,0,NULL,NULL,2),(1231,'M6CU8JZK',2,200,0,1,NULL,NULL,0,NULL,NULL,2),(1232,'M6ZUHDAM',2,200,0,1,NULL,NULL,0,NULL,NULL,2),(1233,'M6GCURQJ',2,200,0,1,NULL,NULL,0,NULL,NULL,2),(1234,'M6GYJZCQ',2,200,0,1,NULL,NULL,0,NULL,NULL,2),(1235,'M6ZM69GM',2,200,0,1,NULL,NULL,0,NULL,NULL,2),(1236,'M6DAMWYC',2,200,0,1,NULL,NULL,0,NULL,NULL,2),(1237,'M634EK3C',2,200,0,1,NULL,NULL,0,NULL,NULL,2),(1238,'M6XZWQ3R',2,200,0,1,NULL,NULL,0,NULL,NULL,2),(1239,'M68RAHT2',2,200,0,1,NULL,NULL,0,NULL,NULL,2),(1240,'M64JBEVH',2,200,0,1,NULL,NULL,0,NULL,NULL,2),(1241,'M6CV3MXB',2,200,0,1,NULL,NULL,0,NULL,NULL,2),(1242,'M62Z7B3X',2,200,0,1,NULL,NULL,0,NULL,NULL,2),(1243,'M6UA9HH3',2,200,0,1,NULL,NULL,0,NULL,NULL,2),(1244,'M6RJ2FVV',2,200,0,1,NULL,NULL,0,NULL,NULL,2),(1245,'M6REFTEW',2,200,0,1,NULL,NULL,0,NULL,NULL,2),(1246,'M6KHM66T',2,200,0,1,NULL,NULL,0,NULL,NULL,2),(1247,'M6NYZFTQ',2,200,0,1,NULL,NULL,0,NULL,NULL,2),(1248,'M6PE9XGJ',2,200,0,1,NULL,NULL,0,NULL,NULL,2),(1249,'M6CVHJY4',2,200,0,1,NULL,NULL,0,NULL,NULL,2),(1250,'M6VWYEM6',2,200,0,1,NULL,NULL,0,NULL,NULL,2),(1251,'M68C3ZF2',2,200,0,1,NULL,NULL,0,NULL,NULL,2),(1252,'M667H6HE',2,200,0,1,NULL,NULL,0,NULL,NULL,2),(1253,'M6AFT47J',2,200,0,1,NULL,NULL,0,NULL,NULL,2),(1254,'M6A9BXD3',2,200,0,1,NULL,NULL,0,NULL,NULL,2),(1255,'M69UWQ23',2,200,0,1,NULL,NULL,0,NULL,NULL,2),(1256,'M6YRWE3J',2,200,0,1,NULL,NULL,0,NULL,NULL,2),(1257,'M6YT7C8W',2,200,0,1,NULL,NULL,0,NULL,NULL,2),(1258,'M6BRBVE9',2,200,0,1,NULL,NULL,0,NULL,NULL,2),(1259,'M6TBTC8Z',2,200,0,1,NULL,NULL,0,NULL,NULL,2),(1260,'M6XPTN88',2,200,0,1,NULL,NULL,0,NULL,NULL,2),(1261,'M6HGF6NG',2,200,0,1,NULL,NULL,0,NULL,NULL,2),(1262,'M69RY2X3',2,200,0,1,NULL,NULL,0,NULL,NULL,2),(1263,'M6P2KRJP',2,200,0,1,NULL,NULL,0,NULL,NULL,2),(1264,'M6HF8TWN',2,200,0,1,NULL,NULL,0,NULL,NULL,2),(1265,'M6NTUAQ3',2,200,0,1,NULL,NULL,0,NULL,NULL,2),(1266,'M6TPTF3Q',2,200,0,1,NULL,NULL,0,NULL,NULL,2),(1267,'M6P2G3VB',2,200,0,1,NULL,NULL,0,NULL,NULL,2),(1268,'M6867N6F',2,200,0,1,NULL,NULL,0,NULL,NULL,2),(1269,'M6WQUV3K',2,200,0,1,NULL,NULL,0,NULL,NULL,2),(1270,'M62RZ9VW',2,200,0,1,NULL,NULL,0,NULL,NULL,2),(1271,'M6CAQVHD',2,200,0,1,NULL,NULL,0,NULL,NULL,2),(1272,'M6RU7QWP',2,200,0,1,NULL,NULL,0,NULL,NULL,2),(1273,'M67RQ6PE',2,200,0,1,NULL,NULL,0,NULL,NULL,2),(1274,'M63TW7DD',2,200,0,1,NULL,NULL,0,NULL,NULL,2),(1275,'M6RY4327',2,200,0,1,NULL,NULL,0,NULL,NULL,2),(1276,'M6ZCTVRA',2,200,0,1,NULL,NULL,0,NULL,NULL,2),(1277,'M6VDXAPU',2,200,0,1,NULL,NULL,0,NULL,NULL,2),(1278,'M6QTWGK8',2,200,0,1,NULL,NULL,0,NULL,NULL,2),(1279,'M6YPWHBH',2,200,0,1,NULL,NULL,0,NULL,NULL,2),(1280,'M6C4QWV4',2,200,0,1,NULL,NULL,0,NULL,NULL,2),(1281,'M6H2NZGM',2,200,0,1,NULL,NULL,0,NULL,NULL,2),(1282,'M64ZTG4T',2,200,0,1,NULL,NULL,0,NULL,NULL,2),(1283,'M6TRU2MK',2,200,0,1,NULL,NULL,0,NULL,NULL,2),(1284,'M6Y4AR8Z',2,200,0,1,NULL,NULL,0,NULL,NULL,2),(1285,'M6EHW7FA',2,200,0,1,NULL,NULL,0,NULL,NULL,2),(1286,'M6EF2T82',2,200,0,1,NULL,NULL,0,NULL,NULL,2),(1287,'M66GD3R3',2,200,0,1,NULL,NULL,0,NULL,NULL,2),(1288,'M6KD7ZH2',2,200,0,1,NULL,NULL,0,NULL,NULL,2),(1289,'M6RXRMXE',2,200,0,1,NULL,NULL,0,NULL,NULL,2),(1290,'M6RWY3WB',2,200,0,1,NULL,NULL,0,NULL,NULL,2),(1291,'M6EHCHJN',2,200,0,1,NULL,NULL,0,NULL,NULL,2),(1292,'M6UAWW3E',2,200,0,1,NULL,NULL,0,NULL,NULL,2),(1293,'M6J4T4CM',2,200,0,1,NULL,NULL,0,NULL,NULL,2),(1294,'M6R3WYBT',2,200,0,1,NULL,NULL,0,NULL,NULL,2),(1295,'M66PWX6R',2,200,0,1,NULL,NULL,0,NULL,NULL,2),(1296,'M6PET8CF',2,200,0,1,NULL,NULL,0,NULL,NULL,2),(1297,'M6GJHAM8',2,200,0,1,NULL,NULL,0,NULL,NULL,2),(1298,'M69ENKUZ',2,200,0,1,NULL,NULL,0,NULL,NULL,2),(1299,'M6CF2C4K',2,200,0,1,NULL,NULL,0,NULL,NULL,2),(1300,'M6WM7NXT',2,200,0,1,NULL,NULL,0,NULL,NULL,2),(1301,'MSFSBC01',1,20,2,200,'2017-11-01','2018-05-31',0,NULL,NULL,2),(1302,'MSFSIG01',1,20,1,200,'2017-11-01','2018-05-31',0,NULL,NULL,2),(1303,'MSFSFB01',1,20,1,200,'2017-11-01','2018-05-31',0,NULL,NULL,2),(1304,'JAMEKYTMYS',1,20,0,5,'2017-11-30','2017-12-01',1,'2017-11-30 11:31:29','2017-11-30 11:31:29',2),(1305,'0123456789',1,20,0,2147483647,'2017-12-08','2017-12-09',1,'2017-12-08 15:36:36','2017-12-08 15:36:36',2),(1306,'TTESTMYSIX',1,10,0,20,'2017-12-13','2017-12-13',0,'2017-12-13 12:34:54','2017-12-13 12:34:54',2),(1307,'TESTMYSIXX',1,10,0,10,'2017-12-13','2017-12-13',0,'2017-12-13 15:31:58','2017-12-13 15:31:58',2),(1308,'TEST123456',1,10,0,3,'2017-12-14','2017-12-14',0,'2017-12-14 00:56:50','2017-12-14 00:56:50',2),(1309,'TESTTEST00',1,10,0,20,'2017-12-14','2017-12-14',0,'2017-12-14 16:31:33','2017-12-14 16:31:33',2),(1310,'MSDADDEC17',1,0,0,1000,'2017-12-14','2017-12-31',0,'2017-12-14 19:32:37','2017-12-14 19:32:37',2),(1311,'TESTTEST01',1,100,0,100,'2017-12-14','2017-12-14',0,'2017-12-14 23:04:29','2017-12-14 23:04:29',2),(1312,'MSKIMFRD01',1,30,0,1,'2017-12-01','2018-01-31',0,'2017-12-18 11:12:28','2017-12-18 11:12:28',2),(1313,'MSKIMFRD02',1,30,0,1,'2017-12-01','2018-01-31',0,'2017-12-18 11:12:53','2017-12-18 11:12:53',2),(1314,'MSKIMFRD03',1,30,0,1,'2017-12-01','2018-01-31',0,'2017-12-18 11:13:13','2017-12-18 11:13:13',2),(1315,'MSKIMFRD04',1,30,0,1,'2017-12-01','2018-01-31',0,'2017-12-18 11:13:28','2017-12-18 11:13:28',2),(1316,'MSKIMFRD05',1,30,0,1,'2017-12-01','2018-01-31',0,'2017-12-18 11:14:34','2017-12-18 11:14:34',2),(1317,'MSKIM30y01',1,100,0,1,'2017-12-01','2018-01-31',0,'2017-12-18 11:18:17','2017-12-18 11:18:17',2),(1318,'MSKINFRND1',1,50,0,1,'2017-12-13','2018-01-10',0,'2017-12-20 16:31:43','2017-12-20 16:31:43',2),(1319,'MSKIM30y02',1,100,1,1,'2017-12-20','2018-01-02',0,'2017-12-20 16:34:43','2017-12-20 16:34:43',2),(1320,'MSKINFRND2',1,50,1,1,'2017-12-20','2018-01-31',0,'2017-12-20 16:35:10','2017-12-20 16:35:10',2),(1321,'MSKINFRND3',1,50,0,1,'2017-12-20','2018-01-31',0,'2017-12-20 16:35:48','2017-12-20 16:35:48',2),(1322,'MSKINFRNDx',1,50,0,10,'2017-12-21','2018-01-31',0,'2017-12-20 23:46:01','2017-12-20 23:46:01',2),(1323,'MSNEWY2018',1,40,0,500,'2017-12-22','2018-01-31',0,'2017-12-21 00:08:16','2017-12-21 00:08:16',2),(1324,'MSVIPAXYZE',1,100,1,30,'2018-01-05','2018-02-09',0,'2018-01-04 15:11:21','2018-01-04 15:11:21',2),(1325,'MSKINFREE1',1,100,1,1,'2018-01-10','2018-01-31',0,'2018-01-10 13:00:55','2018-01-10 13:00:55',2),(1326,'MSKINFREEX',1,100,2,10,'2018-01-17','2018-02-13',0,'2018-01-17 13:44:33','2018-01-17 13:44:33',2),(1327,'MSFFBC0152',1,20,1,3000,'2018-01-24','2018-03-31',0,'2018-01-23 15:23:25','2018-01-23 15:23:25',2),(1328,'MSKINDC50X',1,50,1,10,'2018-03-09','2018-12-31',0,'2018-03-09 15:56:40','2018-03-09 15:56:40',2),(1329,'MSVKPATAMA',1,100,0,1,'2018-03-13','2018-12-31',0,'2018-03-12 13:45:55','2018-03-12 13:45:55',2),(1330,'1234567890',1,100,0,1,'2018-04-26','2018-04-28',0,'2018-04-26 12:52:42','2018-04-26 12:52:42',2);

--
-- Table structure for table `m_location_group`
--

CREATE TABLE `m_location_group` (
  `id` int(11) NOT NULL AUTO_INCREMENT,
  `name` varchar(100) COLLATE utf8_unicode_ci DEFAULT NULL,
  `seq` int(11) DEFAULT NULL,
  `status` int(11) DEFAULT NULL,
  `crby` varchar(100) COLLATE utf8_unicode_ci DEFAULT NULL,
  `crdate` datetime DEFAULT NULL,
  `updby` varchar(100) COLLATE utf8_unicode_ci DEFAULT NULL,
  `upddate` datetime DEFAULT NULL,
  PRIMARY KEY (`id`)
) ENGINE=InnoDB AUTO_INCREMENT=8 DEFAULT CHARSET=utf8 COLLATE=utf8_unicode_ci;

--
-- Dumping data for table `m_location_group`
--

INSERT INTO `m_location_group` VALUES (4,'เขต',12,1,NULL,'2017-06-15 01:39:01','jame_chr159@hotmail.com','2017-09-18 15:56:18'),(6,'BTS',13,1,'jame_chr159@hotmail.com','2017-10-17 17:24:07','jame_chr159@hotmail.com','2017-10-17 17:24:07'),(7,'MRT',14,1,'jame_chr159@hotmail.com','2017-10-17 18:51:45','jame_chr159@hotmail.com','2017-10-17 18:51:45');

--
-- Table structure for table `m_objective`
--

CREATE TABLE `m_objective` (
  `id` int(11) NOT NULL,
  `name` varchar(100) COLLATE utf8_unicode_ci DEFAULT NULL,
  `type_id` int(11) DEFAULT NULL,
  `need_remark` int(11) DEFAULT '0',
  PRIMARY KEY (`id`)
) ENGINE=InnoDB DEFAULT CHARSET=utf8 COLLATE=utf8_unicode_ci;

--
-- Dumping data for table `m_objective`
--

INSERT INTO `m_objective` VALUES (1,'Full body',1,0),(2,'Upper body',1,0),(3,'Lower body',1,0),(4,'Chest',1,0),(5,'Back',1,0),(6,'Shoulder',1,0),(7,'Leg',1,0),(8,'Arm',1,0),(9,'Abs',1,0),(10,'Astanga',2,0),(11,'Flow',2,0),(12,'Gentle',2,0),(13,'Hatha',2,0),(14,'Hot',2,0),(15,'Power',2,0),(16,'Restorative',2,0),(17,'Vinyasa',2,0),(18,'Yin',2,0),(19,'Yoga therapy',2,0),(20,'Mat Pilates',2,0),(21,'Other',2,1),(22,'Original Muay Thai',3,0),(23,'Cadio kickboxing program',3,0),(24,'Low Intensity',4,0),(25,'Medium Intensity',4,0),(26,'High Intensity',4,0),(27,'Aerobic Interval',4,0),(28,'Anaerobic Interval Training',4,0),(29,'Fartlek Training',4,0),(30,'Circuit Training',4,0);

--
-- Table structure for table `m_objective_type`
--

CREATE TABLE `m_objective_type` (
  `id` int(11) NOT NULL,
  `name` varchar(100) COLLATE utf8_unicode_ci DEFAULT NULL,
  `status` int(11) DEFAULT NULL,
  PRIMARY KEY (`id`)
) ENGINE=InnoDB DEFAULT CHARSET=utf8 COLLATE=utf8_unicode_ci;

--
-- Dumping data for table `m_objective_type`
--

INSERT INTO `m_objective_type` VALUES (1,'Weight training',1),(2,'Yoga',1),(3,'Boxing',1),(4,'Cadio',1);

--
-- Table structure for table `m_order_person`
--

CREATE TABLE `m_order_person` (
  `id` int(11) NOT NULL,
  `name` varchar(100) COLLATE utf8_unicode_ci DEFAULT NULL,
  PRIMARY KEY (`id`)
) ENGINE=InnoDB DEFAULT CHARSET=utf8 COLLATE=utf8_unicode_ci;

--
-- Dumping data for table `m_order_person`
--

INSERT INTO `m_order_person` VALUES (1,'1-1'),(2,'2 person'),(3,'group');

--
-- Table structure for table `m_order_status`
--

CREATE TABLE `m_order_status` (
  `id` int(11) NOT NULL,
  `name` varchar(100) COLLATE utf8_unicode_ci DEFAULT NULL,
  PRIMARY KEY (`id`)
) ENGINE=InnoDB DEFAULT CHARSET=utf8 COLLATE=utf8_unicode_ci;

--
-- Dumping data for table `m_order_status`
--

INSERT INTO `m_order_status` VALUES (1,'ออเดอร์ใหม่'),(2,'ตรวจสอบ'),(3,'จ่ายเงินแล้ว'),(4,'เสร็จสิ้น'),(9,'ยกเลิก');

--
-- Table structure for table `m_price_range`
--

CREATE TABLE `m_price_range` (
  `id` int(11) NOT NULL,
  `start` int(11) DEFAULT NULL,
  `end` int(11) DEFAULT NULL,
  PRIMARY KEY (`id`)
) ENGINE=InnoDB DEFAULT CHARSET=utf8 COLLATE=utf8_unicode_ci;

--
-- Dumping data for table `m_price_range`
--

INSERT INTO `m_price_range` VALUES (1,0,700),(2,700,1400),(3,1400,2100),(4,2100,9999);

--
-- Table structure for table `m_rank_range`
--

CREATE TABLE `m_rank_range` (
  `id` int(11) NOT NULL AUTO_INCREMENT,
  `name` varchar(100) COLLATE utf8_unicode_ci DEFAULT NULL,
  `start_comp` float(8,2) DEFAULT NULL,
  `end_comp` float(8,2) DEFAULT NULL,
  `min_point` int(11) DEFAULT NULL,
  PRIMARY KEY (`id`)
) ENGINE=InnoDB AUTO_INCREMENT=5 DEFAULT CHARSET=utf8 COLLATE=utf8_unicode_ci;

--
-- Dumping data for table `m_rank_range`
--

INSERT INTO `m_rank_range` VALUES (1,'Member',23.50,23.50,0),(2,'Silver',21.50,21.50,10000),(3,'Gold',17.00,20.00,30000),(4,'Platinum',15.00,17.00,60000);

--
-- Table structure for table `m_slot`
--

CREATE TABLE `m_slot` (
  `id` int(11) NOT NULL,
  `name` varchar(45) COLLATE utf8_unicode_ci DEFAULT NULL,
  `endname` varchar(45) COLLATE utf8_unicode_ci DEFAULT NULL,
  `duration` varchar(45) COLLATE utf8_unicode_ci DEFAULT NULL,
  `status` int(11) DEFAULT '1',
  `prev` int(11) DEFAULT NULL,
  `next` int(11) DEFAULT NULL,
  `fotmat` varchar(10) COLLATE utf8_unicode_ci DEFAULT NULL,
  PRIMARY KEY (`id`)
) ENGINE=InnoDB DEFAULT CHARSET=utf8 COLLATE=utf8_unicode_ci;

--
-- Dumping data for table `m_slot`
--

INSERT INTO `m_slot` VALUES (41,'04.00','05.00',NULL,0,NULL,42,'04:00:00'),(42,'04.30','05.30',NULL,0,41,51,'04:30:00'),(51,'05.00','06.00',NULL,0,42,52,'05:00:00'),(52,'05.30','06.30',NULL,0,51,61,'05:30:00'),(61,'06.00','07.00',NULL,0,52,62,'06:00:00'),(62,'06.30','07.30',NULL,0,61,71,'06:30:00'),(71,'07.00','08.00',NULL,1,62,72,'07:00:00'),(72,'07.30','08.30',NULL,1,71,81,'07:30:00'),(81,'08.00','09.00',NULL,1,72,82,'08:00:00'),(82,'08.30','09.30',NULL,1,81,91,'08:30:00'),(91,'09.00','10.00',NULL,1,82,92,'09:00:00'),(92,'09.30','10.30',NULL,1,91,101,'09:30:00'),(101,'10.00','11.00',NULL,1,92,102,'10:00:00'),(102,'10.30','11.30',NULL,1,101,111,'10:30:00'),(111,'11.00','12.00',NULL,1,102,112,'11:00:00'),(112,'11.30','12.30',NULL,1,111,121,'11:30:00'),(121,'12.00','13.00',NULL,1,112,122,'12:00:00'),(122,'12.30','13.30',NULL,1,121,131,'12:30:00'),(131,'13.00','14.00',NULL,1,122,132,'13:00:00'),(132,'13.30','14.30',NULL,1,131,141,'13:30:00'),(141,'14.00','15.00',NULL,1,132,142,'14:00:00'),(142,'14.30','15.30',NULL,1,141,151,'14:30:00'),(151,'15.00','16.00',NULL,1,142,152,'15:00:00'),(152,'15.30','16.30',NULL,1,151,161,'15:30:00'),(161,'16.00','17.00',NULL,1,152,162,'16:00:00'),(162,'16.30','17.30',NULL,1,161,171,'16:30:00'),(171,'17.00','18.00',NULL,1,162,172,'17:00:00'),(172,'17.30','18.30',NULL,1,171,181,'17:30:00'),(181,'18.00','19.00',NULL,1,172,182,'18:00:00'),(182,'18.30','19.30',NULL,1,181,191,'18:30:00'),(191,'19.00','20.00',NULL,1,182,192,'19:00:00'),(192,'19.30','20.30',NULL,1,191,201,'19:30:00'),(201,'20.00','21.00',NULL,1,192,202,'20:00:00'),(202,'20.30','21.30',NULL,1,201,211,'20:30:00'),(211,'21.00','22.00',NULL,1,202,212,'21:00:00'),(212,'21.30','22.30',NULL,1,211,221,'21:30:00'),(221,'22.00','23.00',NULL,1,212,222,'22:00:00'),(222,'22.30','23.30',NULL,1,221,231,'22:30:00'),(231,'23.00','24.00',NULL,1,222,232,'23:00:00'),(232,'23.30','00.30',NULL,1,231,241,'23:30:00'),(241,'24.00','01.00',NULL,1,232,242,'00:00:00'),(242,'00.30','01.30',NULL,0,241,251,'00:30:00'),(251,'01.00','02.00',NULL,0,242,NULL,'01:00:00');

--
-- Table structure for table `m_slotsearch_range`
--

CREATE TABLE `m_slotsearch_range` (
  `id` int(11) NOT NULL,
  `start` int(11) DEFAULT NULL,
  `end` int(11) DEFAULT NULL,
  PRIMARY KEY (`id`)
) ENGINE=InnoDB DEFAULT CHARSET=utf8 COLLATE=utf8_unicode_ci;

--
-- Dumping data for table `m_slotsearch_range`
--

INSERT INTO `m_slotsearch_range` VALUES (1,41,92),(2,101,152),(3,161,242);

--
-- Table structure for table `m_speciality`
--

CREATE TABLE `m_speciality` (
  `id` int(11) NOT NULL AUTO_INCREMENT,
  `name` varchar(100) COLLATE utf8_unicode_ci DEFAULT NULL,
  `seq` int(11) DEFAULT NULL,
  `status` int(11) DEFAULT NULL,
  `crby` varchar(100) COLLATE utf8_unicode_ci DEFAULT NULL,
  `crdate` datetime DEFAULT NULL,
  `updby` varchar(100) COLLATE utf8_unicode_ci DEFAULT NULL,
  `upddate` datetime DEFAULT NULL,
  PRIMARY KEY (`id`)
) ENGINE=InnoDB AUTO_INCREMENT=14 DEFAULT CHARSET=utf8 COLLATE=utf8_unicode_ci;

--
-- Dumping data for table `m_speciality`
--

INSERT INTO `m_speciality` VALUES (1,'test',NULL,0,NULL,NULL,NULL,NULL),(2,'Strength Training',NULL,1,NULL,NULL,NULL,NULL),(3,'Weight Loss',NULL,1,NULL,NULL,NULL,NULL),(4,'Core and Balance',NULL,1,NULL,NULL,NULL,NULL),(5,'Functional Training',NULL,1,NULL,NULL,NULL,NULL),(6,'Flexibility and Mobility',NULL,1,NULL,NULL,NULL,NULL),(7,'Nutrition',NULL,1,NULL,NULL,NULL,NULL),(8,'Sports Performance',NULL,1,NULL,NULL,NULL,NULL),(9,'Training',NULL,0,NULL,NULL,NULL,NULL),(10,'Muscular Definition',NULL,0,NULL,NULL,NULL,NULL),(11,'Muscle Gain',NULL,1,NULL,NULL,NULL,NULL),(12,'Rehabilitation',NULL,1,NULL,NULL,NULL,NULL),(13,'Sport Preparation',NULL,1,NULL,NULL,NULL,NULL);

--
-- Table structure for table `m_trainer_location`
--

CREATE TABLE `m_trainer_location` (
  `id` int(11) NOT NULL AUTO_INCREMENT,
  `name` varchar(100) COLLATE utf8_unicode_ci DEFAULT NULL,
  `name_th` varchar(100) COLLATE utf8_unicode_ci DEFAULT NULL,
  `zipcode` varchar(20) CHARACTER SET utf8 DEFAULT NULL,
  `location_group_id` int(11) DEFAULT NULL,
  `seq` int(11) DEFAULT NULL,
  `status` int(11) DEFAULT NULL,
  `crby` varchar(100) COLLATE utf8_unicode_ci DEFAULT NULL,
  `crdate` datetime DEFAULT NULL,
  `updby` varchar(100) COLLATE utf8_unicode_ci DEFAULT NULL,
  `upddate` datetime DEFAULT NULL,
  `search` text COLLATE utf8_unicode_ci,
  `nearby` text COLLATE utf8_unicode_ci,
  PRIMARY KEY (`id`)
) ENGINE=InnoDB AUTO_INCREMENT=107 DEFAULT CHARSET=utf8 COLLATE=utf8_unicode_ci;

--
-- Dumping data for table `m_trainer_location`
--

INSERT INTO `m_trainer_location` VALUES (2,'Bang Bon','บางบอน','10150,10150',4,26,1,'system','2017-06-15 02:17:56','test@meetyoursix.com','2017-08-30 17:01:00','Bang Bon10150,10150บางบอน',NULL),(3,'Bang Kapi','บางกะปิ','10240',4,28,1,'system','2017-06-15 02:17:56','kim@a.com','2017-09-11 12:41:43','Bang Kapi10240บางกะปิ',NULL),(4,'Bang Khae','บางแค','10160',4,24,1,'system','2017-06-15 02:17:56','system','2017-08-09 22:55:52','Bang Khae10160บางแค',NULL),(5,'Bang Khen','บางเขน','10220',4,29,1,'system','2017-06-15 02:17:56','kim@a.com','2017-09-11 12:41:51','Bang Khen10220บางเขน',NULL),(6,'Bang Kho Laem','บางคอแหลม','10120',4,30,1,'system','2017-06-15 02:17:56','kim@a.com','2017-09-11 12:42:10','Bang Kho Laem10120บางคอแหลม',NULL),(7,'Bang Khun Thian','บางขุนเทียน','10150',4,31,1,'system','2017-06-15 02:17:56','kim@a.com','2017-09-11 12:42:25','Bang Khun Thian10150บางขุนเทียน',NULL),(8,'Bang Na','บางนา','10260',4,32,1,'system','2017-06-15 02:17:56','kim@a.com','2017-09-11 12:42:34','Bang Na10260บางนา',NULL),(9,'Bang Phlat','บางพลัด','10700',4,33,1,'system','2017-06-15 02:17:56','kim@a.com','2017-09-11 12:42:44','Bang Phlat10700บางพลัด',NULL),(10,'Bang Rak','บางรัก','10500',4,34,1,'system','2017-06-15 02:17:56','kim@a.com','2017-09-11 12:42:56','Bang Rak10500บางรัก',NULL),(11,'Bang Sue','บางซื่อ','10800',4,35,1,'system','2017-06-15 02:17:56','kim@a.com','2017-09-11 12:43:06','Bang Sue10800บางซื่อ',NULL),(12,'Bangkok Noi','บางกอกน้อย','10700',4,36,1,'system','2017-06-15 02:17:56','kim@a.com','2017-09-11 12:43:17','Bangkok Noi10700บางกอกน้อย',NULL),(13,'Bangkok Yai','บางกอกใหญ่','10600',4,37,1,'system','2017-06-15 02:17:56','kim@a.com','2017-09-11 12:43:29','Bangkok Yai10600บางกอกใหญ่',NULL),(14,'Bueng Kum','บึงกุ่ม','10240',4,38,1,'system','2017-06-15 02:17:56','kim@a.com','2017-09-11 12:44:11','Bueng Kum10240บึงกุ่ม',NULL),(15,'Chatujak','จตุจักร','10900',4,40,1,'system','2017-06-15 02:17:56','kim@a.com','2017-09-11 12:45:11','Chatujak10900จตุจักร',NULL),(16,'Chom Thong','จอมทอง','10150',4,41,1,'system','2017-06-15 02:17:56','kim@a.com','2017-09-11 12:45:59','Chom Thong10150จอมทอง',NULL),(17,'Din Deang','ดินแดง','10400',4,42,1,'system','2017-06-15 02:17:56','kim@a.com','2017-09-11 12:46:16','Din Deang10400ดินแดง',NULL),(18,'Don Meaung','ดอนเมือง','10210',4,43,1,'system','2017-06-15 02:17:56','kim@a.com','2017-09-11 12:46:59','Don Meaung10210ดอนเมือง',NULL),(19,'Dusit','ดุสิต','10300',4,44,1,'system','2017-06-15 02:17:56','kim@a.com','2017-09-11 12:47:12','Dusit10300ดุสิต',NULL),(20,'Huai Khwang','ห้วยขวาง','10320',4,45,1,'system','2017-06-15 02:17:56','kim@a.com','2017-09-11 12:47:22','Huai Khwang10320ห้วยขวาง',NULL),(21,'Khan Na Yao','คันนายาว','10230',4,46,1,'system','2017-06-15 02:17:56','kim@a.com','2017-09-11 12:48:19','Khan Na Yao10230คันนายาว',NULL),(22,'Khlong Sam Wa','คลองสามวา','10510',4,47,1,'system','2017-06-15 02:17:56','kim@a.com','2017-09-11 12:48:29','Khlong Sam Wa10510คลองสามวา',NULL),(23,'Khlong San','คลองสาน','10600',4,49,1,'system','2017-06-15 02:17:56','kim@a.com','2017-09-11 12:49:02','Khlong San10600คลองสาน',NULL),(24,'Khlong Toei','คลองเตย','10110',4,50,1,'system','2017-06-15 02:17:56','kim@a.com','2017-09-11 12:49:37','Khlong Toei10110คลองเตย',NULL),(25,'Lak Si','หลักสี่','10210',4,51,1,'system','2017-06-15 02:17:56','kim@a.com','2017-09-11 12:49:50','Lak Si10210หลักสี่',NULL),(26,'Lat Krabang','ลาดกระบัง','10520',4,52,1,'system','2017-06-15 02:17:56','kim@a.com','2017-09-11 12:50:02','Lat Krabang10520ลาดกระบัง',NULL),(27,'Lat Phrao','ลาดพร้าว','10230',4,53,1,'system','2017-06-15 02:17:56','kim@a.com','2017-09-11 12:50:18','Lat Phrao10230ลาดพร้าว',NULL),(28,'Min Buri','มีนบุรี','10510',4,54,1,'system','2017-06-15 02:17:56','kim@a.com','2017-09-11 12:50:34','Min Buri10510มีนบุรี',NULL),(29,'Nong Chok','หนองจอก','10530',4,55,1,'system','2017-06-15 02:17:56','kim@a.com','2017-09-11 12:53:43','Nong Chok10530หนองจอก',NULL),(30,'Nong Khaem','หนองแขม','10160',4,56,1,'system','2017-06-15 02:17:56','kim@a.com','2017-09-11 12:54:27','Nong Khaem10160หนองแขม',NULL),(31,'Pathum Wan','ปทุมวัน','10330',4,57,1,'system','2017-06-15 02:17:56','kim@a.com','2017-09-11 12:56:08','Pathum Wan10330ปทุมวัน',NULL),(32,'Phasi Charoen','ภาษีเจริญ','10160',4,58,1,'system','2017-06-15 02:17:56','kim@a.com','2017-09-11 12:56:20','Phasi Charoen10160ภาษีเจริญ',NULL),(33,'Phaya Thai','พญาไท','10400',4,59,1,'system','2017-06-15 02:17:56','kim@a.com','2017-09-11 12:56:55','Phaya Thai10400พญาไท',NULL),(34,'Phra Khanong','พระโขนง','10260',4,133,1,'system','2017-06-15 02:17:56','jame_chr159@hotmail.com','2017-10-18 18:48:36','Phra Khanong10260พระโขนง',NULL),(35,'Phra Nakhon','พระนคร','10200',4,134,1,'system','2017-06-15 02:17:56','jame_chr159@hotmail.com','2017-10-18 18:48:42','Phra Nakhon10200พระนคร',NULL),(36,'Pom Prap Sattru Phai','ป้อมปราบศัตรูพ่าย','10100',4,138,1,'system','2017-06-15 02:17:56','jame_chr159@hotmail.com','2017-10-18 18:49:12','Pom Prap Sattru Phai10100ป้อมปราบศัตรูพ่าย',NULL),(37,'Prawet','ประเวศ','10250',4,139,1,'system','2017-06-15 02:17:56','jame_chr159@hotmail.com','2017-10-18 18:49:17','Prawet10250ประเวศ',NULL),(38,'Rat Burana','ราษฎร์บูรณะ','10140',4,141,1,'system','2017-06-15 02:17:56','jame_chr159@hotmail.com','2017-10-18 18:49:30','Rat Burana10140ราษฎร์บูรณะ',NULL),(39,'Ratchathewi','ราชเทวี','10400',4,65,1,'system','2017-06-15 02:17:56','kim@a.com','2017-09-25 23:26:09','Ratchathewi10400ราชเทวี',NULL),(40,'Sai Mai','สายไหม','10220',4,142,1,'system','2017-06-15 02:17:56','jame_chr159@hotmail.com','2017-10-18 18:49:40','Sai Mai10220สายไหม',NULL),(41,'Samphanthawong','สัมพันธวงศ์','10100',4,143,1,'system','2017-06-15 02:17:56','jame_chr159@hotmail.com','2017-10-18 18:49:49','Samphanthawong10100สัมพันธวงศ์',NULL),(42,'Saphan Sung','สะพานสูง','10240',4,68,1,'system','2017-06-15 02:17:56','kim@a.com','2017-09-25 23:27:33','Saphan Sung10240สะพานสูง',NULL),(43,'Sathon','สาทร','10120',4,27,1,'system','2017-06-15 02:17:56','kim@a.com','2017-09-07 15:22:36','Sathon10120สาทร',NULL),(44,'Suan Luang','สวนหลวง','10250',4,69,1,'system','2017-06-15 02:17:56','kim@a.com','2017-09-25 23:29:02','Suan Luang10250สวนหลวง',NULL),(45,'Taling Chan','ตลิ่งชัน','10170',4,70,1,'system','2017-06-15 02:17:56','kim@a.com','2017-09-25 23:29:33','Taling Chan10170ตลิ่งชัน',NULL),(46,'Thawi Watthana','ทวีวัฒนา','10170',4,140,1,'system','2017-06-15 02:17:56','jame_chr159@hotmail.com','2017-10-18 18:49:23','Thawi Watthana10170ทวีวัฒนา',NULL),(47,'Thon Buri','ธนบุรี','10600',4,72,1,'system','2017-06-15 02:17:56','kim@a.com','2017-09-25 23:32:15','Thon Buri10600ธนบุรี',NULL),(48,'Thung Khru','ทุ่งครุ','10140',4,144,1,'system','2017-06-15 02:17:56','jame_chr159@hotmail.com','2017-10-18 18:49:54','Thung Khru10140ทุ่งครุ',NULL),(49,'Wang Thonglang','วังทองหลัง','10310',4,74,1,'system','2017-06-15 02:17:56','kim@a.com','2017-09-25 23:34:37','Wang Thonglang10310วังทองหลัง',NULL),(50,'Watthana','วัฒนา','10110',4,145,1,'system','2017-06-15 02:17:56','jame_chr159@hotmail.com','2017-10-18 18:49:58','Watthana10110วัฒนา',NULL),(51,'Yan Nawa','ยานนาวา','10120',4,136,1,'system','2017-06-15 02:17:56','jame_chr159@hotmail.com','2017-10-18 18:49:00','Yan Nawa10120ยานนาวา',NULL),(53,'BTS Bangwa','บีทีเอส บางหว้า',NULL,6,78,1,'jame_chr159@hotmail.com','2017-10-17 17:24:32','jame_chr159@hotmail.com','2017-10-17 17:24:32','BTS Bangwaบีทีเอส บางหว้า',NULL),(54,'BTS Wutthakat','บีทีเอส วุฒากาศ',NULL,6,79,1,'jame_chr159@hotmail.com','2017-10-17 17:28:11','jame_chr159@hotmail.com','2017-10-17 17:28:11','BTS Wutthakatบีทีเอส วุฒากาศ',NULL),(55,'BTS Talat Phlu','บีทีเอส ตลาดพลู',NULL,6,80,1,'jame_chr159@hotmail.com','2017-10-17 17:29:44','jame_chr159@hotmail.com','2017-10-17 17:29:44','BTS Talat Phluบีทีเอส ตลาดพลู',NULL),(56,'BTS Pho Nimit','บีทีเอส โพธิ์นิมิตร',NULL,6,137,1,'jame_chr159@hotmail.com','2017-10-17 17:30:32','jame_chr159@hotmail.com','2017-10-18 18:49:07','BTS Pho Nimitบีทีเอส โพธิ์นิมิตร',NULL),(57,'BTS Pho Nimit','บีทีเอส โพธิ์นิมิตร',NULL,6,82,1,'jame_chr159@hotmail.com','2017-10-17 17:31:41','jame_chr159@hotmail.com','2017-10-17 17:31:41','BTS Pho Nimitบีทีเอส โพธิ์นิมิตร',NULL),(58,'BTS Wongwian Yai','บีทีเอส วงเวียนใหญ่',NULL,6,83,1,'jame_chr159@hotmail.com','2017-10-17 17:32:12','jame_chr159@hotmail.com','2017-10-17 17:32:12','BTS Wongwian Yaiบีทีเอส วงเวียนใหญ่',NULL),(59,'BTS Krung Thon Buri','บีทีเอส กรุงธนบุรี',NULL,6,84,1,'jame_chr159@hotmail.com','2017-10-17 17:32:43','jame_chr159@hotmail.com','2017-10-17 17:32:43','BTS Krung Thon Buriบีทีเอส กรุงธนบุรี',NULL),(60,'BTS Saphan Taksin','บีทีเอส สะพานตากสิน',NULL,6,85,1,'jame_chr159@hotmail.com','2017-10-17 17:33:35','jame_chr159@hotmail.com','2017-10-17 17:33:35','BTS Saphan Taksinบีทีเอส สะพานตากสิน',NULL),(61,'BTS Surasak','บีทีเอส สุรศักดิ์',NULL,6,86,1,'jame_chr159@hotmail.com','2017-10-17 17:34:00','jame_chr159@hotmail.com','2017-10-17 17:34:00','BTS Surasakบีทีเอส สุรศักดิ์',NULL),(62,'BTS Chong Nonsi','บีทีเอส ช่องนนทรี',NULL,6,87,1,'jame_chr159@hotmail.com','2017-10-17 17:34:24','jame_chr159@hotmail.com','2017-10-17 17:34:24','BTS Chong Nonsiบีทีเอส ช่องนนทรี',NULL),(63,'BTS Sala Daeng','บีทีเอส ศาลาแดง',NULL,6,88,1,'jame_chr159@hotmail.com','2017-10-17 17:34:44','jame_chr159@hotmail.com','2017-10-17 17:34:44','BTS Sala Daengบีทีเอส ศาลาแดง',NULL),(64,'BTS Ratchadamri','บีทีเอส ราชดำริ',NULL,6,89,1,'jame_chr159@hotmail.com','2017-10-17 17:35:05','jame_chr159@hotmail.com','2017-10-17 17:35:05','BTS Ratchadamriบีทีเอส ราชดำริ',NULL),(65,'BTS Siam','บีทีเอส สยาม',NULL,6,90,1,'jame_chr159@hotmail.com','2017-10-17 17:35:19','jame_chr159@hotmail.com','2017-10-17 17:35:19','BTS Siamบีทีเอส สยาม',NULL),(66,'BTS National Stadium','บีทีเอส สนามกีฬาแห่งชาติ',NULL,6,91,1,'jame_chr159@hotmail.com','2017-10-17 17:35:48','jame_chr159@hotmail.com','2017-10-17 17:35:48','BTS National Stadiumบีทีเอส สนามกีฬาแห่งชาติ',NULL),(67,'BTS Mo Chit','บีทีเอส หมอชิต',NULL,6,92,1,'jame_chr159@hotmail.com','2017-10-17 17:36:23','jame_chr159@hotmail.com','2017-10-17 17:36:23','BTS Mo Chitบีทีเอส หมอชิต',NULL),(68,'BTS Saphan Khwai','บีทีเอส สะพานควาย',NULL,6,93,1,'jame_chr159@hotmail.com','2017-10-17 17:36:45','jame_chr159@hotmail.com','2017-10-17 17:36:45','BTS Saphan Khwaiบีทีเอส สะพานควาย',NULL),(69,'BTS Ari','บีทีเอส อารีย์',NULL,6,94,1,'jame_chr159@hotmail.com','2017-10-17 17:36:58','jame_chr159@hotmail.com','2017-10-17 17:36:58','BTS Ariบีทีเอส อารีย์',NULL),(70,'BTS Sanam Pao','บีทีเอส สนามเป้า',NULL,6,95,1,'jame_chr159@hotmail.com','2017-10-17 17:37:12','jame_chr159@hotmail.com','2017-10-17 17:37:12','BTS Sanam Paoบีทีเอส สนามเป้า',NULL),(71,'BTS Victory Monument','บีทีเอส อนุสาวรีย์ชัยสมรภูมิ',NULL,6,96,1,'jame_chr159@hotmail.com','2017-10-17 17:37:43','jame_chr159@hotmail.com','2017-10-17 17:37:43','BTS Victory Monumentบีทีเอส อนุสาวรีย์ชัยสมรภูมิ',NULL),(72,'BTS Phaya Thai','บีทีเอส พญาไท',NULL,6,97,1,'jame_chr159@hotmail.com','2017-10-17 17:38:02','jame_chr159@hotmail.com','2017-10-17 17:38:02','BTS Phaya Thaiบีทีเอส พญาไท',NULL),(73,'BTS Ratchathewi','บีทีเอส ราชเทวี',NULL,6,98,1,'jame_chr159@hotmail.com','2017-10-17 17:38:20','jame_chr159@hotmail.com','2017-10-17 17:38:20','BTS Ratchathewiบีทีเอส ราชเทวี',NULL),(74,'BTS Chit Lom','บีทีเอส ชิดลม',NULL,6,99,1,'jame_chr159@hotmail.com','2017-10-17 18:24:57','jame_chr159@hotmail.com','2017-10-17 18:24:57','BTS Chit Lomบีทีเอส ชิดลม',NULL),(75,'BTS Ploen Chit','บีทีเอส เพลินจิต',NULL,6,100,1,'jame_chr159@hotmail.com','2017-10-17 18:25:14','jame_chr159@hotmail.com','2017-10-17 18:25:14','BTS Ploen Chitบีทีเอส เพลินจิต',NULL),(76,'BTS Nana','บีทีเอส นานา',NULL,6,101,1,'jame_chr159@hotmail.com','2017-10-17 18:25:28','jame_chr159@hotmail.com','2017-10-17 18:25:28','BTS Nanaบีทีเอส นานา',NULL),(77,'BTS Asok','บีทีเอส อโศก',NULL,6,102,1,'jame_chr159@hotmail.com','2017-10-17 18:25:40','jame_chr159@hotmail.com','2017-10-17 18:25:40','BTS Asokบีทีเอส อโศก',NULL),(78,'BTS Phrom Phong','บีทีเอส พร้อมพงษ์',NULL,6,103,1,'jame_chr159@hotmail.com','2017-10-17 18:26:02','jame_chr159@hotmail.com','2017-10-17 18:26:02','BTS Phrom Phongบีทีเอส พร้อมพงษ์',NULL),(79,'BTS Thong Lo','บีทีเอส ทองหล่อ',NULL,6,104,1,'jame_chr159@hotmail.com','2017-10-17 18:26:17','jame_chr159@hotmail.com','2017-10-17 18:26:17','BTS Thong Loบีทีเอส ทองหล่อ',NULL),(80,'BTS Ekkamai','บีทีเอส เอกมัย',NULL,6,105,1,'jame_chr159@hotmail.com','2017-10-17 18:26:32','jame_chr159@hotmail.com','2017-10-17 18:26:32','BTS Ekkamaiบีทีเอส เอกมัย',NULL),(81,'BTS Phra Khanong','บีทีเอส พระโขนง',NULL,6,106,1,'jame_chr159@hotmail.com','2017-10-17 18:26:52','jame_chr159@hotmail.com','2017-10-17 18:26:52','BTS Phra Khanongบีทีเอส พระโขนง',NULL),(82,'BTS On Nut','บีทีเอส อ่อนนุช',NULL,6,107,1,'jame_chr159@hotmail.com','2017-10-17 18:27:23','jame_chr159@hotmail.com','2017-10-17 18:27:23','BTS On Nutบีทีเอส อ่อนนุช',NULL),(83,'BTS Bang Chak','บีทีเอส บางจาก',NULL,6,108,1,'jame_chr159@hotmail.com','2017-10-17 18:27:41','jame_chr159@hotmail.com','2017-10-17 18:27:41','BTS Bang Chakบีทีเอส บางจาก',NULL),(84,'BTS Punnawithi','บีทีเอส ปุณณวิถี',NULL,6,109,1,'jame_chr159@hotmail.com','2017-10-17 18:28:05','jame_chr159@hotmail.com','2017-10-17 18:28:05','BTS Punnawithiบีทีเอส ปุณณวิถี',NULL),(85,'BTS Udom Suk','บีทีเอส อุดมสุข',NULL,6,110,1,'jame_chr159@hotmail.com','2017-10-17 18:28:21','jame_chr159@hotmail.com','2017-10-17 18:28:21','BTS Udom Sukบีทีเอส อุดมสุข',NULL),(86,'BTS Bang Na','บีทีเอส บางนา',NULL,6,111,1,'jame_chr159@hotmail.com','2017-10-17 18:28:36','jame_chr159@hotmail.com','2017-10-17 18:28:36','BTS Bang Naบีทีเอส บางนา',NULL),(87,'BTS Bearing','บีทีเอส แบริ่ง',NULL,6,112,1,'jame_chr159@hotmail.com','2017-10-17 18:30:03','jame_chr159@hotmail.com','2017-10-17 18:30:03','BTS Bearingบีทีเอส แบริ่ง',NULL),(88,'BTS Samrong','บีทีเอส สำโรง',NULL,6,113,1,'jame_chr159@hotmail.com','2017-10-17 18:30:41','jame_chr159@hotmail.com','2017-10-17 18:30:41','BTS Samrongบีทีเอส สำโรง',NULL),(89,'MRT Bang Sue','เอ็มอาร์ที บางซื่อ',NULL,7,114,1,'jame_chr159@hotmail.com','2017-10-17 18:56:59','jame_chr159@hotmail.com','2017-10-17 18:56:59','MRT Bang Sueเอ็มอาร์ที บางซื่อ',NULL),(90,'MRT Kamphaeng Phet','เอ็มอาร์ที กำแพงเพชร',NULL,7,115,1,'jame_chr159@hotmail.com','2017-10-17 18:58:17','jame_chr159@hotmail.com','2017-10-17 18:58:17','MRT Kamphaeng Phetเอ็มอาร์ที กำแพงเพชร',NULL),(91,'MRT Chatuchak Park','เอ็มอาร์ที สวนจตุจักร',NULL,7,116,1,'jame_chr159@hotmail.com','2017-10-17 18:58:50','jame_chr159@hotmail.com','2017-10-17 18:58:50','MRT Chatuchak Parkเอ็มอาร์ที สวนจตุจักร',NULL),(92,'MRT Phahon Yothin','เอ็มอาร์ที พหลโยธิน',NULL,7,117,1,'jame_chr159@hotmail.com','2017-10-17 18:59:18','jame_chr159@hotmail.com','2017-10-17 18:59:18','MRT Phahon Yothinเอ็มอาร์ที พหลโยธิน',NULL),(93,'MRT Lat Phrao','เอ็มอาร์ที ลาดพร้าว',NULL,7,118,1,'jame_chr159@hotmail.com','2017-10-17 18:59:35','jame_chr159@hotmail.com','2017-10-17 18:59:35','MRT Lat Phraoเอ็มอาร์ที ลาดพร้าว',NULL),(94,'MRT Ratchadaphisek','เอ็มอาร์ที รัชดาภิเษก',NULL,7,119,1,'jame_chr159@hotmail.com','2017-10-17 19:00:07','jame_chr159@hotmail.com','2017-10-17 19:00:07','MRT Ratchadaphisekเอ็มอาร์ที รัชดาภิเษก',NULL),(95,'MRT Sutthisan','เอ็มอาร์ที สุทธิสาร',NULL,7,120,1,'jame_chr159@hotmail.com','2017-10-17 19:00:43','jame_chr159@hotmail.com','2017-10-17 19:00:43','MRT Sutthisanเอ็มอาร์ที สุทธิสาร',NULL),(96,'MRT Huai Khwang','เอ็มอาร์ที ห้วยขวาง',NULL,7,121,1,'jame_chr159@hotmail.com','2017-10-17 19:01:05','jame_chr159@hotmail.com','2017-10-17 19:01:05','MRT Huai Khwangเอ็มอาร์ที ห้วยขวาง',NULL),(97,'MRT Thailand Cultural Centre','เอ็มอาร์ที ศูนย์วัฒนธรรมแห่งประเทศไทย',NULL,7,122,1,'jame_chr159@hotmail.com','2017-10-17 19:01:39','jame_chr159@hotmail.com','2017-10-17 19:01:39','MRT Thailand Cultural Centreเอ็มอาร์ที ศูนย์วัฒนธรรมแห่งประเทศไทย',NULL),(98,'MRT Phra Ram 9','เอ็มอาร์ที พระราม 9',NULL,7,135,1,'jame_chr159@hotmail.com','2017-10-17 19:02:00','jame_chr159@hotmail.com','2017-10-18 18:48:50','MRT Phra Ram 9เอ็มอาร์ที พระราม 9',NULL),(99,'MRT Phetchaburi','เอ็มอาร์ที เพชรบุรี',NULL,7,124,1,'jame_chr159@hotmail.com','2017-10-17 19:02:21','jame_chr159@hotmail.com','2017-10-17 19:02:21','MRT Phetchaburiเอ็มอาร์ที เพชรบุรี',NULL),(100,'MRT Sukhumvit','เอ็มอาร์ที สุขุมวิท',NULL,7,125,1,'jame_chr159@hotmail.com','2017-10-17 19:02:38','jame_chr159@hotmail.com','2017-10-17 19:02:38','MRT Sukhumvitเอ็มอาร์ที สุขุมวิท',NULL),(101,'MRT Queen Sirikit National Convention Centre','เอ็มอาร์ที ศูนย์การประชุมแห่งชาติสิริกิติ์',NULL,7,126,1,'jame_chr159@hotmail.com','2017-10-17 19:04:00','jame_chr159@hotmail.com','2017-10-17 19:04:00','MRT Queen Sirikit National Convention Centreเอ็มอาร์ที ศูนย์การประชุมแห่งชาติสิริกิติ์',NULL),(102,'MRT Khlong Toei','เอ็มอาร์ที คลองเตย',NULL,7,127,1,'jame_chr159@hotmail.com','2017-10-17 19:04:22','jame_chr159@hotmail.com','2017-10-17 19:04:22','MRT Khlong Toeiเอ็มอาร์ที คลองเตย',NULL),(103,'MRT Lumphini','เอ็มอาร์ที ลุมพินี',NULL,7,128,1,'jame_chr159@hotmail.com','2017-10-17 19:04:44','jame_chr159@hotmail.com','2017-10-17 19:04:44','MRT Lumphiniเอ็มอาร์ที ลุมพินี',NULL),(104,'MRT Si Lom','เอ็มอาร์ที สีลม',NULL,7,132,1,'jame_chr159@hotmail.com','2017-10-17 19:05:04','jame_chr159@hotmail.com','2017-10-17 19:05:56','MRT Si Lomเอ็มอาร์ที สีลม',NULL),(105,'MRT Sam Yan','เอ็มอาร์ที สามย่าน',NULL,7,130,1,'jame_chr159@hotmail.com','2017-10-17 19:05:19','jame_chr159@hotmail.com','2017-10-17 19:05:19','MRT Sam Yanเอ็มอาร์ที สามย่าน',NULL),(106,'MRT Hua Lamphong','เอ็มอาร์ที หัวลำโพง',NULL,7,131,1,'jame_chr159@hotmail.com','2017-10-17 19:05:37','jame_chr159@hotmail.com','2017-10-17 19:05:37','MRT Hua Lamphongเอ็มอาร์ที หัวลำโพง',NULL);

--
-- Table structure for table `m_trainer_type`
--

CREATE TABLE `m_trainer_type` (
  `id` int(11) NOT NULL AUTO_INCREMENT,
  `name` varchar(100) COLLATE utf8_unicode_ci DEFAULT NULL,
  `status` int(11) DEFAULT '0',
  PRIMARY KEY (`id`)
) ENGINE=InnoDB AUTO_INCREMENT=4 DEFAULT CHARSET=utf8 COLLATE=utf8_unicode_ci;

--
-- Dumping data for table `m_trainer_type`
--

INSERT INTO `m_trainer_type` VALUES (1,'Weight training',1),(2,'Yoga',1),(3,'Boxing',1);

--
-- Table structure for table `m_travel_time`
--

CREATE TABLE `m_travel_time` (
  `id` int(11) NOT NULL,
  `name` varchar(100) COLLATE utf8_unicode_ci DEFAULT NULL,
  PRIMARY KEY (`id`)
) ENGINE=InnoDB DEFAULT CHARSET=utf8 COLLATE=utf8_unicode_ci;

--
-- Dumping data for table `m_travel_time`
--

INSERT INTO `m_travel_time` VALUES (0,'ไม่มี'),(1,'ครึ่งชม.'),(2,'1 ชม.');

--
-- Table structure for table `objective_checkout`
--

CREATE TABLE `objective_checkout` (
  `id` int(11) NOT NULL,
  `name` varchar(100) COLLATE utf8_unicode_ci DEFAULT NULL,
  `status` int(11) DEFAULT NULL,
  `seq` int(11) DEFAULT NULL,
  `created_at` datetime DEFAULT NULL,
  `updated_at` datetime DEFAULT NULL,
  PRIMARY KEY (`id`)
) ENGINE=InnoDB DEFAULT CHARSET=utf8 COLLATE=utf8_unicode_ci;

--
-- Dumping data for table `objective_checkout`
--

INSERT INTO `objective_checkout` VALUES (1,'Weight Loss',1,1,NULL,NULL),(2,'Strength Training',1,2,NULL,NULL),(3,'Core and Balance',1,3,NULL,NULL),(4,'Building Muscle',1,4,NULL,NULL),(5,'Flexibility Training',1,5,NULL,NULL),(6,'Boost Metabolic Rate',1,6,NULL,NULL),(7,'Posture Improvement',1,7,NULL,NULL),(8,'Cardiovascular',1,8,NULL,NULL),(9,'Post-rehab Training',1,9,NULL,NULL),(10,'De-stress',1,10,NULL,NULL),(11,'Endurance Improvement',1,11,NULL,NULL),(12,'Corrective Exercise',1,12,NULL,NULL);

--
-- Table structure for table `open_slot`
--

CREATE TABLE `open_slot` (
  `date` date NOT NULL,
  `slot_id` int(11) NOT NULL,
  PRIMARY KEY (`date`,`slot_id`)
) ENGINE=InnoDB DEFAULT CHARSET=utf8 COLLATE=utf8_unicode_ci;

--
-- Dumping data for table `open_slot`
--


--
-- Table structure for table `order`
--

CREATE TABLE `order` (
  `id` int(11) NOT NULL AUTO_INCREMENT,
  `order_no` varchar(100) COLLATE utf8_unicode_ci DEFAULT NULL,
  `user_id` int(11) DEFAULT NULL,
  `trainer_id` int(11) DEFAULT NULL,
  `numberclient` int(11) DEFAULT NULL,
  `numberclientgroup` int(11) DEFAULT '3',
  `session_select` int(11) DEFAULT '0',
  `session_force_select` int(11) DEFAULT '0',
  `session_travel` int(11) DEFAULT '0',
  `session_remain` int(11) DEFAULT '0',
  `session_total` int(11) DEFAULT '0',
  `price` float(8,2) DEFAULT NULL,
  `discount_type` int(11) DEFAULT '0',
  `discount` float(8,2) DEFAULT NULL,
  `coupon_code` varchar(20) COLLATE utf8_unicode_ci DEFAULT NULL,
  `coupon_discount_type` int(11) DEFAULT NULL,
  `coupon_discount` int(11) DEFAULT NULL,
  `total_price` float(8,2) DEFAULT NULL,
  `subtotal` float(8,2) DEFAULT NULL,
  `total` float(8,2) DEFAULT NULL,
  `status` int(11) DEFAULT NULL,
  `address` text COLLATE utf8_unicode_ci,
  `district` text COLLATE utf8_unicode_ci,
  `zipcode` varchar(10) COLLATE utf8_unicode_ci DEFAULT NULL,
  `tel` varchar(20) COLLATE utf8_unicode_ci DEFAULT NULL,
  `trainersetting` text COLLATE utf8_unicode_ci,
  `remark` text COLLATE utf8_unicode_ci,
  `is_comment` int(11) DEFAULT '0',
  `created_at` datetime DEFAULT NULL,
  `updated_at` datetime DEFAULT NULL,
  `fitness_id` int(11) DEFAULT NULL,
  `fitness_name` varchar(100) COLLATE utf8_unicode_ci DEFAULT NULL,
  `fitness_fee` int(11) DEFAULT NULL,
  `location_id` int(11) DEFAULT NULL,
  `where_to_train` int(11) DEFAULT NULL,
  `is_guest` int(11) DEFAULT NULL,
  `training_objective` varchar(1000) COLLATE utf8_unicode_ci DEFAULT NULL,
  `user_accept` int(11) DEFAULT '0',
  PRIMARY KEY (`id`)
) ENGINE=InnoDB AUTO_INCREMENT=42 DEFAULT CHARSET=utf8 COLLATE=utf8_unicode_ci;

--
-- Dumping data for table `order`
--

INSERT INTO `order` VALUES (1,'20171113-WVNO94',25,108,3,3,1,1,0,0,2,500.00,0,0.00,NULL,0,0,1500.00,1500.00,1500.00,99,'12143425436sd sdfsdfsdfkjljkl Bang Khae 10160',NULL,'10160','081-847-8662',NULL,NULL,1,'2017-11-13 22:02:36','2018-01-22 14:13:57',8,'Bigboss',0,NULL,2,0,'a:1:{i:0;s:1:\"3\";}',1),(2,'20171114-PWSL39',25,108,1,1,1,1,0,0,2,50.00,0,0.00,'MSFSBC01',1,20,50.00,50.00,40.00,99,'12143425436sd sdfsdfsdfkjljkl Bang Khae 10160',NULL,'10160','081-847-8662',NULL,NULL,1,'2017-11-14 11:29:31','2018-01-22 14:13:51',8,'Bigboss',0,NULL,2,0,'a:2:{i:0;s:1:\"1\";i:1;s:1:\"3\";}',1),(3,'20171114-GAQT76',48,108,3,3,1,1,0,0,2,20.00,0,0.00,'MSFSBC01',1,20,60.00,60.00,48.00,99,'12143425436sd sdfsdfsdfkjljkl Bang Khae 10160',NULL,'10160','081-847-8662',NULL,NULL,0,'2017-11-14 13:05:20','2018-01-22 14:13:54',8,'Bigboss',0,NULL,2,0,'a:2:{i:0;s:1:\"5\";i:1;s:1:\"7\";}',1),(4,'20171116-JQEC32',25,69,1,1,1,1,0,0,2,1200.00,0,0.00,'MSFSIG01',1,20,1200.00,1200.00,4960.00,99,'12143425436sd sdfsdfsdfkjljkl Bang Khae 10160',NULL,'10160','081-847-8662',NULL,NULL,1,'2017-11-16 10:29:34','2018-01-22 14:13:44',8,'Bigboss',4000,NULL,2,0,'a:2:{i:0;s:1:\"3\";i:1;s:1:\"5\";}',1),(5,'20171116-LQUO25',25,69,1,1,1,1,0,0,2,1200.00,0,0.00,'MSFSFB01',1,20,1200.00,1200.00,960.00,99,'Address BTS Bangwa 10160',NULL,'10160','081-847-8662',NULL,NULL,1,'2017-11-16 15:56:14','2018-01-22 14:20:09',0,'FIT',0,53,1,0,'a:2:{i:0;s:1:\"3\";i:1;s:1:\"5\";}',1),(6,'20171126-LFSQ39',47,32,1,1,1,1,2,0,4,700.00,0,0.00,'M6SQ0QYJ',1,20,700.00,700.00,560.00,4,'15/130 Sathorn 11 Yannawa, Saint Louis Grand Terrace Sathon 10120',NULL,'10120','081-686-0007',NULL,NULL,1,'2017-11-26 16:03:30','2017-11-30 21:06:19',0,'saint louis grand terrace',0,43,1,0,'a:1:{i:0;s:1:\"1\";}',1),(7,'20171128-NWZR89',64,89,1,1,1,1,2,0,4,1000.00,0,0.00,'M66W7WJC',1,100,1000.00,1000.00,0.00,4,'2088 Chareon Krung Rd, Wat Phraya Krai, Bang Kho Laem Bang Kho Laem 10120',NULL,'10120','084-055-3803',NULL,'คอนโดคิมครับ',1,'2017-11-28 12:59:42','2018-01-22 14:19:33',0,'คอนโดคิม',0,6,1,0,'a:4:{i:0;s:1:\"1\";i:1;s:1:\"6\";i:2;s:1:\"8\";i:3;s:2:\"10\";}',1),(8,'20171129-XVPW96',65,69,1,1,1,1,0,0,2,1200.00,0,0.00,NULL,0,0,1200.00,1200.00,5200.00,99,'12143425436sd sdfsdfsdfkjljkl Bang Khae 10160',NULL,'10160','081-847-8662',NULL,NULL,0,'2017-11-29 13:16:10','2018-01-22 14:19:56',8,'Bigboss',4000,NULL,2,0,'a:1:{i:0;s:1:\"3\";}',1),(9,'20171212-GUMQ46',25,69,1,1,1,1,0,0,2,1200.00,0,0.00,NULL,0,0,1200.00,1200.00,5200.00,99,'12143425436sd sdfsdfsdfkjljkl Bang Khae 10160',NULL,'10160','081-847-8662',NULL,NULL,1,'2017-12-12 16:08:35','2018-01-22 14:17:32',8,'Bigboss',4000,NULL,2,0,'a:2:{i:0;s:1:\"3\";i:1;s:1:\"5\";}',1),(10,'20171222-VMPT14',81,61,2,2,1,1,2,0,4,525.00,0,0.00,'MSKIM30y02',1,100,1050.00,1050.00,0.00,99,'rhythm sathorn narathiwas Sathon 11111',NULL,'11111','063-661-5463',NULL,NULL,0,'2017-12-22 19:49:30','2017-12-27 13:13:10',0,'rhythm sathorn narathiwas',0,43,1,0,'a:1:{i:0;s:1:\"1\";}',1),(11,'20171222-AQWN41',80,67,2,2,1,1,0,0,2,800.00,0,0.00,'MSKINFRND2',1,50,1600.00,1600.00,800.00,4,'66 North-Sathorn (Soi 6) Silom Bangrak Bangkok, Thailand Bang Rak 10500',NULL,'10500','089-194-1914',NULL,NULL,1,'2017-12-22 23:20:12','2017-12-25 10:59:53',26,'Legend Thai Boxing',0,NULL,2,0,'a:2:{i:0;s:1:\"1\";i:1;s:1:\"2\";}',1),(12,'20171228-YVBG45',70,34,2,2,1,1,2,0,4,750.00,0,0.00,NULL,0,0,1500.00,1500.00,1500.00,99,'adsf Phaya Thai 10400',NULL,'10400','089-666-9576',NULL,NULL,1,'2017-12-28 15:00:12','2018-01-04 15:07:45',0,'asd',0,33,1,0,'a:1:{i:0;s:1:\"5\";}',1),(13,'20180109-APKR62',86,120,1,1,1,1,2,0,4,900.00,0,0.00,'MSVIPAXYZE',1,100,900.00,900.00,0.00,99,'ซอยกาญจนาภิเษก39 บางพลี Bang Na 10540',NULL,'10540','091-464-9899',NULL,'คลับเฮ้าส์หมู่บ้าน มีลู่วิ่งกับดัมเบลนะ',0,'2018-01-09 15:46:38','2018-01-15 10:03:13',0,'หมู่บ้านบุราสิริ วงแหวน-อ่อนนุช',0,8,1,0,'a:2:{i:0;s:1:\"2\";i:1;s:1:\"4\";}',1),(14,'20180115-TNGU95',70,125,3,3,1,1,2,0,4,720.00,0,0.00,NULL,0,0,2160.00,2160.00,2160.00,4,'2088 Charoen Krung Rd, Khwaeng Wat Phraya Krai, Khet Bang Kho Laem, Krung Thep Maha Nakhon 10120 Bang Kho Laem 10120',NULL,'10120','089-666-9576',NULL,'first time yoga .',1,'2018-01-15 12:13:38','2018-01-22 14:24:31',0,'Menam Resident',0,6,1,0,'a:3:{i:0;s:1:\"7\";i:1;s:1:\"9\";i:2;s:2:\"10\";}',1),(15,'20180116-FXUC12',44,120,1,1,2,2,4,0,8,900.00,0,0.00,NULL,0,0,900.00,1800.00,1800.00,99,'asfd 14/95 wstgsgts road Pathum Wan 21111',NULL,'21111','087-711-5177',NULL,'asfg',1,'2018-01-16 20:22:56','2018-01-19 15:58:03',0,'chamchuree',0,31,1,0,'a:1:{i:0;s:1:\"1\";}',1),(16,'20180119-HSBP49',95,33,2,2,1,1,2,0,4,750.00,0,0.00,'MSKINFREE1',1,100,1500.00,1500.00,0.00,1,'4749 RamaIX 19 Alley, Kwaeng Bang Kapi, Bangkok Huai Khwang 10310',NULL,'10310','085-151-0058',NULL,'Couple boxing',0,'2018-01-19 13:01:36','2018-01-22 14:13:28',0,'Sporting 9',0,20,1,0,'a:4:{i:0;s:1:\"1\";i:1;s:1:\"2\";i:2;s:1:\"6\";i:3;s:1:\"8\";}',1),(17,'20180120-CMPE57',25,108,1,1,1,1,0,0,2,1.00,0,0.00,NULL,0,0,1.00,1.00,1.00,99,'12143425436sd sdfsdfsdfkjljkl Bang Khae 10160',NULL,'10160','081-847-8662',NULL,NULL,1,'2018-01-20 13:46:09','2018-01-22 14:34:29',8,'Bigboss',0,NULL,2,0,'a:2:{i:0;s:1:\"1\";i:1;s:1:\"3\";}',1),(18,'20180120-FNGZ37',25,108,1,1,1,1,0,0,2,1.00,0,0.00,NULL,0,0,1.00,1.00,1.00,99,'12143425436sd sdfsdfsdfkjljkl Bang Khae 10160',NULL,'10160','081-847-8662',NULL,NULL,1,'2018-01-20 14:42:08','2018-01-22 14:34:31',8,'Bigboss',0,NULL,2,0,'a:2:{i:0;s:1:\"3\";i:1;s:1:\"4\";}',1),(19,'20180120-NKOJ60',25,108,1,1,2,2,0,0,4,1.00,0,0.00,NULL,0,0,1.00,2.00,2.00,99,'12143425436sd sdfsdfsdfkjljkl Bang Khae 10160',NULL,'10160','081-847-8662',NULL,NULL,1,'2018-01-20 14:43:04','2018-01-31 11:11:27',8,'Bigboss',0,NULL,2,0,'a:2:{i:0;s:1:\"3\";i:1;s:1:\"4\";}',1),(20,'20180120-AZLJ09',25,108,1,1,1,1,0,0,2,1.00,0,0.00,NULL,0,0,1.00,1.00,1.00,99,'12143425436sd sdfsdfsdfkjljkl Bang Khae 10160',NULL,'10160','081-847-8662',NULL,NULL,1,'2018-01-20 15:02:02','2018-01-31 11:11:24',8,'Bigboss',0,NULL,2,0,'a:1:{i:0;s:1:\"8\";}',1),(21,'20180120-CSUF94',25,108,1,1,1,1,0,0,2,1.00,0,0.00,NULL,0,0,1.00,1.00,1.00,99,'12143425436sd sdfsdfsdfkjljkl Bang Khae 10160',NULL,'10160','081-847-8662',NULL,NULL,1,'2018-01-20 15:08:02','2018-01-31 11:11:30',8,'Bigboss',0,NULL,2,0,'a:1:{i:0;s:1:\"3\";}',1),(22,'20180120-WOLC36',25,108,1,1,1,1,0,0,2,1.00,0,0.00,NULL,0,0,1.00,1.00,1.00,99,'12143425436sd sdfsdfsdfkjljkl Bang Khae 10160',NULL,'10160','081-847-8662',NULL,NULL,1,'2018-01-20 15:28:01','2018-01-22 14:34:33',8,'Bigboss',0,NULL,2,0,'a:1:{i:0;s:1:\"3\";}',1),(23,'20180120-AHMZ12',25,108,1,1,1,1,0,0,2,1.00,0,0.00,NULL,0,0,1.00,1.00,1.00,99,'12143425436sd sdfsdfsdfkjljkl Bang Khae 10160',NULL,'10160','081-847-8662',NULL,NULL,1,'2018-01-20 15:32:34','2018-01-31 11:11:32',8,'Bigboss',0,NULL,2,0,'a:2:{i:0;s:1:\"4\";i:1;s:1:\"5\";}',1),(24,'20180122-IZAC84',103,108,1,1,1,1,0,0,2,1.00,0,0.00,NULL,0,0,1.00,1.00,1.00,99,'12143425436sd sdfsdfsdfkjljkl Bang Khae 10160',NULL,'10160','063-957-2625',NULL,NULL,0,'2018-01-22 08:51:09','2018-02-08 12:31:50',8,'Bigboss',0,NULL,2,0,'a:1:{i:0;s:1:\"1\";}',1),(25,'20180131-PKDM94',25,108,1,1,1,1,0,0,2,1.00,0,0.00,NULL,0,0,1.00,1.00,1.00,99,'12143425436sd sdfsdfsdfkjljkl Bang Khae 10160',NULL,'10160','081-847-8662',NULL,NULL,1,'2018-01-31 11:13:31','2018-02-13 19:44:16',8,'Bigboss',0,NULL,2,0,'a:2:{i:0;s:1:\"3\";i:1;s:1:\"5\";}',1),(26,'20180131-FNWM74',25,108,1,1,1,1,0,0,2,50.00,0,0.00,NULL,0,0,50.00,50.00,50.00,99,'12143425436sd sdfsdfsdfkjljkl Bang Khae 10160',NULL,'10160','081-847-8662',NULL,NULL,1,'2018-01-31 11:20:03','2018-02-13 19:35:42',8,'Bigboss',0,NULL,2,0,'a:1:{i:0;s:1:\"5\";}',1),(27,'20180202-RVIL96',44,89,1,1,1,1,2,0,4,1000.00,0,0.00,'MSKINFREEX',1,100,1000.00,1000.00,0.00,4,'2088 Charoen Krung Rd, Khwaeng Wat Phraya Krai, Khet Bang Kho Laem, Bangkok Bang Kho Laem 10120',NULL,'10120','087-711-5177',NULL,'Video shooting with influencer',1,'2018-02-02 11:27:01','2018-02-22 16:30:26',0,'Maenam residence',0,6,1,0,'a:2:{i:0;s:1:\"1\";i:1;s:1:\"2\";}',1),(28,'20180203-YMGD38',11,89,1,1,1,1,2,0,4,1000.00,0,0.00,NULL,0,0,1000.00,1000.00,1000.00,99,'91.9 Bang Rak 10310',NULL,'10310','089-666-6666',NULL,NULL,1,'2018-02-03 17:56:14','2018-02-25 17:49:37',0,'Menam',0,10,1,0,'a:2:{i:0;s:1:\"1\";i:1;s:1:\"3\";}',1),(29,'20180203-YMGD38',11,89,1,1,1,1,2,0,4,1000.00,0,0.00,NULL,0,0,1000.00,1000.00,1000.00,99,'91.9 Bang Rak 10310',NULL,'10310','089-666-6666',NULL,NULL,1,'2018-02-03 17:56:14','2018-02-25 17:49:40',0,'Menam',0,10,1,0,'a:2:{i:0;s:1:\"1\";i:1;s:1:\"3\";}',1),(30,'20180206-MRLU78',127,57,3,3,1,1,1,0,3,480.00,0,0.00,'MSKINFREEX',1,100,1440.00,1440.00,0.00,4,'296/163 Chatujak 10900',NULL,'10900','082-673-8877',NULL,NULL,1,'2018-02-06 16:37:27','2018-02-22 16:30:44',0,'the issara ladprao',0,15,1,0,'a:1:{i:0;s:1:\"4\";}',1),(31,'20180213-GDAN12',25,69,1,1,1,1,0,0,2,1200.00,0,0.00,NULL,0,0,1200.00,1200.00,5200.00,99,'12143425436sd sdfsdfsdfkjljkl Bang Khae 10160',NULL,'10160','081-847-8662',NULL,NULL,1,'2018-02-13 19:53:21','2018-02-22 16:30:37',8,'Bigboss',4000,NULL,2,0,'a:2:{i:0;s:1:\"3\";i:1;s:1:\"5\";}',1),(32,'20180226-XOPU12',146,120,2,2,1,1,2,0,4,675.00,0,0.00,NULL,0,0,1350.00,1350.00,1350.00,4,'10/34 Soi Thong-Lor 25, Klongton-Nua,wattana, bkk BTS Thong Lo 10110',NULL,'10110','083-004-6868',NULL,'มีเครื่องวิ่งสายพาน 1 เครื่อง\r\nเครื่องวิ่งแบบขาคู่ 1 เครื่อง\r\nเครื่องปั่นจักรยาน 1 เครื่อง\r\nWeight 1 ชุด',0,'2018-02-26 21:44:50','2018-02-26 21:44:50',0,'D25 Condo',0,79,1,0,'a:1:{i:0;s:1:\"1\";}',1),(33,'20180228-GDRO72',70,160,3,10,1,1,1,0,3,600.00,0,0.00,NULL,0,0,6000.00,6000.00,6000.00,1,'sfgfgfdsg Bueng Kum 10230',NULL,'10230','089-666-9576',NULL,NULL,0,'2018-02-28 16:08:18','2018-02-28 16:08:18',0,'agadgdg',0,14,1,0,'a:1:{i:0;s:1:\"3\";}',1),(34,'20180302-LRIW26',147,106,1,1,1,1,1,0,3,800.00,0,0.00,'MSFFBC0152',1,20,800.00,800.00,640.00,4,'295/46  Prinnsiri ratchapruek Phasi Charoen 10160',NULL,'10160','064-758-3227',NULL,'Typical shared fitness',1,'2018-03-02 20:53:39','2018-03-17 10:55:38',0,'Prinn siri Bangwa',0,32,1,0,'a:4:{i:0;s:1:\"2\";i:1;s:1:\"8\";i:2;s:2:\"11\";i:3;s:2:\"12\";}',1),(35,'20180312-RBGQ62',158,80,2,2,1,1,0,0,2,800.00,0,0.00,'MSKINDC50X',1,50,1600.00,1600.00,800.00,4,'66 North-Sathorn (Soi 6) Silom Bangrak Bangkok, Thailand Bang Rak 10500',NULL,'10500','094-594-5288',NULL,NULL,0,'2018-03-12 09:05:06','2018-03-12 09:05:06',26,'Legend Thai Boxing',0,NULL,2,0,'a:2:{i:0;s:1:\"1\";i:1;s:1:\"4\";}',1),(36,'20180316-OUGP57',173,86,1,1,1,1,2,0,4,1200.00,0,0.00,NULL,0,0,1200.00,1200.00,1200.00,4,'สวนหลวง ร9 Prawet 10900',NULL,'10900','080-032-2220',NULL,NULL,1,'2018-03-16 07:45:47','2018-03-19 11:24:40',0,'สวนหลวง ร9',0,37,1,0,'a:4:{i:0;s:1:\"1\";i:1;s:1:\"2\";i:2;s:1:\"3\";i:3;s:2:\"11\";}',1),(37,'20180320-JPCD93',179,120,1,1,1,1,2,0,4,900.00,0,0.00,NULL,0,0,900.00,900.00,900.00,4,'1035/1431 Ploenchit Rd. Pathumwan Bkk 10300 BTS Ploen Chit 10330',NULL,'10330','083-582-5555',NULL,NULL,0,'2018-03-20 15:42:54','2018-03-20 15:42:54',0,'Noble Ploenchit',0,75,1,0,'a:1:{i:0;s:1:\"2\";}',1),(38,'20180426-MRYX93',11,81,2,2,1,1,0,0,2,800.00,0,0.00,NULL,0,0,1600.00,1600.00,1600.00,1,'66 North-Sathorn (Soi 6) Silom Bangrak Bangkok, Thailand Bang Rak 10500',NULL,'10500','089-666-6666',NULL,NULL,1,'2018-04-26 12:57:22','2018-05-10 12:52:57',26,'Legend Thai Boxing',0,NULL,2,0,'a:1:{i:0;s:1:\"1\";}',1),(39,'20180504-EUOC52',195,106,1,1,1,1,1,0,3,800.00,0,0.00,NULL,0,0,800.00,800.00,800.00,4,'Pe-la condo 129/100 Wuttakard21 Talat Plu, Thon Buri BTS Wutthakat 10600',NULL,'10600','080-628-2882',NULL,NULL,1,'2018-05-04 16:30:37','2018-05-07 11:44:11',0,'Pe-la condo',0,54,1,0,'a:2:{i:0;s:1:\"1\";i:1;s:1:\"2\";}',1),(40,'20180507-OZQE95',195,106,1,1,1,1,1,0,3,800.00,0,0.00,NULL,0,0,800.00,800.00,800.00,4,'Pe-la condo 129/100 Wuttakard21 Talat Plu, Thon Buri BTS Wutthakat 10600',NULL,'10600','080-628-2882',NULL,NULL,1,'2018-05-07 11:47:22','2018-07-13 10:39:42',0,'Pe-la condo',0,54,1,0,'a:2:{i:0;s:1:\"1\";i:1;s:1:\"2\";}',1),(41,'20190111-XGKJ53',228,57,1,1,1,1,1,0,3,1000.00,0,0.00,NULL,0,0,1000.00,1000.00,1000.00,4,'Wattana District BTS Ekkamai 10110',NULL,'10110','081-814-4766',NULL,'ไม่มีเสื่อโยคะจ้ะ',0,'2019-01-11 12:26:43','2019-01-11 12:26:43',0,'266/1 Soi Ekamai 18, Sukhumvit 63 Rd.',0,80,1,0,'a:1:{i:0;s:1:\"5\";}',1);

--
-- Table structure for table `order_session`
--

CREATE TABLE `order_session` (
  `order_id` int(11) NOT NULL,
  `trainer_id` int(11) NOT NULL,
  `slot_date` date NOT NULL,
  `slot_id` int(11) NOT NULL,
  `slot_status` int(11) DEFAULT NULL,
  PRIMARY KEY (`order_id`,`trainer_id`,`slot_date`,`slot_id`)
) ENGINE=InnoDB DEFAULT CHARSET=utf8 COLLATE=utf8_unicode_ci;

--
-- Dumping data for table `order_session`
--

INSERT INTO `order_session` VALUES (1,108,'2017-11-15',71,6),(1,108,'2017-11-15',72,7),(2,108,'2017-11-16',71,6),(2,108,'2017-11-16',72,7),(3,108,'2017-11-16',81,6),(3,108,'2017-11-16',82,7),(4,69,'2017-11-17',102,6),(4,69,'2017-11-17',111,7),(5,69,'2017-11-18',71,6),(5,69,'2017-11-18',72,7),(6,32,'2017-11-27',201,6),(6,32,'2017-11-27',202,7),(6,32,'2017-11-27',211,8),(6,32,'2017-11-27',212,8),(7,89,'2017-11-29',181,6),(7,89,'2017-11-29',182,7),(7,89,'2017-11-29',191,8),(7,89,'2017-11-29',192,8),(8,69,'2017-12-01',82,6),(8,69,'2017-12-01',91,7),(9,69,'2017-12-15',71,6),(9,69,'2017-12-15',72,7),(10,61,'2017-12-23',231,6),(10,61,'2017-12-23',232,7),(10,61,'2017-12-23',241,8),(10,61,'2017-12-23',242,8),(11,67,'2017-12-24',142,6),(11,67,'2017-12-24',151,7),(12,34,'2017-12-31',72,6),(12,34,'2017-12-31',81,7),(12,34,'2017-12-31',82,8),(12,34,'2017-12-31',91,8),(13,120,'2018-01-11',151,6),(13,120,'2018-01-11',152,7),(13,120,'2018-01-11',161,8),(13,120,'2018-01-11',162,8),(14,125,'2018-01-19',91,6),(14,125,'2018-01-19',92,7),(14,125,'2018-01-19',101,8),(14,125,'2018-01-19',102,8),(15,120,'2018-01-19',71,6),(15,120,'2018-01-19',72,7),(15,120,'2018-01-19',81,8),(15,120,'2018-01-19',82,8),(15,120,'2018-01-19',102,6),(15,120,'2018-01-19',111,7),(15,120,'2018-01-19',112,8),(15,120,'2018-01-19',121,8),(16,33,'2018-01-20',141,6),(16,33,'2018-01-20',142,7),(16,33,'2018-01-20',151,8),(16,33,'2018-01-20',152,8),(17,108,'2018-01-22',71,6),(17,108,'2018-01-22',72,7),(18,108,'2018-01-22',81,6),(18,108,'2018-01-22',82,7),(19,108,'2018-01-23',71,6),(19,108,'2018-01-23',72,7),(19,108,'2018-01-24',71,6),(19,108,'2018-01-24',72,7),(20,108,'2018-01-25',71,6),(20,108,'2018-01-25',72,7),(21,108,'2018-01-23',81,6),(21,108,'2018-01-23',82,7),(22,108,'2018-01-22',91,6),(22,108,'2018-01-22',92,7),(23,108,'2018-01-23',91,6),(23,108,'2018-01-23',92,7),(25,108,'2018-02-02',71,6),(25,108,'2018-02-02',72,7),(26,108,'2018-02-02',81,6),(26,108,'2018-02-02',82,7),(27,89,'2018-02-03',172,6),(27,89,'2018-02-03',181,7),(27,89,'2018-02-03',182,8),(27,89,'2018-02-03',191,8),(28,89,'2018-02-04',181,6),(28,89,'2018-02-04',182,7),(28,89,'2018-02-04',191,8),(28,89,'2018-02-04',192,8),(29,89,'2018-02-04',181,6),(29,89,'2018-02-04',182,7),(29,89,'2018-02-04',191,8),(29,89,'2018-02-04',192,8),(30,57,'2018-02-07',192,6),(30,57,'2018-02-07',201,7),(30,57,'2018-02-07',202,8),(31,69,'2018-02-15',121,6),(31,69,'2018-02-15',122,7),(32,120,'2018-02-28',191,6),(32,120,'2018-02-28',192,7),(32,120,'2018-02-28',201,8),(32,120,'2018-02-28',202,8),(33,160,'2018-03-03',81,6),(33,160,'2018-03-03',82,7),(33,160,'2018-03-03',91,8),(34,106,'2018-03-04',91,6),(34,106,'2018-03-04',92,7),(34,106,'2018-03-04',101,8),(35,80,'2018-03-13',191,6),(35,80,'2018-03-13',192,7),(36,86,'2018-03-18',102,6),(36,86,'2018-03-18',111,7),(36,86,'2018-03-18',112,8),(36,86,'2018-03-18',121,8),(37,120,'2018-03-22',141,6),(37,120,'2018-03-22',142,7),(37,120,'2018-03-22',151,8),(37,120,'2018-03-22',152,8),(38,81,'2018-04-27',191,6),(38,81,'2018-04-27',192,7),(39,106,'2018-05-05',172,6),(39,106,'2018-05-05',181,7),(39,106,'2018-05-05',182,8),(40,106,'2018-05-12',102,6),(40,106,'2018-05-12',111,7),(40,106,'2018-05-12',112,8),(41,57,'2019-01-13',101,6),(41,57,'2019-01-13',102,7),(41,57,'2019-01-13',111,8);

--
-- Table structure for table `sessions`
--

CREATE TABLE `sessions` (
  `id` varchar(255) COLLATE utf8_unicode_ci NOT NULL,
  `user_id` int(11) DEFAULT NULL,
  `ip_address` varchar(45) COLLATE utf8_unicode_ci DEFAULT NULL,
  `user_agent` text COLLATE utf8_unicode_ci,
  `payload` text COLLATE utf8_unicode_ci NOT NULL,
  `last_activity` int(11) NOT NULL,
  UNIQUE KEY `sessions_id_unique` (`id`)
) ENGINE=InnoDB DEFAULT CHARSET=utf8 COLLATE=utf8_unicode_ci;

--
-- Dumping data for table `sessions`
--

INSERT INTO `sessions` VALUES ('3zmpvgWKd0XBT5k0MRcm4LXabCwuU9k1u4E1MTSb',NULL,'31.28.163.40','Mozilla/5.0 (Windows NT 10.0; Win64; x64) AppleWebKit/537.36 (KHTML, like Gecko) Chrome/63.0.3239.132 Safari/537.36','YTozOntzOjY6Il90b2tlbiI7czo0MDoiaTBGZkI2NjM1Z1BpMm5wMDlCUUZ3Y0Jmc2dJVTQ5dm91ZGVWTXROViI7czo5OiJfcHJldmlvdXMiO2E6MTp7czozOiJ1cmwiO3M6MjI6Imh0dHA6Ly9tZWV0eW91cnNpeC5jb20iO31zOjY6Il9mbGFzaCI7YToyOntzOjM6Im9sZCI7YTowOnt9czozOiJuZXciO2E6MDp7fX19',1549002517),('HGkGRu3B53Z0J3Nz9imuSIJ94qRS0nPDazc2XbwQ',NULL,'72.80.29.181','Mozilla/5.0 (Macintosh; Intel Mac OS X 10_13_4) AppleWebKit/537.36 (KHTML, like Gecko) Chrome/69.0.3451.0 Safari/537.36','YTozOntzOjY6Il90b2tlbiI7czo0MDoic3Z5MnlxUWp3SDM1Z0szYmd4OFVCV205dHA1ZGk1ZnlNTW4zTWtSciI7czo5OiJfcHJldmlvdXMiO2E6MTp7czozOiJ1cmwiO3M6MjI6Imh0dHA6Ly9tZWV0eW91cnNpeC5jb20iO31zOjY6Il9mbGFzaCI7YToyOntzOjM6Im9sZCI7YTowOnt9czozOiJuZXciO2E6MDp7fX19',1555724227),('ib3uEaBVD4eWNBRTCDYAAXmHlcYRxqJ9TG6O6zQp',NULL,'3.17.158.185','B2B Bot','YTozOntzOjY6Il90b2tlbiI7czo0MDoiVEl0bjdDMkhCa2djWUZkWW9tYUU0RVBQOFRvb3F1ampzbDBibURxZyI7czo5OiJfcHJldmlvdXMiO2E6MTp7czozOiJ1cmwiO3M6MjI6Imh0dHA6Ly9tZWV0eW91cnNpeC5jb20iO31zOjY6Il9mbGFzaCI7YToyOntzOjM6Im9sZCI7YTowOnt9czozOiJuZXciO2E6MDp7fX19',1554240211),('oOsqKIjD2P7gHxgIi8lGE7NifH4iPCUGigE9s1ph',NULL,'124.206.180.180','Mozilla/5.0 Firefox/35.0','YTozOntzOjY6Il90b2tlbiI7czo0MDoiZ2F0eEdRMEJSYXUwZzhEcDBCd0FrMHlybzNsU0cxQ2toRm1nZk5VUyI7czo5OiJfcHJldmlvdXMiO2E6MTp7czozOiJ1cmwiO3M6MjI6Imh0dHA6Ly9tZWV0eW91cnNpeC5jb20iO31zOjY6Il9mbGFzaCI7YToyOntzOjM6Im9sZCI7YTowOnt9czozOiJuZXciO2E6MDp7fX19',1551758165);

--
-- Table structure for table `trainer_image`
--

CREATE TABLE `trainer_image` (
  `trainer_id` int(11) NOT NULL,
  `image_id` varchar(100) COLLATE utf8_unicode_ci NOT NULL,
  `original_name` varchar(500) COLLATE utf8_unicode_ci DEFAULT NULL,
  `new_name` varchar(500) COLLATE utf8_unicode_ci DEFAULT NULL,
  `path` varchar(500) COLLATE utf8_unicode_ci DEFAULT NULL,
  `seq` int(11) DEFAULT NULL,
  `seq_temp` int(11) DEFAULT NULL,
  PRIMARY KEY (`trainer_id`,`image_id`)
) ENGINE=InnoDB DEFAULT CHARSET=utf8 COLLATE=utf8_unicode_ci;

--
-- Dumping data for table `trainer_image`
--

INSERT INTO `trainer_image` VALUES (1,'1_b7f0d04e19ecfb4e1161d74ef01aecc0','pmai.jpg','1_b7f0d04e19ecfb4e1161d74ef01aecc0.jpg','/home/cp725669/public_html/testmysix/public/trainer/images/1/1_b7f0d04e19ecfb4e1161d74ef01aecc0.jpg',1,1),(2,'2_ed654a6a81ab7a5f79770215abd051ac','6.jpg','2_ed654a6a81ab7a5f79770215abd051ac.jpg','C:\\xampp\\htdocs\\mysix\\public\\trainer/images/2/2_ed654a6a81ab7a5f79770215abd051ac.jpg',1,NULL),(9,'9_321ee9c4877f02badd23c5528b3d7748','IMG_2199.JPG','9_321ee9c4877f02badd23c5528b3d7748.JPG','/home/cp725669/public_html/test/public/trainer/images/9/9_321ee9c4877f02badd23c5528b3d7748.JPG',2,NULL),(9,'9_5fb7213e84a1532b6a0ab272ddc7904d','MYSIX6231 - Copy.jpg','9_5fb7213e84a1532b6a0ab272ddc7904d.jpg','/home/cp725669/public_html/test/public/trainer/images/9/9_5fb7213e84a1532b6a0ab272ddc7904d.jpg',1,NULL),(9,'9_9f6429cce728f6d1165d88f9c7c42f0e','IMG_2735.jpg','9_9f6429cce728f6d1165d88f9c7c42f0e.jpg','/home/cp725669/public_html/test/public/trainer/images/9/9_9f6429cce728f6d1165d88f9c7c42f0e.jpg',3,NULL),(13,'13_04c9e864678c6bdb5e721f8af9a54278','Frame.jpg','13_04c9e864678c6bdb5e721f8af9a54278.jpg','/home/cp725669/public_html/test/public/trainer/images/13/13_04c9e864678c6bdb5e721f8af9a54278.jpg',5,5),(13,'13_1f8c97bad841a3e569b3a42f140e93d1','10 copy.jpg','13_1f8c97bad841a3e569b3a42f140e93d1.jpg','/home/cp725669/public_html/test/public/trainer/images/13/13_1f8c97bad841a3e569b3a42f140e93d1.jpg',6,6),(13,'13_68ac3bb862be9e3988c6389afbb9d781','19990400_10156406499202782_8010494694687113915_n.jpg','13_68ac3bb862be9e3988c6389afbb9d781.jpg','/home/cp725669/public_html/testmysix/public/trainer/images/13/13_68ac3bb862be9e3988c6389afbb9d781.jpg',2,2),(13,'13_ccf5e86ff7194f72091f1299d5a1057c','11 copy.jpg','13_ccf5e86ff7194f72091f1299d5a1057c.jpg','/home/cp725669/public_html/test/public/trainer/images/13/13_ccf5e86ff7194f72091f1299d5a1057c.jpg',3,3),(13,'13_e27cdccabc7e25d2287db496b9a0d1e6','Untitled-1 copy.jpg','13_e27cdccabc7e25d2287db496b9a0d1e6.jpg','/home/cp725669/public_html/test/public/trainer/images/13/13_e27cdccabc7e25d2287db496b9a0d1e6.jpg',4,4),(13,'13_e4720e7151cf8033688f660fef10715a','1Dubai and the beach.jpg','13_e4720e7151cf8033688f660fef10715a.jpg','/home/cp725669/public_html/testmysix/public/trainer/images/13/13_e4720e7151cf8033688f660fef10715a.jpg',1,1),(18,'18_81650a7de712a6769dcd5a30a282c153','Logo copy.jpg','18_81650a7de712a6769dcd5a30a282c153.jpg','/home/cp725669/public_html/test/public/trainer/images/18/18_81650a7de712a6769dcd5a30a282c153.jpg',1,1),(21,'21_57ddc94da55e42f345073dc073be20d1','pputh.jpg','21_57ddc94da55e42f345073dc073be20d1.jpg','/home/cp725669/public_html/testmysix/public/trainer/images/21/21_57ddc94da55e42f345073dc073be20d1.jpg',1,1),(25,'25_79489729f080308b853b82433289f1b0','MX5A7929.jpg','25_79489729f080308b853b82433289f1b0.jpg','/home/cp725669/public_html/test/public/trainer/images/25/25_79489729f080308b853b82433289f1b0.jpg',3,3),(25,'25_92ca37928ecd36b06dd58456d3a0c209','MX5A7934.jpg','25_92ca37928ecd36b06dd58456d3a0c209.jpg','/home/cp725669/public_html/test/public/trainer/images/25/25_92ca37928ecd36b06dd58456d3a0c209.jpg',1,1),(25,'25_e1f974f7619dbbabf159c3d77f000228','MX5A7931.jpg','25_e1f974f7619dbbabf159c3d77f000228.jpg','/home/cp725669/public_html/test/public/trainer/images/25/25_e1f974f7619dbbabf159c3d77f000228.jpg',2,2),(29,'29_2dfa70351754f7707a2c87c9551e347b','Chayatorn.jpg','29_2dfa70351754f7707a2c87c9551e347b.jpg','/home/cp725669/public_html/mysix.co.th/public/trainer/images/29/29_2dfa70351754f7707a2c87c9551e347b.jpg',2,2),(32,'32_e08273db4aa2b9d0de285e6e63ffe178','Narat-_Mysix.jpg','32_e08273db4aa2b9d0de285e6e63ffe178.jpg','/home/cp725669/public_html/mysix.co.th/public/trainer/images/32/32_e08273db4aa2b9d0de285e6e63ffe178.jpg',2,2),(33,'33_700c0e547d041d4e0c310313af4a117c','Kaiwit_2.jpg','33_700c0e547d041d4e0c310313af4a117c.jpg','/home/cp725669/public_html/mysix.co.th/public/trainer/images/33/33_700c0e547d041d4e0c310313af4a117c.jpg',3,3),(33,'33_d2fc065d7fadee0330b6b9c12c82b4f5','Kaiwit_1.jpg','33_d2fc065d7fadee0330b6b9c12c82b4f5.jpg','/home/cp725669/public_html/mysix.co.th/public/trainer/images/33/33_d2fc065d7fadee0330b6b9c12c82b4f5.jpg',2,2),(33,'33_fd54d312748a2bdfabacdba6058c2a34','Kaiwit.jpg','33_fd54d312748a2bdfabacdba6058c2a34.jpg','/home/cp725669/public_html/mysix.co.th/public/trainer/images/33/33_fd54d312748a2bdfabacdba6058c2a34.jpg',1,1),(34,'34_3ca539c92025a977997bf01d92e769ff','Sirawich Jitbanjong_3.jpg','34_3ca539c92025a977997bf01d92e769ff.jpg','/home/cp725669/public_html/mysix.co.th/public/trainer/images/34/34_3ca539c92025a977997bf01d92e769ff.jpg',4,4),(34,'34_671f54a941bd189b1ce297b63509e13e','Sirawich.jpg','34_671f54a941bd189b1ce297b63509e13e.jpg','/home/cp725669/public_html/mysix.co.th/public/trainer/images/34/34_671f54a941bd189b1ce297b63509e13e.jpg',1,1),(34,'34_7ef35d4331e279464a4a67797e5c26da','Sirawich Jitbanjong_1.jpg','34_7ef35d4331e279464a4a67797e5c26da.jpg','/home/cp725669/public_html/mysix.co.th/public/trainer/images/34/34_7ef35d4331e279464a4a67797e5c26da.jpg',2,2),(34,'34_fdfe844e252a79fea73cc8032f1081ad','Sirawich Jitbanjong_2.jpg','34_fdfe844e252a79fea73cc8032f1081ad.jpg','/home/cp725669/public_html/mysix.co.th/public/trainer/images/34/34_fdfe844e252a79fea73cc8032f1081ad.jpg',3,3),(53,'53_fd72d80ec1689880c4a16c1e22864a1f','Prach.jpg','53_fd72d80ec1689880c4a16c1e22864a1f.jpg','/home/cp725669/public_html/mysix.co.th/public/trainer/images/53/53_fd72d80ec1689880c4a16c1e22864a1f.jpg',2,2),(57,'57_04afed9c074845e157d0931574c35337','Natthida_MYSIX_5.jpg','57_04afed9c074845e157d0931574c35337.jpg','/home/cp725669/public_html/mysix.co.th/public/trainer/images/57/57_04afed9c074845e157d0931574c35337.jpg',6,6),(57,'57_1bf5cc8001d41e903da97c794a80348f','Natthida.jpg','57_1bf5cc8001d41e903da97c794a80348f.jpg','/home/cp725669/public_html/mysix.co.th/public/trainer/images/57/57_1bf5cc8001d41e903da97c794a80348f.jpg',2,2),(57,'57_1f15a69a24e8886d794ac5eb94c769cb','Natthida_MYSIX_7.jpg','57_1f15a69a24e8886d794ac5eb94c769cb.jpg','/home/cp725669/public_html/mysix.co.th/public/trainer/images/57/57_1f15a69a24e8886d794ac5eb94c769cb.jpg',8,8),(57,'57_4c7c4f85e88707b024abbdd1df439db2','Natthida_MYSIX_6.jpg','57_4c7c4f85e88707b024abbdd1df439db2.jpg','/home/cp725669/public_html/mysix.co.th/public/trainer/images/57/57_4c7c4f85e88707b024abbdd1df439db2.jpg',7,7),(57,'57_a866f17efb13d97cab525a4d48cad7a5','Natthida_MYSIX_2.jpg','57_a866f17efb13d97cab525a4d48cad7a5.jpg','/home/cp725669/public_html/mysix.co.th/public/trainer/images/57/57_a866f17efb13d97cab525a4d48cad7a5.jpg',3,3),(57,'57_b375115c5cc1a6679099d30e5ac0d033','Natthida_MYSIX_3.jpg','57_b375115c5cc1a6679099d30e5ac0d033.jpg','/home/cp725669/public_html/mysix.co.th/public/trainer/images/57/57_b375115c5cc1a6679099d30e5ac0d033.jpg',5,5),(57,'57_b4fd6c9fb3a32f7dc564d578b2b2066f','Natthida_MYSIX_1.jpg','57_b4fd6c9fb3a32f7dc564d578b2b2066f.jpg','/home/cp725669/public_html/mysix.co.th/public/trainer/images/57/57_b4fd6c9fb3a32f7dc564d578b2b2066f.jpg',1,1),(57,'57_df07c81dfc9e28f53711b02b549add88','Natthida_MYSIX_4.jpg','57_df07c81dfc9e28f53711b02b549add88.jpg','/home/cp725669/public_html/mysix.co.th/public/trainer/images/57/57_df07c81dfc9e28f53711b02b549add88.jpg',4,4),(58,'58_6a5b445bdde4fb7d7ff1785886d90bd4','Juthamart.jpg','58_6a5b445bdde4fb7d7ff1785886d90bd4.jpg','/home/cp725669/public_html/mysix.co.th/public/trainer/images/58/58_6a5b445bdde4fb7d7ff1785886d90bd4.jpg',2,2),(59,'59_f30efc7da757600a4bf2882f24b650b7','DSC_0064.jpg','59_f30efc7da757600a4bf2882f24b650b7.jpg','/home/cp725669/public_html/mysix.co.th/public/trainer/images/59/59_f30efc7da757600a4bf2882f24b650b7.jpg',1,1),(61,'61_09e198734e30d3720b4292e3fb114a4c','Pitiphat.jpg','61_09e198734e30d3720b4292e3fb114a4c.jpg','/home/cp725669/public_html/mysix.co.th/public/trainer/images/61/61_09e198734e30d3720b4292e3fb114a4c.jpg',2,2),(67,'67_6cd23f6e07edf2d1ee4bf8b6163f3e66','DSC00829.jpg','67_6cd23f6e07edf2d1ee4bf8b6163f3e66.jpg','/home/cp725669/public_html/mysix.co.th/public/trainer/images/67/67_6cd23f6e07edf2d1ee4bf8b6163f3e66.jpg',2,2),(69,'69_cd884256c8493c4de2268196a2048a45','Logo copy.jpg','69_cd884256c8493c4de2268196a2048a45.jpg','/home/cp725669/public_html/mysix.co.th/public/trainer/images/69/69_cd884256c8493c4de2268196a2048a45.jpg',1,1),(77,'77_5a5d5438d2f0631b0e5d12f3ca0f208f','Naphat.jpg','77_5a5d5438d2f0631b0e5d12f3ca0f208f.jpg','/home/cp725669/public_html/mysix.co.th/public/trainer/images/77/77_5a5d5438d2f0631b0e5d12f3ca0f208f.jpg',2,2),(80,'80_06b9c07cb94ca7940b80ad9c08e7efb7','DSC00855.jpg','80_06b9c07cb94ca7940b80ad9c08e7efb7.jpg','/home/cp725669/public_html/mysix.co.th/public/trainer/images/80/80_06b9c07cb94ca7940b80ad9c08e7efb7.jpg',2,2),(81,'81_12450eda38f2b0d36ba4838fa7c12df9','DSC00863.jpg','81_12450eda38f2b0d36ba4838fa7c12df9.jpg','/home/cp725669/public_html/mysix.co.th/public/trainer/images/81/81_12450eda38f2b0d36ba4838fa7c12df9.jpg',2,2),(86,'86_dd8acc92135e7c53ac2eb4d4d4580657','Santi.jpg','86_dd8acc92135e7c53ac2eb4d4d4580657.jpg','/home/cp725669/public_html/mysix.co.th/public/trainer/images/86/86_dd8acc92135e7c53ac2eb4d4d4580657.jpg',2,2),(87,'87_3148cb47fe56a433150e2117343b2e08','IMG_9572.jpg','87_3148cb47fe56a433150e2117343b2e08.jpg','/home/cp725669/public_html/mysix.co.th/public/trainer/images/87/87_3148cb47fe56a433150e2117343b2e08.jpg',2,2),(88,'88_2e45a0e5829b94d4cf933262b717352f','Sansanee.jpg','88_2e45a0e5829b94d4cf933262b717352f.jpg','/home/cp725669/public_html/mysix.co.th/public/trainer/images/88/88_2e45a0e5829b94d4cf933262b717352f.jpg',2,2),(89,'89_b70a311b1b622a6b40e06021c08565ef','Wathon.jpg','89_b70a311b1b622a6b40e06021c08565ef.jpg','/home/cp725669/public_html/mysix.co.th/public/trainer/images/89/89_b70a311b1b622a6b40e06021c08565ef.jpg',2,2),(92,'92_96f6c6b2dfdfcf6e667dac039c7f25e1','IMG_9596.jpg','92_96f6c6b2dfdfcf6e667dac039c7f25e1.jpg','/home/cp725669/public_html/mysix.co.th/public/trainer/images/92/92_96f6c6b2dfdfcf6e667dac039c7f25e1.jpg',1,1),(105,'105_8abbda9271be7bfae2bfac234c198696','IMG_9607.jpg','105_8abbda9271be7bfae2bfac234c198696.jpg','/home/cp725669/public_html/mysix.co.th/public/trainer/images/105/105_8abbda9271be7bfae2bfac234c198696.jpg',1,1),(106,'106_03ffe1a5406c0cc83e06124640df54f5','Nilobon Panyasutthakul_2.jpg','106_03ffe1a5406c0cc83e06124640df54f5.jpg','/home/cp725669/public_html/mysix.co.th/public/trainer/images/106/106_03ffe1a5406c0cc83e06124640df54f5.jpg',3,3),(106,'106_5c7eb003bda9f95f116cb02ec6989fea','Nilobon Panyasutthakul_1.jpg','106_5c7eb003bda9f95f116cb02ec6989fea.jpg','/home/cp725669/public_html/mysix.co.th/public/trainer/images/106/106_5c7eb003bda9f95f116cb02ec6989fea.jpg',2,2),(106,'106_ba16730007f687bc4981ce8740107a9e','Nilobon.jpg','106_ba16730007f687bc4981ce8740107a9e.jpg','/home/cp725669/public_html/mysix.co.th/public/trainer/images/106/106_ba16730007f687bc4981ce8740107a9e.jpg',1,1),(109,'109_82486bce266f6f21b27aa446c882402c','Chanon.jpg','109_82486bce266f6f21b27aa446c882402c.jpg','/home/cp725669/public_html/mysix.co.th/public/trainer/images/109/109_82486bce266f6f21b27aa446c882402c.jpg',2,2),(120,'120_3b2750c1388424879d26c7666f7fc7f8','Jirat.jpg','120_3b2750c1388424879d26c7666f7fc7f8.jpg','/home/cp725669/public_html/mysix.co.th/public/trainer/images/120/120_3b2750c1388424879d26c7666f7fc7f8.jpg',2,2),(121,'121_34e7ecc737a66aa7f6ab83241de1f2e3','Nuttaporn.jpg','121_34e7ecc737a66aa7f6ab83241de1f2e3.jpg','/home/cp725669/public_html/mysix.co.th/public/trainer/images/121/121_34e7ecc737a66aa7f6ab83241de1f2e3.jpg',2,2),(122,'122_4f046651a45fa128fc38d324165606b7','IMG_9637.jpg','122_4f046651a45fa128fc38d324165606b7.jpg','/home/cp725669/public_html/mysix.co.th/public/trainer/images/122/122_4f046651a45fa128fc38d324165606b7.jpg',2,2),(123,'123_0331e39431fbda838228ccb004e326c4','IMG_9649.jpg','123_0331e39431fbda838228ccb004e326c4.jpg','/home/cp725669/public_html/mysix.co.th/public/trainer/images/123/123_0331e39431fbda838228ccb004e326c4.jpg',2,2),(125,'125_76c5011923d825a043ec7201647efc2c','IMG_9677.jpg','125_76c5011923d825a043ec7201647efc2c.jpg','/home/cp725669/public_html/mysix.co.th/public/trainer/images/125/125_76c5011923d825a043ec7201647efc2c.jpg',2,2),(129,'129_a6386a418b7cec0b80761d2164978350','IMG_9670.jpg','129_a6386a418b7cec0b80761d2164978350.jpg','/home/cp725669/public_html/mysix.co.th/public/trainer/images/129/129_a6386a418b7cec0b80761d2164978350.jpg',2,2),(133,'133_464a1c74dac0f4d6f4144ef762270aa1','IMG_9758.JPG','133_464a1c74dac0f4d6f4144ef762270aa1.JPG','/home/cp725669/public_html/mysix.co.th/public/trainer/images/133/133_464a1c74dac0f4d6f4144ef762270aa1.JPG',1,1),(134,'134_9045350ff1dbbd974ff89ce1b4c0ef30','Kanjana.jpg','134_9045350ff1dbbd974ff89ce1b4c0ef30.jpg','/home/cp725669/public_html/mysix.co.th/public/trainer/images/134/134_9045350ff1dbbd974ff89ce1b4c0ef30.jpg',2,2),(135,'135_c8b5e18b77e877c56e303c51e6f6459f','S__5742605.jpg','135_c8b5e18b77e877c56e303c51e6f6459f.jpg','/home/cp725669/public_html/mysix.co.th/public/trainer/images/135/135_c8b5e18b77e877c56e303c51e6f6459f.jpg',2,2),(138,'138_4023c012c5395c5b35afc68129bd1559','Patamate_5.jpg','138_4023c012c5395c5b35afc68129bd1559.jpg','/home/cp725669/public_html/mysix.co.th/public/trainer/images/138/138_4023c012c5395c5b35afc68129bd1559.jpg',1,1),(138,'138_6b51c89fbc9ec090e57ecb98c9341cd7','Patamate_4.jpg','138_6b51c89fbc9ec090e57ecb98c9341cd7.jpg','/home/cp725669/public_html/mysix.co.th/public/trainer/images/138/138_6b51c89fbc9ec090e57ecb98c9341cd7.jpg',6,6),(138,'138_94e6a04cd845d1fdac750a4d0d7ee049','IMG_9702.jpg','138_94e6a04cd845d1fdac750a4d0d7ee049.jpg','/home/cp725669/public_html/mysix.co.th/public/trainer/images/138/138_94e6a04cd845d1fdac750a4d0d7ee049.jpg',2,2),(138,'138_a67fb69c325f515250441c9148e39973','Patamate_1.jpg','138_a67fb69c325f515250441c9148e39973.jpg','/home/cp725669/public_html/mysix.co.th/public/trainer/images/138/138_a67fb69c325f515250441c9148e39973.jpg',3,3),(138,'138_d73a4097e4ed7a6a8f07c370e9f82f03','Patamate_2.jpg','138_d73a4097e4ed7a6a8f07c370e9f82f03.jpg','/home/cp725669/public_html/mysix.co.th/public/trainer/images/138/138_d73a4097e4ed7a6a8f07c370e9f82f03.jpg',4,4),(138,'138_e43d60ece934ff623cda082539778f4c','Patamate_3.jpg','138_e43d60ece934ff623cda082539778f4c.jpg','/home/cp725669/public_html/mysix.co.th/public/trainer/images/138/138_e43d60ece934ff623cda082539778f4c.jpg',5,5),(139,'139_069addc466ffe33eb3a2f7652d4b04e6','Pattraravee.jpg','139_069addc466ffe33eb3a2f7652d4b04e6.jpg','/home/cp725669/public_html/mysix.co.th/public/trainer/images/139/139_069addc466ffe33eb3a2f7652d4b04e6.jpg',2,2),(140,'140_9b5c4ddd76ad11e4e9490d21f104f0e9','Sivaporn.jpg','140_9b5c4ddd76ad11e4e9490d21f104f0e9.jpg','/home/cp725669/public_html/mysix.co.th/public/trainer/images/140/140_9b5c4ddd76ad11e4e9490d21f104f0e9.jpg',2,2),(142,'142_7bfb5fc1130735976e1e5e7f6115d834','Arisa_2.jpg','142_7bfb5fc1130735976e1e5e7f6115d834.jpg','/home/cp725669/public_html/mysix.co.th/public/trainer/images/142/142_7bfb5fc1130735976e1e5e7f6115d834.jpg',3,3),(142,'142_c7b01f103fccc021203b79c720954e7b','Arisa_1.jpg','142_c7b01f103fccc021203b79c720954e7b.jpg','/home/cp725669/public_html/mysix.co.th/public/trainer/images/142/142_c7b01f103fccc021203b79c720954e7b.jpg',2,2),(142,'142_f21cd34c40954ff7e8df9d1af77bf9c5','Arisa.jpg','142_f21cd34c40954ff7e8df9d1af77bf9c5.jpg','/home/cp725669/public_html/mysix.co.th/public/trainer/images/142/142_f21cd34c40954ff7e8df9d1af77bf9c5.jpg',1,1),(142,'142_fabf157bb008120d925fd9befc46501c','Arisa_3.jpg','142_fabf157bb008120d925fd9befc46501c.jpg','/home/cp725669/public_html/mysix.co.th/public/trainer/images/142/142_fabf157bb008120d925fd9befc46501c.jpg',4,4),(146,'146_e2ef60250b7a132dfe0e233ea2ebdce8','Ora-uan.jpg','146_e2ef60250b7a132dfe0e233ea2ebdce8.jpg','/home/cp725669/public_html/mysix.co.th/public/trainer/images/146/146_e2ef60250b7a132dfe0e233ea2ebdce8.jpg',2,2),(150,'150_d24dd0b883c976f7e86b80d833a3286b','IMG_9751.JPG','150_d24dd0b883c976f7e86b80d833a3286b.JPG','/home/cp725669/public_html/mysix.co.th/public/trainer/images/150/150_d24dd0b883c976f7e86b80d833a3286b.JPG',1,1),(156,'156_1ef07d5528f610b29ba7c1f79196c90d','4.jpg','156_1ef07d5528f610b29ba7c1f79196c90d.jpg','/home/cp725669/public_html/mysix.co.th/public/trainer/images/156/156_1ef07d5528f610b29ba7c1f79196c90d.jpg',1,1),(158,'158_d9a43078d18f7f13025eef14509070a6','Narongsak.jpg','158_d9a43078d18f7f13025eef14509070a6.jpg','/home/cp725669/public_html/mysix.co.th/public/trainer/images/158/158_d9a43078d18f7f13025eef14509070a6.jpg',2,2),(161,'161_449d639435faa67ecf54385b935a99c9','Veeravich.jpg','161_449d639435faa67ecf54385b935a99c9.jpg','/home/cp725669/public_html/mysix.co.th/public/trainer/images/161/161_449d639435faa67ecf54385b935a99c9.jpg',2,2),(175,'175_3bb4381365cc9bacfd468025cb9e3715','1.jpg','175_3bb4381365cc9bacfd468025cb9e3715.jpg','/home/cp725669/public_html/mysix.co.th/public/trainer/images/175/175_3bb4381365cc9bacfd468025cb9e3715.jpg',1,1);

--
-- Table structure for table `trainer_location`
--

CREATE TABLE `trainer_location` (
  `trainer_id` int(11) NOT NULL,
  `location_id` int(11) NOT NULL,
  PRIMARY KEY (`trainer_id`,`location_id`)
) ENGINE=InnoDB DEFAULT CHARSET=utf8 COLLATE=utf8_unicode_ci;

--
-- Dumping data for table `trainer_location`
--

INSERT INTO `trainer_location` VALUES (1,31),(1,33),(1,39),(1,53),(29,10),(29,31),(29,33),(29,39),(29,62),(29,63),(29,65),(29,67),(29,69),(29,71),(29,72),(29,73),(29,74),(29,77),(29,103),(29,104),(29,105),(29,106),(32,10),(32,31),(32,33),(32,39),(32,43),(32,60),(32,61),(32,62),(32,63),(32,64),(32,65),(32,69),(32,70),(32,72),(32,73),(33,14),(33,15),(33,20),(33,27),(33,39),(33,62),(33,63),(33,65),(33,66),(33,67),(33,68),(33,69),(33,72),(33,73),(33,74),(33,75),(33,76),(33,78),(33,79),(33,80),(33,89),(33,90),(33,92),(33,93),(33,94),(33,95),(33,96),(33,98),(33,100),(33,101),(33,103),(33,104),(33,106),(34,3),(34,14),(34,15),(34,17),(34,18),(34,20),(34,25),(34,27),(34,28),(34,33),(34,39),(34,40),(53,10),(53,17),(53,31),(53,33),(53,39),(53,43),(53,53),(53,54),(53,55),(53,56),(53,57),(53,58),(53,59),(53,60),(53,61),(53,62),(53,63),(53,64),(53,65),(53,66),(53,67),(53,68),(53,69),(53,70),(53,71),(53,72),(53,73),(53,74),(53,75),(53,76),(53,77),(53,78),(53,79),(53,80),(53,81),(53,82),(53,83),(53,84),(53,85),(53,86),(53,87),(53,88),(53,89),(53,90),(53,91),(53,92),(53,93),(53,94),(53,95),(53,96),(53,97),(53,98),(53,99),(53,100),(53,101),(53,102),(53,103),(53,104),(53,105),(53,106),(57,10),(57,11),(57,12),(57,13),(57,15),(57,17),(57,19),(57,20),(57,23),(57,24),(57,31),(57,33),(57,34),(57,39),(57,41),(57,43),(57,50),(57,59),(57,60),(57,61),(57,62),(57,63),(57,64),(57,65),(57,66),(57,67),(57,68),(57,70),(57,71),(57,72),(57,73),(57,74),(57,75),(57,76),(57,78),(57,79),(57,80),(57,81),(57,82),(57,89),(57,90),(57,91),(57,92),(57,93),(57,94),(57,95),(57,96),(57,97),(57,98),(57,99),(57,100),(57,101),(57,102),(57,103),(57,104),(57,105),(57,106),(58,9),(58,12),(58,13),(58,19),(58,45),(58,68),(58,69),(58,70),(58,71),(59,6),(59,10),(59,23),(59,43),(59,51),(61,10),(61,31),(61,33),(61,39),(61,43),(61,63),(61,64),(61,65),(61,66),(61,69),(61,70),(61,71),(61,72),(61,73),(61,74),(61,75),(61,76),(61,77),(61,78),(61,79),(61,80),(61,81),(61,82),(61,94),(61,95),(61,96),(61,97),(61,98),(61,99),(61,100),(61,101),(61,102),(61,103),(61,105),(61,106),(69,2),(69,3),(69,4),(69,5),(69,6),(69,7),(69,12),(69,53),(69,61),(69,69),(69,70),(69,72),(69,87),(69,95),(69,97),(69,99),(69,100),(69,102),(69,104),(69,105),(77,3),(77,5),(77,14),(77,27),(77,49),(77,93),(86,8),(86,14),(86,21),(86,22),(86,26),(86,28),(86,29),(86,37),(86,42),(86,44),(86,72),(86,85),(86,86),(86,87),(86,99),(87,8),(87,14),(87,21),(87,22),(87,26),(87,28),(87,29),(87,37),(87,42),(87,44),(87,72),(87,85),(87,86),(87,87),(87,99),(88,11),(88,15),(88,33),(88,39),(88,65),(88,67),(88,68),(88,69),(88,70),(88,72),(88,73),(88,90),(88,91),(89,6),(89,10),(89,23),(89,24),(89,31),(89,34),(89,39),(89,43),(89,47),(89,50),(89,51),(89,58),(89,59),(89,60),(89,61),(89,62),(89,63),(89,64),(89,65),(89,72),(89,73),(89,74),(89,75),(89,76),(89,77),(89,78),(89,79),(89,80),(89,81),(89,82),(89,83),(89,84),(89,104),(89,105),(92,5),(92,15),(92,18),(92,25),(92,27),(92,40),(92,65),(92,67),(92,68),(92,69),(92,70),(92,72),(92,73),(92,89),(92,90),(92,91),(92,92),(92,93),(92,94),(92,95),(92,96),(92,97),(105,3),(105,14),(105,27),(105,42),(105,49),(106,4),(106,10),(106,16),(106,23),(106,31),(106,32),(106,38),(106,39),(106,43),(106,47),(106,53),(106,54),(106,55),(106,56),(106,57),(106,58),(106,60),(106,61),(106,62),(106,63),(106,64),(106,65),(106,66),(106,73),(106,74),(106,103),(106,104),(106,105),(109,3),(109,21),(109,27),(109,43),(109,65),(109,66),(109,77),(120,8),(120,24),(120,31),(120,34),(120,37),(120,44),(120,50),(120,53),(120,60),(120,61),(120,62),(120,63),(120,64),(120,65),(120,66),(120,67),(120,68),(120,70),(120,71),(120,72),(120,73),(120,74),(120,75),(120,76),(120,77),(120,78),(120,79),(120,80),(120,81),(120,82),(120,83),(120,84),(120,85),(120,86),(120,87),(120,88),(120,89),(120,90),(120,91),(120,92),(120,93),(120,94),(120,95),(120,96),(120,97),(120,98),(120,99),(120,100),(120,101),(120,102),(120,103),(120,104),(120,105),(120,106),(121,11),(121,15),(121,17),(121,27),(121,31),(121,33),(121,60),(121,61),(121,62),(121,63),(121,64),(121,65),(121,66),(121,67),(121,68),(121,69),(121,70),(121,71),(121,72),(121,73),(121,74),(121,75),(121,76),(121,77),(121,78),(121,79),(121,80),(121,81),(121,82),(121,89),(121,90),(121,91),(121,92),(121,93),(121,94),(121,95),(121,96),(121,97),(121,98),(121,99),(121,100),(121,101),(121,102),(121,103),(121,104),(121,105),(121,106),(122,8),(122,34),(122,82),(122,83),(122,84),(122,85),(123,24),(123,31),(123,33),(123,34),(123,39),(123,43),(123,61),(123,62),(123,63),(123,64),(123,65),(123,66),(123,67),(123,68),(123,69),(123,70),(123,71),(123,72),(123,73),(123,74),(123,75),(123,77),(123,78),(123,79),(123,80),(123,81),(123,82),(123,85),(123,86),(123,87),(123,88),(123,90),(123,91),(123,92),(123,93),(123,94),(123,95),(123,96),(123,97),(123,98),(123,99),(123,100),(123,101),(123,102),(123,103),(123,104),(123,105),(123,106),(125,4),(125,6),(125,9),(125,10),(125,12),(125,13),(125,19),(125,23),(125,31),(125,32),(125,33),(125,35),(125,36),(125,39),(125,41),(125,43),(125,45),(125,47),(125,51),(125,58),(125,59),(125,60),(125,61),(125,62),(125,63),(125,64),(125,65),(125,72),(125,73),(129,45),(133,24),(133,34),(133,74),(133,75),(133,76),(133,77),(133,78),(133,79),(133,80),(133,81),(133,82),(133,83),(133,84),(133,85),(134,4),(134,6),(134,30),(134,32),(134,45),(134,46),(134,60),(135,27),(135,67),(135,91),(138,8),(138,37),(138,44),(138,85),(138,86),(139,10),(139,11),(139,15),(139,17),(139,20),(139,24),(139,27),(139,31),(139,33),(139,34),(139,39),(139,43),(139,50),(140,8),(140,10),(140,24),(140,31),(140,34),(140,37),(140,39),(140,43),(140,50),(140,65),(140,72),(140,73),(140,74),(142,15),(142,17),(142,20),(142,24),(142,25),(142,31),(142,33),(142,39),(142,50),(142,60),(142,61),(142,62),(142,63),(142,64),(142,65),(142,66),(142,67),(142,68),(142,69),(142,70),(142,71),(142,72),(142,73),(142,74),(142,75),(142,76),(142,77),(142,78),(142,79),(142,80),(142,81),(142,89),(142,90),(142,91),(142,92),(142,93),(142,94),(142,95),(142,96),(142,97),(142,98),(142,99),(142,100),(142,101),(142,102),(142,103),(142,104),(142,105),(142,106),(146,5),(146,15),(146,18),(146,20),(146,25),(146,27),(146,40),(146,49),(146,67),(146,68),(146,89),(146,90),(146,91),(146,92),(146,94),(146,95),(146,96),(146,97),(150,8),(150,24),(150,34),(150,44),(150,50),(156,24),(156,34),(156,43),(156,50),(156,51),(156,60),(156,61),(156,62),(156,63),(156,64),(156,65),(156,74),(156,75),(156,76),(156,77),(156,78),(156,79),(156,80),(156,81),(156,82),(156,83),(156,84),(156,85),(156,86),(156,87),(156,89),(156,90),(156,91),(156,92),(156,93),(156,94),(156,95),(156,96),(156,97),(156,98),(156,99),(156,100),(156,104),(158,4),(158,9),(158,12),(158,13),(158,30),(158,32),(158,45),(158,46),(158,53),(158,54),(158,55),(158,56),(158,57),(158,58),(158,59),(158,60),(158,61),(158,62),(158,63),(158,64),(158,65),(158,74),(158,75),(158,76),(158,77),(158,78),(160,14),(161,8),(161,24),(161,34),(161,44),(161,50),(161,65),(161,74),(161,75),(161,76),(161,77),(161,78),(161,79),(161,80),(161,81),(161,82),(161,83),(161,84),(161,85),(161,86),(161,87),(175,5),(175,11),(175,15),(175,18),(175,25),(175,27),(175,33),(175,40),(175,67),(175,68),(175,69),(175,90),(175,91),(175,93);

--
-- Table structure for table `trainer_slot`
--

CREATE TABLE `trainer_slot` (
  `trainer_id` int(11) NOT NULL,
  `slot_date` date NOT NULL,
  `slot_id` int(11) NOT NULL,
  `publish` int(11) DEFAULT '0',
  `delete` int(11) DEFAULT '0',
  PRIMARY KEY (`trainer_id`,`slot_date`,`slot_id`)
) ENGINE=InnoDB DEFAULT CHARSET=utf8 COLLATE=utf8_unicode_ci;

--
-- Dumping data for table `trainer_slot`
--

INSERT INTO `trainer_slot` VALUES (1,'2017-05-11',71,1,0),(1,'2017-05-11',72,1,0),(1,'2017-05-11',81,1,0),(1,'2017-05-11',82,1,0),(1,'2017-05-11',91,1,0),(1,'2017-05-11',92,1,0),(1,'2017-05-11',101,1,0),(1,'2017-05-18',71,1,0),(1,'2017-05-18',72,1,0),(1,'2017-05-18',81,1,0),(1,'2017-05-18',82,1,0),(1,'2017-05-18',91,1,0),(1,'2017-05-18',92,1,0),(1,'2017-05-18',101,1,0),(1,'2017-05-25',71,1,0),(1,'2017-05-25',72,1,0),(1,'2017-05-25',81,1,0),(1,'2017-05-25',82,1,0),(1,'2017-05-25',91,1,0),(1,'2017-05-25',92,1,0),(1,'2017-05-25',101,1,0),(1,'2017-08-11',71,1,0),(1,'2017-08-11',72,1,0),(1,'2017-08-11',81,1,0),(1,'2017-08-11',82,1,0),(1,'2017-08-11',91,1,0),(1,'2017-08-11',92,1,0),(1,'2017-08-11',101,1,0),(1,'2017-08-12',71,1,0),(1,'2017-08-12',72,1,0),(1,'2017-08-12',81,1,0),(1,'2017-08-12',82,1,0),(1,'2017-08-12',91,1,0),(1,'2017-08-12',92,1,0),(1,'2017-08-12',111,1,0),(1,'2017-08-13',71,1,0),(1,'2017-08-13',72,1,0),(1,'2017-08-13',81,1,0),(1,'2017-08-13',82,1,0),(1,'2017-08-13',91,1,0),(1,'2017-08-13',92,1,0),(1,'2017-08-14',71,1,0),(1,'2017-08-14',72,1,0),(1,'2017-08-14',81,1,0),(1,'2017-08-14',82,1,0),(1,'2017-08-14',91,1,0),(1,'2017-08-14',92,1,0),(1,'2017-08-14',101,1,0),(1,'2017-08-14',102,1,0),(1,'2017-08-14',111,1,0),(1,'2017-08-14',112,1,0),(1,'2017-08-14',121,1,0),(1,'2017-08-15',71,1,0),(1,'2017-08-15',72,1,0),(1,'2017-08-15',81,1,0),(1,'2017-08-15',82,1,0),(1,'2017-08-15',91,1,0),(1,'2017-08-15',92,1,0),(1,'2017-08-15',101,1,0),(1,'2017-08-15',102,1,0),(1,'2017-08-15',111,1,0),(1,'2017-08-15',112,1,0),(1,'2017-08-15',121,1,0),(1,'2017-08-16',71,1,0),(1,'2017-08-16',72,1,0),(1,'2017-08-16',81,1,0),(1,'2017-08-16',82,1,0),(1,'2017-08-16',91,1,0),(1,'2017-08-16',92,1,0),(1,'2017-08-16',101,1,0),(1,'2017-08-16',102,1,0),(1,'2017-08-16',111,1,0),(1,'2017-08-16',112,1,0),(1,'2017-08-16',121,1,0),(1,'2017-08-16',122,1,0),(1,'2017-08-16',131,1,0),(1,'2017-08-16',132,1,0),(1,'2017-08-16',141,1,0),(1,'2017-08-16',142,1,0),(1,'2017-08-16',151,1,0),(1,'2017-08-16',152,1,0),(1,'2017-08-16',161,1,0),(1,'2017-08-16',162,1,0),(1,'2017-08-16',171,1,0),(1,'2017-08-16',172,1,0),(1,'2017-08-16',181,1,0),(1,'2017-08-16',182,1,0),(1,'2017-08-16',191,1,0),(1,'2017-08-16',192,1,0),(1,'2017-08-16',201,1,0),(1,'2017-08-16',202,1,0),(1,'2017-08-16',211,1,0),(1,'2017-08-16',212,1,0),(1,'2017-08-16',221,1,0),(1,'2017-08-16',222,1,0),(1,'2017-08-16',231,1,0),(1,'2017-08-16',232,1,0),(1,'2017-08-16',241,1,0),(1,'2017-08-17',192,1,0),(1,'2017-08-17',201,1,0),(1,'2017-08-17',202,1,0),(1,'2017-08-17',211,1,0),(1,'2017-08-17',221,1,0),(1,'2017-08-17',222,1,0),(1,'2017-08-17',231,1,0),(1,'2017-08-17',232,1,0),(1,'2017-08-18',71,1,0),(1,'2017-08-18',72,1,0),(1,'2017-08-18',81,1,0),(1,'2017-08-18',82,1,0),(1,'2017-08-18',91,1,0),(1,'2017-08-18',92,1,0),(1,'2017-08-18',101,1,0),(1,'2017-08-19',82,1,0),(1,'2017-08-20',72,1,0),(1,'2017-08-20',81,1,0),(1,'2017-08-20',82,1,0),(1,'2017-08-20',91,1,0),(1,'2017-08-20',92,1,0),(1,'2017-08-20',101,1,0),(1,'2017-08-21',71,1,0),(1,'2017-08-21',72,1,0),(1,'2017-08-21',81,1,0),(1,'2017-08-21',82,1,0),(1,'2017-08-21',91,1,0),(1,'2017-08-21',92,1,0),(1,'2017-08-21',101,1,0),(1,'2017-08-21',102,1,0),(1,'2017-08-21',111,1,0),(1,'2017-08-21',112,1,0),(1,'2017-08-21',121,1,0),(1,'2017-08-21',122,1,0),(1,'2017-08-21',131,1,0),(1,'2017-08-21',132,1,0),(1,'2017-08-22',71,1,0),(1,'2017-08-22',72,1,0),(1,'2017-08-22',81,1,0),(1,'2017-08-22',82,1,0),(1,'2017-08-22',91,1,0),(1,'2017-08-22',92,1,0),(1,'2017-08-22',101,1,0),(1,'2017-08-22',102,1,0),(1,'2017-08-22',111,1,0),(1,'2017-08-22',112,1,0),(1,'2017-08-22',121,1,0),(1,'2017-08-22',122,1,0),(1,'2017-08-22',131,1,0),(1,'2017-08-22',132,1,0),(1,'2017-08-23',71,1,0),(1,'2017-08-23',72,1,0),(1,'2017-08-23',81,1,0),(1,'2017-08-23',82,1,0),(1,'2017-08-23',91,1,0),(1,'2017-08-23',92,1,0),(1,'2017-08-23',101,1,0),(1,'2017-08-23',102,1,0),(1,'2017-08-23',111,1,0),(1,'2017-08-23',112,1,0),(1,'2017-08-23',121,1,0),(1,'2017-08-23',122,1,0),(1,'2017-08-23',131,1,0),(1,'2017-08-23',132,1,0),(1,'2017-08-23',141,1,0),(1,'2017-08-23',142,1,0),(1,'2017-08-23',151,1,0),(1,'2017-08-23',152,1,0),(1,'2017-08-23',161,1,0),(1,'2017-08-23',162,1,0),(1,'2017-08-23',171,1,0),(1,'2017-08-23',172,1,0),(1,'2017-08-23',181,1,0),(1,'2017-08-23',182,1,0),(1,'2017-08-23',191,1,0),(1,'2017-08-23',192,1,0),(1,'2017-08-23',201,1,0),(1,'2017-08-23',202,1,0),(1,'2017-08-23',211,1,0),(1,'2017-08-23',212,1,0),(1,'2017-08-23',221,1,0),(1,'2017-08-23',222,1,0),(1,'2017-08-23',231,1,0),(1,'2017-08-23',232,1,0),(1,'2017-08-25',71,1,0),(1,'2017-08-25',81,1,0),(1,'2017-08-25',91,1,0),(1,'2017-08-25',92,1,0),(1,'2017-08-25',101,1,0),(1,'2017-08-26',71,1,0),(1,'2017-08-26',72,1,0),(1,'2017-08-26',81,1,0),(1,'2017-08-26',82,1,0),(1,'2017-08-27',72,1,0),(1,'2017-08-27',81,1,0),(1,'2017-08-27',82,1,0),(1,'2017-08-27',91,1,0),(1,'2017-08-27',92,1,0),(1,'2017-08-27',101,1,0),(1,'2017-08-30',71,1,0),(1,'2017-08-30',72,1,0),(1,'2017-08-30',81,1,0),(1,'2017-08-30',82,1,0),(1,'2017-08-30',91,1,0),(1,'2017-08-30',92,1,0),(1,'2017-08-30',101,1,0),(1,'2017-08-30',102,1,0),(1,'2017-08-30',111,1,0),(1,'2017-08-30',112,1,0),(1,'2017-08-30',121,1,0),(1,'2017-08-30',122,1,0),(1,'2017-08-30',131,1,0),(1,'2017-08-30',132,1,0),(1,'2017-08-30',141,1,0),(1,'2017-08-30',142,1,0),(1,'2017-08-30',151,1,0),(1,'2017-08-30',152,1,0),(1,'2017-08-30',161,1,0),(1,'2017-08-30',162,1,0),(1,'2017-08-30',171,1,0),(1,'2017-08-30',172,1,0),(1,'2017-08-30',181,1,0),(1,'2017-08-30',182,1,0),(1,'2017-08-30',191,1,0),(1,'2017-08-30',192,1,0),(1,'2017-08-30',201,1,0),(1,'2017-08-30',202,1,0),(1,'2017-08-30',211,1,0),(1,'2017-08-30',212,1,0),(1,'2017-08-30',221,1,0),(1,'2017-08-30',222,1,0),(1,'2017-08-30',231,1,0),(1,'2017-08-30',232,1,0),(1,'2017-09-01',71,1,0),(1,'2017-09-01',72,1,0),(1,'2017-09-01',81,1,0),(1,'2017-09-01',82,1,0),(1,'2017-09-01',91,1,0),(1,'2017-09-01',92,1,0),(1,'2017-09-01',101,1,0),(1,'2017-09-02',71,1,0),(1,'2017-09-02',72,1,0),(1,'2017-09-02',81,1,0),(1,'2017-09-02',82,1,0),(1,'2017-09-03',72,1,0),(1,'2017-09-03',81,1,0),(1,'2017-09-03',82,1,0),(1,'2017-09-03',91,1,0),(1,'2017-09-03',92,1,0),(1,'2017-09-03',101,1,0),(1,'2017-09-04',71,1,0),(1,'2017-09-04',72,1,0),(1,'2017-09-04',81,1,0),(1,'2017-09-04',82,1,0),(1,'2017-09-04',91,1,0),(1,'2017-09-04',92,1,0),(1,'2017-09-04',101,1,0),(1,'2017-09-04',102,1,0),(1,'2017-09-04',111,1,0),(1,'2017-09-06',71,1,0),(1,'2017-09-06',72,1,0),(1,'2017-09-06',81,1,0),(1,'2017-09-06',82,1,0),(1,'2017-09-06',91,1,0),(1,'2017-09-06',92,1,0),(1,'2017-09-06',101,1,0),(1,'2017-09-06',102,1,0),(1,'2017-09-06',111,1,0),(1,'2017-09-06',112,1,0),(1,'2017-09-06',121,1,0),(1,'2017-09-06',122,1,0),(1,'2017-09-06',131,1,0),(1,'2017-09-06',132,1,0),(1,'2017-09-06',141,1,0),(1,'2017-09-06',142,1,0),(1,'2017-09-06',151,1,0),(1,'2017-09-06',152,1,0),(1,'2017-09-06',161,1,0),(1,'2017-09-06',162,1,0),(1,'2017-09-06',171,1,0),(1,'2017-09-06',172,1,0),(1,'2017-09-06',181,1,0),(1,'2017-09-06',182,1,0),(1,'2017-09-06',191,1,0),(1,'2017-09-06',192,1,0),(1,'2017-09-06',201,1,0),(1,'2017-09-06',202,1,0),(1,'2017-09-06',211,1,0),(1,'2017-09-06',212,1,0),(1,'2017-09-06',221,1,0),(1,'2017-09-06',222,1,0),(1,'2017-09-06',231,1,0),(1,'2017-09-06',232,1,0),(1,'2017-09-07',71,1,0),(1,'2017-09-07',72,1,0),(1,'2017-09-07',81,1,0),(1,'2017-09-07',82,1,0),(1,'2017-09-07',91,1,0),(1,'2017-09-07',92,1,0),(1,'2017-09-07',101,1,0),(1,'2017-09-07',102,1,0),(1,'2017-09-07',111,1,0),(1,'2017-09-07',112,1,0),(1,'2017-09-07',121,1,0),(1,'2017-09-07',122,1,0),(1,'2017-09-07',131,1,0),(1,'2017-09-07',132,1,0),(1,'2017-09-07',141,1,0),(1,'2017-09-08',71,1,0),(1,'2017-09-08',72,1,0),(1,'2017-09-08',81,1,0),(1,'2017-09-08',82,1,0),(1,'2017-09-08',91,1,0),(1,'2017-09-08',92,1,0),(1,'2017-09-08',101,1,0),(1,'2017-09-08',102,1,0),(1,'2017-09-08',111,1,0),(1,'2017-09-08',112,1,0),(1,'2017-09-08',121,1,0),(1,'2017-09-08',122,1,0),(1,'2017-09-08',131,1,0),(1,'2017-09-08',132,1,0),(1,'2017-09-08',141,1,0),(1,'2017-09-09',71,1,0),(1,'2017-09-09',72,1,0),(1,'2017-09-09',81,1,0),(1,'2017-09-09',82,1,0),(1,'2017-09-10',72,1,0),(1,'2017-09-10',81,1,0),(1,'2017-09-10',82,1,0),(1,'2017-09-10',91,1,0),(1,'2017-09-10',92,1,0),(1,'2017-09-10',101,1,0),(1,'2017-09-11',71,1,0),(1,'2017-09-11',72,1,0),(1,'2017-09-11',81,1,0),(1,'2017-09-11',82,1,0),(1,'2017-09-11',91,1,0),(1,'2017-09-11',92,1,0),(1,'2017-09-11',101,1,0),(1,'2017-09-11',102,1,0),(1,'2017-09-11',111,1,0),(1,'2017-09-13',71,1,0),(1,'2017-09-13',72,1,0),(1,'2017-09-13',81,1,0),(1,'2017-09-13',82,1,0),(1,'2017-09-13',91,1,0),(1,'2017-09-13',92,1,0),(1,'2017-09-13',101,1,0),(1,'2017-09-13',102,1,0),(1,'2017-09-13',111,1,0),(1,'2017-09-13',112,1,0),(1,'2017-09-13',121,1,0),(1,'2017-09-13',122,1,0),(1,'2017-09-13',131,1,0),(1,'2017-09-13',132,1,0),(1,'2017-09-13',141,1,0),(1,'2017-09-13',142,1,0),(1,'2017-09-13',151,1,0),(1,'2017-09-13',152,1,0),(1,'2017-09-13',161,1,0),(1,'2017-09-13',162,1,0),(1,'2017-09-13',171,1,0),(1,'2017-09-13',172,1,0),(1,'2017-09-13',181,1,0),(1,'2017-09-13',182,1,0),(1,'2017-09-13',191,1,0),(1,'2017-09-13',192,1,0),(1,'2017-09-13',201,1,0),(1,'2017-09-13',202,1,0),(1,'2017-09-13',211,1,0),(1,'2017-09-13',212,1,0),(1,'2017-09-13',221,1,0),(1,'2017-09-13',222,1,0),(1,'2017-09-13',231,1,0),(1,'2017-09-13',232,1,0),(1,'2017-09-15',91,1,0),(1,'2017-09-15',92,1,0),(1,'2017-09-15',101,1,0),(1,'2017-09-16',71,1,0),(1,'2017-09-16',72,1,0),(1,'2017-09-16',81,1,0),(1,'2017-09-16',82,1,0),(1,'2017-09-17',72,1,0),(1,'2017-09-17',81,1,0),(1,'2017-09-17',82,1,0),(1,'2017-09-17',91,1,0),(1,'2017-09-17',92,1,0),(1,'2017-09-17',101,1,0),(1,'2017-09-18',71,1,0),(1,'2017-09-18',72,1,0),(1,'2017-09-18',81,1,0),(1,'2017-09-18',82,1,0),(1,'2017-09-18',91,1,0),(1,'2017-09-18',92,1,0),(1,'2017-09-18',101,1,0),(1,'2017-09-18',102,1,0),(1,'2017-09-18',111,1,0),(1,'2017-09-20',71,1,0),(1,'2017-09-20',72,1,0),(1,'2017-09-20',81,1,0),(1,'2017-09-20',82,1,0),(1,'2017-09-20',91,1,0),(1,'2017-09-20',92,1,0),(1,'2017-09-20',101,1,0),(1,'2017-09-20',102,1,0),(1,'2017-09-20',111,1,0),(1,'2017-09-20',112,1,0),(1,'2017-09-20',121,1,0),(1,'2017-09-20',122,1,0),(1,'2017-09-20',131,1,0),(1,'2017-09-20',132,1,0),(1,'2017-09-20',141,1,0),(1,'2017-09-20',142,1,0),(1,'2017-09-20',151,1,0),(1,'2017-09-20',152,1,0),(1,'2017-09-20',161,1,0),(1,'2017-09-20',162,1,0),(1,'2017-09-20',171,1,0),(1,'2017-09-20',172,1,0),(1,'2017-09-20',181,1,0),(1,'2017-09-20',182,1,0),(1,'2017-09-20',191,1,0),(1,'2017-09-20',192,1,0),(1,'2017-09-20',201,1,0),(1,'2017-09-20',202,1,0),(1,'2017-09-20',211,1,0),(1,'2017-09-20',212,1,0),(1,'2017-09-20',221,1,0),(1,'2017-09-20',222,1,0),(1,'2017-09-20',231,1,0),(1,'2017-09-20',232,1,0),(1,'2017-09-21',81,1,0),(1,'2017-09-21',82,1,0),(1,'2017-09-21',91,1,0),(1,'2017-09-22',91,1,0),(1,'2017-09-22',92,1,0),(1,'2017-09-22',101,1,0),(1,'2017-09-23',71,1,0),(1,'2017-09-23',72,1,0),(1,'2017-09-23',81,1,0),(1,'2017-09-23',82,1,0),(1,'2017-09-24',72,1,0),(1,'2017-09-24',81,1,0),(1,'2017-09-24',82,1,0),(1,'2017-09-24',91,1,0),(1,'2017-09-24',92,1,0),(1,'2017-09-24',101,1,0),(1,'2017-09-25',71,1,0),(1,'2017-09-25',72,1,0),(1,'2017-09-25',81,1,0),(1,'2017-09-25',82,1,0),(1,'2017-09-25',91,1,0),(1,'2017-09-25',92,1,0),(1,'2017-09-25',101,1,0),(1,'2017-09-25',102,1,0),(1,'2017-09-25',111,1,0),(1,'2017-09-27',71,1,0),(1,'2017-09-27',72,1,0),(1,'2017-09-27',81,1,0),(1,'2017-09-27',82,1,0),(1,'2017-09-27',91,1,0),(1,'2017-09-27',92,1,0),(1,'2017-09-27',101,1,0),(1,'2017-09-27',102,1,0),(1,'2017-09-27',111,1,0),(1,'2017-09-27',112,1,0),(1,'2017-09-27',121,1,0),(1,'2017-09-27',122,1,0),(1,'2017-09-27',131,1,0),(1,'2017-09-27',132,1,0),(1,'2017-09-27',141,1,0),(1,'2017-09-27',142,1,0),(1,'2017-09-27',151,1,0),(1,'2017-09-27',152,1,0),(1,'2017-09-27',161,1,0),(1,'2017-09-27',162,1,0),(1,'2017-09-27',171,1,0),(1,'2017-09-27',172,1,0),(1,'2017-09-27',181,1,0),(1,'2017-09-27',182,1,0),(1,'2017-09-27',191,1,0),(1,'2017-09-27',192,1,0),(1,'2017-09-27',201,1,0),(1,'2017-09-27',202,1,0),(1,'2017-09-27',211,1,0),(1,'2017-09-27',212,1,0),(1,'2017-09-27',221,1,0),(1,'2017-09-27',222,1,0),(1,'2017-09-27',231,1,0),(1,'2017-09-27',232,1,0),(1,'2017-09-29',91,1,0),(1,'2017-09-29',92,1,0),(1,'2017-09-29',101,1,0),(1,'2017-09-30',71,1,0),(1,'2017-09-30',72,1,0),(1,'2017-09-30',81,1,0),(1,'2017-09-30',82,1,0),(1,'2017-10-01',72,1,0),(1,'2017-10-01',81,1,0),(1,'2017-10-01',82,1,0),(1,'2017-10-01',91,1,0),(1,'2017-10-01',92,1,0),(1,'2017-10-01',101,1,0),(1,'2017-10-02',71,1,0),(1,'2017-10-02',72,1,0),(1,'2017-10-02',81,1,0),(1,'2017-10-02',82,1,0),(1,'2017-10-02',91,1,0),(1,'2017-10-02',92,1,0),(1,'2017-10-02',101,1,0),(1,'2017-10-02',102,1,0),(1,'2017-10-02',111,1,0),(1,'2017-10-04',71,1,0),(1,'2017-10-04',72,1,0),(1,'2017-10-04',81,1,0),(1,'2017-10-04',82,1,0),(1,'2017-10-04',91,1,0),(1,'2017-10-04',92,1,0),(1,'2017-10-04',101,1,0),(1,'2017-10-04',102,1,0),(1,'2017-10-04',111,1,0),(1,'2017-10-04',112,1,0),(1,'2017-10-04',121,1,0),(1,'2017-10-04',122,1,0),(1,'2017-10-04',131,1,0),(1,'2017-10-04',132,1,0),(1,'2017-10-04',141,1,0),(1,'2017-10-04',142,1,0),(1,'2017-10-04',151,1,0),(1,'2017-10-04',152,1,0),(1,'2017-10-04',161,1,0),(1,'2017-10-04',162,1,0),(1,'2017-10-04',171,1,0),(1,'2017-10-04',172,1,0),(1,'2017-10-04',181,1,0),(1,'2017-10-04',182,1,0),(1,'2017-10-04',191,1,0),(1,'2017-10-04',192,1,0),(1,'2017-10-04',201,1,0),(1,'2017-10-04',202,1,0),(1,'2017-10-04',211,1,0),(1,'2017-10-04',212,1,0),(1,'2017-10-04',221,1,0),(1,'2017-10-04',222,1,0),(1,'2017-10-04',231,1,0),(1,'2017-10-04',232,1,0),(1,'2017-10-08',71,1,0),(1,'2017-10-08',72,1,0),(1,'2017-10-08',81,1,0),(1,'2017-10-08',82,1,0),(1,'2017-10-08',91,1,0),(1,'2017-10-08',92,1,0),(1,'2017-10-08',101,1,0),(1,'2017-10-15',71,1,0),(1,'2017-10-15',72,1,0),(1,'2017-10-15',81,1,0),(1,'2017-10-15',82,1,0),(1,'2017-10-15',91,1,0),(1,'2017-10-15',92,1,0),(1,'2017-10-15',101,1,0),(1,'2017-10-22',71,1,0),(1,'2017-10-22',72,1,0),(1,'2017-10-22',81,1,0),(1,'2017-10-22',82,1,0),(1,'2017-10-22',91,1,0),(1,'2017-10-22',92,1,0),(1,'2017-10-22',101,1,0),(1,'2017-10-29',71,1,0),(1,'2017-10-29',72,1,0),(1,'2017-10-29',81,1,0),(1,'2017-10-29',82,1,0),(1,'2017-10-29',91,1,0),(1,'2017-10-29',92,1,0),(1,'2017-10-29',101,1,0),(1,'2017-11-05',71,1,0),(1,'2017-11-05',72,1,0),(1,'2017-11-05',81,1,0),(1,'2017-11-05',82,1,0),(1,'2017-11-05',91,1,0),(1,'2017-11-05',92,1,0),(1,'2017-11-05',101,1,0),(1,'2017-11-12',71,1,0),(1,'2017-11-12',72,1,0),(1,'2017-11-12',81,1,0),(1,'2017-11-12',82,1,0),(1,'2017-11-12',91,1,0),(1,'2017-11-12',92,1,0),(1,'2017-11-12',101,1,0),(1,'2017-11-19',71,1,0),(1,'2017-11-19',72,1,0),(1,'2017-11-19',81,1,0),(1,'2017-11-19',82,1,0),(1,'2017-11-19',91,1,0),(1,'2017-11-19',92,1,0),(1,'2017-11-19',101,1,0),(1,'2017-11-26',71,1,0),(1,'2017-11-26',72,1,0),(1,'2017-11-26',81,1,0),(1,'2017-11-26',82,1,0),(1,'2017-11-26',91,1,0),(1,'2017-11-26',92,1,0),(1,'2017-11-26',101,1,0),(3,'2017-08-17',72,0,0),(3,'2017-08-17',81,0,0),(3,'2017-08-17',91,0,0),(3,'2017-08-18',72,0,0),(3,'2017-08-18',81,0,0),(3,'2017-08-18',91,0,0),(8,'2017-10-18',92,1,0),(8,'2017-10-18',101,1,0),(8,'2017-10-18',102,1,0),(8,'2017-10-18',111,1,0),(8,'2017-10-18',112,1,0),(8,'2017-10-18',121,1,0),(8,'2017-11-03',71,1,0),(8,'2017-11-03',72,1,0),(8,'2017-11-03',81,1,0),(8,'2017-11-03',82,1,0),(8,'2017-11-05',71,1,0),(8,'2017-11-05',72,1,0),(8,'2017-11-05',81,1,0),(8,'2017-11-05',82,1,0),(8,'2017-11-07',71,1,0),(8,'2017-11-07',72,1,0),(8,'2017-11-07',81,1,0),(8,'2017-11-07',82,1,0),(9,'2017-08-08',71,1,0),(9,'2017-08-08',72,1,0),(9,'2017-08-08',81,1,0),(9,'2017-08-08',82,1,0),(9,'2017-08-08',91,1,0),(9,'2017-08-08',92,1,0),(9,'2017-08-08',101,1,0),(9,'2017-08-08',102,1,0),(9,'2017-08-08',111,1,0),(9,'2017-08-08',112,1,0),(9,'2017-08-08',121,1,0),(9,'2017-08-08',122,1,0),(9,'2017-08-08',131,1,0),(9,'2017-08-08',132,1,0),(9,'2017-08-08',141,1,0),(9,'2017-08-08',142,1,0),(9,'2017-08-08',151,1,0),(9,'2017-08-08',152,1,0),(9,'2017-08-08',161,1,0),(9,'2017-08-08',162,1,0),(9,'2017-08-08',171,1,0),(9,'2017-08-08',172,1,0),(9,'2017-08-08',181,1,0),(9,'2017-08-08',182,1,0),(9,'2017-08-08',191,1,0),(9,'2017-08-08',192,1,0),(9,'2017-08-08',201,1,0),(9,'2017-08-08',202,1,0),(9,'2017-08-08',211,1,0),(9,'2017-08-08',212,1,0),(9,'2017-08-08',221,1,0),(9,'2017-08-08',222,1,0),(9,'2017-08-08',231,1,0),(9,'2017-08-08',232,1,0),(9,'2017-08-15',71,1,0),(9,'2017-08-15',81,1,0),(9,'2017-08-15',82,1,0),(9,'2017-08-15',91,1,0),(9,'2017-08-15',92,1,0),(9,'2017-08-15',101,1,0),(9,'2017-08-16',71,1,0),(9,'2017-08-16',72,1,0),(9,'2017-08-16',81,1,0),(9,'2017-08-16',82,1,0),(9,'2017-08-16',91,1,0),(9,'2017-08-16',92,1,0),(9,'2017-08-16',101,1,0),(9,'2017-08-16',102,1,0),(9,'2017-08-16',111,1,0),(9,'2017-08-16',112,1,0),(9,'2017-08-16',121,1,0),(9,'2017-08-16',122,1,0),(9,'2017-08-16',131,1,0),(9,'2017-08-16',132,1,0),(9,'2017-08-16',141,1,0),(9,'2017-08-16',142,1,0),(9,'2017-08-16',151,1,0),(9,'2017-08-16',152,1,0),(9,'2017-08-16',161,1,0),(9,'2017-08-16',162,1,0),(9,'2017-08-16',171,1,0),(9,'2017-08-16',172,1,0),(9,'2017-08-16',181,1,0),(9,'2017-08-16',182,1,0),(9,'2017-08-16',191,1,0),(9,'2017-08-16',192,1,0),(9,'2017-08-16',201,1,0),(9,'2017-08-16',202,1,0),(9,'2017-08-16',211,1,0),(9,'2017-08-16',212,1,0),(9,'2017-08-16',221,1,0),(9,'2017-08-16',222,1,0),(9,'2017-08-16',231,1,0),(9,'2017-08-16',232,1,0),(9,'2017-08-17',71,1,0),(9,'2017-08-17',72,1,0),(9,'2017-08-17',81,1,0),(9,'2017-08-17',82,1,0),(9,'2017-08-17',91,1,0),(9,'2017-08-17',92,1,0),(9,'2017-08-17',101,1,0),(9,'2017-08-18',71,1,0),(9,'2017-08-18',91,1,0),(9,'2017-08-18',92,1,0),(9,'2017-08-18',101,1,0),(9,'2017-08-19',71,1,0),(9,'2017-08-19',72,1,0),(9,'2017-08-19',81,1,0),(9,'2017-08-19',82,1,0),(9,'2017-08-19',91,1,0),(9,'2017-08-19',92,1,0),(9,'2017-08-19',101,1,0),(9,'2017-08-20',71,1,0),(9,'2017-08-20',72,1,0),(9,'2017-08-20',81,1,0),(9,'2017-08-20',82,1,0),(9,'2017-08-20',91,1,0),(9,'2017-08-20',92,1,0),(9,'2017-08-20',101,1,0),(9,'2017-08-20',102,1,0),(9,'2017-08-20',111,1,0),(9,'2017-08-20',112,1,0),(9,'2017-08-20',121,1,0),(9,'2017-08-20',122,1,0),(9,'2017-08-20',131,1,0),(9,'2017-08-20',132,1,0),(9,'2017-08-20',141,1,0),(9,'2017-08-20',142,1,0),(9,'2017-08-20',151,1,0),(9,'2017-08-20',152,1,0),(9,'2017-08-20',161,1,0),(9,'2017-08-20',162,1,0),(9,'2017-08-21',71,1,0),(9,'2017-08-21',72,1,0),(9,'2017-08-21',81,1,0),(9,'2017-08-21',82,1,0),(9,'2017-08-21',91,1,0),(9,'2017-08-21',92,1,0),(9,'2017-08-21',101,1,0),(9,'2017-08-21',102,1,0),(9,'2017-08-21',152,1,0),(9,'2017-08-21',161,1,0),(9,'2017-08-21',162,1,0),(9,'2017-08-21',171,1,0),(9,'2017-08-21',172,1,0),(9,'2017-08-21',181,1,0),(9,'2017-08-21',182,1,0),(9,'2017-08-21',191,1,0),(9,'2017-08-21',192,1,0),(9,'2017-08-21',201,1,0),(9,'2017-08-21',202,1,0),(9,'2017-08-21',211,1,0),(9,'2017-08-21',212,1,0),(9,'2017-08-21',221,1,0),(9,'2017-08-21',222,1,0),(9,'2017-08-21',231,1,0),(9,'2017-08-21',232,1,0),(9,'2017-08-28',71,1,0),(9,'2017-08-28',72,1,0),(9,'2017-08-28',81,1,0),(9,'2017-08-28',82,1,0),(9,'2017-08-28',91,1,0),(9,'2017-08-28',92,1,0),(9,'2017-08-28',101,1,0),(9,'2017-08-28',102,1,0),(9,'2017-08-28',111,1,0),(9,'2017-08-28',112,1,0),(9,'2017-08-28',121,1,0),(9,'2017-08-28',122,1,0),(9,'2017-08-28',131,1,0),(9,'2017-08-28',132,1,0),(9,'2017-08-28',141,1,0),(9,'2017-08-28',142,1,0),(9,'2017-08-28',151,1,0),(9,'2017-08-28',152,1,0),(9,'2017-08-28',161,1,0),(9,'2017-08-28',162,1,0),(9,'2017-08-28',171,1,0),(9,'2017-08-28',172,1,0),(9,'2017-08-28',181,1,0),(9,'2017-08-28',182,1,0),(9,'2017-08-28',191,1,0),(9,'2017-08-28',192,1,0),(9,'2017-08-28',201,1,0),(9,'2017-08-28',202,1,0),(9,'2017-08-28',211,1,0),(9,'2017-08-28',212,1,0),(9,'2017-08-28',221,1,0),(9,'2017-08-28',222,1,0),(9,'2017-08-28',231,1,0),(9,'2017-08-28',232,1,0),(9,'2017-09-04',71,1,0),(9,'2017-09-04',72,1,0),(9,'2017-09-04',81,1,0),(9,'2017-09-04',82,1,0),(9,'2017-09-04',91,1,0),(9,'2017-09-04',92,1,0),(9,'2017-09-04',101,1,0),(9,'2017-09-04',102,1,0),(9,'2017-09-04',111,1,0),(9,'2017-09-04',112,1,0),(9,'2017-09-04',121,1,0),(9,'2017-09-04',122,1,0),(9,'2017-09-04',131,1,0),(9,'2017-09-04',132,1,0),(9,'2017-09-04',141,1,0),(9,'2017-09-04',142,1,0),(9,'2017-09-04',151,1,0),(9,'2017-09-04',152,1,0),(9,'2017-09-04',161,1,0),(9,'2017-09-04',162,1,0),(9,'2017-09-04',171,1,0),(9,'2017-09-04',172,1,0),(9,'2017-09-04',181,1,0),(9,'2017-09-04',182,1,0),(9,'2017-09-04',191,1,0),(9,'2017-09-04',192,1,0),(9,'2017-09-04',201,1,0),(9,'2017-09-04',202,1,0),(9,'2017-09-04',211,1,0),(9,'2017-09-04',212,1,0),(9,'2017-09-04',221,1,0),(9,'2017-09-04',222,1,0),(9,'2017-09-04',231,1,0),(9,'2017-09-04',232,1,0),(9,'2017-09-11',71,1,0),(9,'2017-09-11',72,1,0),(9,'2017-09-11',81,1,0),(9,'2017-09-11',82,1,0),(9,'2017-09-11',91,1,0),(9,'2017-09-11',92,1,0),(9,'2017-09-11',101,1,0),(9,'2017-09-11',102,1,0),(9,'2017-09-11',111,1,0),(9,'2017-09-11',112,1,0),(9,'2017-09-11',121,1,0),(9,'2017-09-11',122,1,0),(9,'2017-09-11',131,1,0),(9,'2017-09-11',132,1,0),(9,'2017-09-11',141,1,0),(9,'2017-09-11',142,1,0),(9,'2017-09-11',151,1,0),(9,'2017-09-11',152,1,0),(9,'2017-09-11',161,1,0),(9,'2017-09-11',162,1,0),(9,'2017-09-11',171,1,0),(9,'2017-09-11',172,1,0),(9,'2017-09-11',181,1,0),(9,'2017-09-11',182,1,0),(9,'2017-09-11',191,1,0),(9,'2017-09-11',192,1,0),(9,'2017-09-11',201,1,0),(9,'2017-09-11',202,1,0),(9,'2017-09-11',211,1,0),(9,'2017-09-11',212,1,0),(9,'2017-09-11',221,1,0),(9,'2017-09-11',222,1,0),(9,'2017-09-11',231,1,0),(9,'2017-09-11',232,1,0),(9,'2017-09-21',71,1,0),(9,'2017-09-27',71,1,0),(9,'2017-09-27',72,1,0),(9,'2017-09-27',81,1,0),(9,'2017-09-27',82,1,0),(9,'2017-09-28',71,1,0),(9,'2017-09-29',72,1,0),(9,'2017-09-30',71,1,0),(9,'2017-09-30',72,1,0),(9,'2017-09-30',81,1,0),(9,'2017-09-30',82,1,0),(9,'2017-09-30',91,1,0),(9,'2017-09-30',92,1,0),(9,'2017-09-30',101,1,0),(9,'2017-09-30',102,1,0),(9,'2017-09-30',111,1,0),(9,'2017-09-30',112,1,0),(9,'2017-09-30',121,1,0),(9,'2017-09-30',122,1,0),(9,'2017-09-30',131,1,0),(9,'2017-09-30',132,1,0),(9,'2017-09-30',141,1,0),(9,'2017-09-30',142,1,0),(9,'2017-09-30',151,1,0),(9,'2017-09-30',152,1,0),(9,'2017-09-30',161,1,0),(9,'2017-10-04',71,1,0),(9,'2017-10-04',72,1,0),(9,'2017-10-05',71,1,0),(9,'2017-10-12',71,1,0),(9,'2017-10-16',71,1,0),(9,'2017-10-16',72,1,0),(9,'2017-10-16',81,1,0),(9,'2017-10-16',82,1,0),(9,'2017-10-16',91,1,0),(9,'2017-10-16',92,1,0),(9,'2017-10-16',101,1,0),(9,'2017-10-16',102,1,0),(9,'2017-10-16',111,1,0),(9,'2017-10-16',112,1,0),(9,'2017-10-16',121,1,0),(9,'2017-10-16',122,1,0),(9,'2017-10-16',131,1,0),(9,'2017-10-16',132,1,0),(9,'2017-10-16',141,1,0),(9,'2017-10-16',142,1,0),(9,'2017-10-16',151,1,0),(9,'2017-10-16',152,1,0),(9,'2017-10-16',161,1,0),(9,'2017-10-16',162,1,0),(9,'2017-10-16',171,1,0),(9,'2017-10-16',172,1,0),(9,'2017-10-16',181,1,0),(9,'2017-10-16',182,1,0),(9,'2017-10-16',191,1,0),(9,'2017-10-16',192,1,0),(9,'2017-10-16',201,1,0),(9,'2017-10-16',202,1,0),(9,'2017-10-16',211,1,0),(9,'2017-10-16',212,1,0),(9,'2017-10-16',221,1,0),(9,'2017-10-16',222,1,0),(9,'2017-10-16',231,1,0),(9,'2017-10-16',232,1,0),(9,'2017-10-16',241,1,0),(9,'2017-10-17',82,1,0),(9,'2017-10-17',91,1,0),(9,'2017-10-17',151,1,0),(9,'2017-10-17',152,1,0),(9,'2017-10-17',161,1,0),(9,'2017-10-17',162,1,0),(9,'2017-10-17',171,1,0),(9,'2017-10-17',172,1,0),(9,'2017-10-17',181,1,0),(9,'2017-10-17',182,1,0),(9,'2017-10-17',191,1,0),(9,'2017-10-17',192,1,0),(9,'2017-10-17',201,1,0),(9,'2017-10-17',202,1,0),(9,'2017-10-17',211,1,0),(9,'2017-10-17',212,1,0),(9,'2017-10-17',221,1,0),(9,'2017-10-17',222,1,0),(9,'2017-10-17',231,1,0),(9,'2017-10-17',232,1,0),(9,'2017-10-17',241,1,0),(9,'2017-10-18',71,1,0),(9,'2017-10-18',72,1,0),(9,'2017-10-18',81,1,0),(9,'2017-10-18',82,1,0),(9,'2017-10-18',91,1,0),(9,'2017-10-18',92,1,0),(9,'2017-10-18',101,1,0),(9,'2017-10-18',151,1,0),(9,'2017-10-18',152,1,0),(9,'2017-10-18',161,1,0),(9,'2017-10-18',162,1,0),(9,'2017-10-18',171,1,0),(9,'2017-10-18',172,1,0),(9,'2017-10-18',181,1,0),(9,'2017-10-18',182,1,0),(9,'2017-10-18',191,1,0),(9,'2017-10-18',192,1,0),(9,'2017-10-18',201,1,0),(9,'2017-10-18',202,1,0),(9,'2017-10-18',211,1,0),(9,'2017-10-18',212,1,0),(9,'2017-10-18',221,1,0),(9,'2017-10-18',222,1,0),(9,'2017-10-18',231,1,0),(9,'2017-10-18',232,1,0),(9,'2017-10-18',241,1,0),(9,'2017-10-19',71,1,0),(9,'2017-10-19',72,1,0),(9,'2017-10-19',81,1,0),(9,'2017-10-19',82,1,0),(9,'2017-10-19',91,1,0),(9,'2017-10-19',92,1,0),(9,'2017-10-19',101,1,0),(9,'2017-10-19',102,1,0),(9,'2017-10-19',111,1,0),(9,'2017-10-19',112,1,0),(9,'2017-10-19',121,1,0),(9,'2017-10-19',122,1,0),(9,'2017-10-19',131,1,0),(9,'2017-10-19',132,1,0),(9,'2017-10-19',141,1,0),(9,'2017-10-19',142,1,0),(9,'2017-10-19',151,1,0),(9,'2017-10-19',152,1,0),(9,'2017-10-19',161,1,0),(9,'2017-10-19',162,1,0),(9,'2017-10-19',171,1,0),(9,'2017-10-19',172,1,0),(9,'2017-10-19',181,1,0),(9,'2017-10-19',182,1,0),(9,'2017-10-19',191,1,0),(9,'2017-10-19',192,1,0),(9,'2017-10-19',201,1,0),(9,'2017-10-19',202,1,0),(9,'2017-10-19',211,1,0),(9,'2017-10-19',212,1,0),(9,'2017-10-19',221,1,0),(9,'2017-10-19',222,1,0),(9,'2017-10-19',231,1,0),(9,'2017-10-19',232,1,0),(9,'2017-10-19',241,1,0),(9,'2017-10-20',71,1,0),(9,'2017-10-20',72,1,0),(9,'2017-10-20',81,1,0),(9,'2017-10-20',82,1,0),(9,'2017-10-20',91,1,0),(9,'2017-10-20',92,1,0),(9,'2017-10-20',101,1,0),(9,'2017-10-20',102,1,0),(9,'2017-10-20',111,1,0),(9,'2017-10-20',112,1,0),(9,'2017-10-20',121,1,0),(9,'2017-10-20',122,1,0),(9,'2017-10-20',131,1,0),(9,'2017-10-20',132,1,0),(9,'2017-10-20',141,1,0),(9,'2017-10-20',142,1,0),(9,'2017-10-20',151,1,0),(9,'2017-10-20',152,1,0),(9,'2017-10-20',161,1,0),(9,'2017-10-20',162,1,0),(9,'2017-10-20',171,1,0),(9,'2017-10-20',172,1,0),(9,'2017-10-20',181,1,0),(9,'2017-10-20',182,1,0),(9,'2017-10-20',191,1,0),(9,'2017-10-20',192,1,0),(9,'2017-10-20',201,1,0),(9,'2017-10-20',202,1,0),(9,'2017-10-20',211,1,0),(9,'2017-10-20',212,1,0),(9,'2017-10-20',221,1,0),(9,'2017-10-20',222,1,0),(9,'2017-10-20',231,1,0),(9,'2017-10-20',232,1,0),(9,'2017-10-20',241,1,0),(9,'2017-10-22',71,1,0),(9,'2017-10-22',72,1,0),(9,'2017-10-22',81,1,0),(9,'2017-10-22',82,1,0),(9,'2017-10-25',71,1,0),(9,'2017-10-25',72,1,0),(9,'2017-10-25',81,1,0),(9,'2017-10-25',82,1,0),(9,'2017-10-25',91,1,0),(9,'2017-10-25',92,1,0),(9,'2017-10-25',101,1,0),(9,'2017-10-25',102,1,0),(9,'2017-10-25',111,1,0),(9,'2017-10-25',112,1,0),(9,'2017-10-25',121,1,0),(9,'2017-10-25',122,1,0),(9,'2017-10-25',131,1,0),(9,'2017-10-25',132,1,0),(9,'2017-10-25',141,1,0),(9,'2017-10-25',142,1,0),(9,'2017-10-25',151,1,0),(9,'2017-10-25',152,1,0),(9,'2017-10-25',161,1,0),(9,'2017-10-25',162,1,0),(9,'2017-10-25',171,1,0),(9,'2017-10-25',172,1,0),(9,'2017-10-25',181,1,0),(9,'2017-10-25',182,1,0),(9,'2017-10-25',191,1,0),(9,'2017-10-25',192,1,0),(9,'2017-10-25',201,1,0),(9,'2017-10-25',202,1,0),(9,'2017-10-25',211,1,0),(9,'2017-10-25',212,1,0),(9,'2017-10-25',221,1,0),(9,'2017-10-25',222,1,0),(9,'2017-10-25',231,1,0),(9,'2017-10-25',232,1,0),(9,'2017-10-25',241,1,0),(9,'2017-10-26',71,1,0),(9,'2017-10-26',72,1,0),(9,'2017-10-26',81,1,0),(9,'2017-10-26',82,1,0),(9,'2017-10-26',91,1,0),(9,'2017-10-26',92,1,0),(9,'2017-10-26',101,1,0),(9,'2017-10-26',102,1,0),(9,'2017-10-26',111,1,0),(9,'2017-10-26',112,1,0),(9,'2017-10-26',121,1,0),(9,'2017-10-26',122,1,0),(9,'2017-10-26',131,1,0),(9,'2017-10-26',132,1,0),(9,'2017-10-26',141,1,0),(9,'2017-10-26',142,1,0),(9,'2017-10-26',151,1,0),(9,'2017-10-26',152,1,0),(9,'2017-10-26',161,1,0),(9,'2017-10-26',162,1,0),(9,'2017-10-26',171,1,0),(9,'2017-10-26',172,1,0),(9,'2017-10-26',181,1,0),(9,'2017-10-26',182,1,0),(9,'2017-10-26',191,1,0),(9,'2017-10-26',192,1,0),(9,'2017-10-26',201,1,0),(9,'2017-10-26',202,1,0),(9,'2017-10-26',211,1,0),(9,'2017-10-26',212,1,0),(9,'2017-10-26',221,1,0),(9,'2017-10-26',222,1,0),(9,'2017-10-26',231,1,0),(9,'2017-10-26',232,1,0),(9,'2017-10-26',241,1,0),(9,'2017-10-27',71,1,0),(9,'2017-10-27',72,1,0),(9,'2017-10-27',81,1,0),(9,'2017-10-27',82,1,0),(9,'2017-10-27',91,1,0),(9,'2017-10-27',92,1,0),(9,'2017-10-27',101,1,0),(9,'2017-10-27',102,1,0),(9,'2017-10-27',111,1,0),(9,'2017-10-27',112,1,0),(9,'2017-10-27',121,1,0),(9,'2017-10-27',122,1,0),(9,'2017-10-27',131,1,0),(9,'2017-10-27',132,1,0),(9,'2017-10-27',141,1,0),(9,'2017-10-27',142,1,0),(9,'2017-10-27',151,1,0),(9,'2017-10-27',152,1,0),(9,'2017-10-27',161,1,0),(9,'2017-10-27',162,1,0),(9,'2017-10-27',171,1,0),(9,'2017-10-27',172,1,0),(9,'2017-10-27',181,1,0),(9,'2017-10-27',182,1,0),(9,'2017-10-27',191,1,0),(9,'2017-10-27',192,1,0),(9,'2017-10-27',201,1,0),(9,'2017-10-27',202,1,0),(9,'2017-10-27',211,1,0),(9,'2017-10-27',212,1,0),(9,'2017-10-27',221,1,0),(9,'2017-10-27',222,1,0),(9,'2017-10-27',231,1,0),(9,'2017-10-27',232,1,0),(9,'2017-10-27',241,1,0),(9,'2017-10-31',71,1,0),(9,'2017-10-31',72,1,0),(9,'2017-10-31',81,1,0),(9,'2017-10-31',82,1,0),(9,'2017-10-31',91,1,0),(9,'2017-10-31',92,1,0),(9,'2017-10-31',101,1,0),(9,'2017-10-31',102,1,0),(9,'2017-10-31',111,1,0),(9,'2017-10-31',112,1,0),(9,'2017-10-31',121,1,0),(9,'2017-10-31',122,1,0),(9,'2017-10-31',131,1,0),(9,'2017-10-31',132,1,0),(9,'2017-10-31',141,1,0),(9,'2017-10-31',142,1,0),(9,'2017-10-31',151,1,0),(9,'2017-10-31',152,1,0),(9,'2017-10-31',161,1,0),(9,'2017-10-31',162,1,0),(9,'2017-10-31',171,1,0),(9,'2017-10-31',172,1,0),(9,'2017-10-31',181,1,0),(9,'2017-10-31',182,1,0),(9,'2017-10-31',191,1,0),(9,'2017-10-31',192,1,0),(9,'2017-10-31',201,1,0),(9,'2017-10-31',202,1,0),(9,'2017-10-31',211,1,0),(9,'2017-10-31',212,1,0),(9,'2017-10-31',221,1,0),(9,'2017-10-31',222,1,0),(9,'2017-10-31',231,1,0),(9,'2017-10-31',232,1,0),(9,'2017-10-31',241,1,0),(9,'2017-11-01',71,1,0),(9,'2017-11-01',72,1,0),(9,'2017-11-01',81,1,0),(9,'2017-11-01',82,1,0),(9,'2017-11-01',91,1,0),(9,'2017-11-01',92,1,0),(9,'2017-11-01',101,1,0),(9,'2017-11-01',102,1,0),(9,'2017-11-01',111,1,0),(9,'2017-11-01',112,1,0),(9,'2017-11-01',121,1,0),(9,'2017-11-01',122,1,0),(9,'2017-11-01',131,1,0),(9,'2017-11-01',132,1,0),(9,'2017-11-01',141,1,0),(9,'2017-11-01',142,1,0),(9,'2017-11-01',151,1,0),(9,'2017-11-01',152,1,0),(9,'2017-11-01',161,1,0),(9,'2017-11-01',162,1,0),(9,'2017-11-01',171,1,0),(9,'2017-11-01',172,1,0),(9,'2017-11-01',181,1,0),(9,'2017-11-01',182,1,0),(9,'2017-11-01',191,1,0),(9,'2017-11-01',192,1,0),(9,'2017-11-01',201,1,0),(9,'2017-11-01',202,1,0),(9,'2017-11-01',211,1,0),(9,'2017-11-01',212,1,0),(9,'2017-11-01',221,1,0),(9,'2017-11-01',222,1,0),(9,'2017-11-01',231,1,0),(9,'2017-11-01',232,1,0),(9,'2017-11-01',241,1,0),(9,'2017-11-02',71,1,0),(9,'2017-11-02',72,1,0),(9,'2017-11-02',81,1,0),(9,'2017-11-02',82,1,0),(9,'2017-11-02',91,1,0),(9,'2017-11-02',92,1,0),(9,'2017-11-02',101,1,0),(9,'2017-11-02',102,1,0),(9,'2017-11-02',111,1,0),(9,'2017-11-02',112,1,0),(9,'2017-11-02',121,1,0),(9,'2017-11-02',122,1,0),(9,'2017-11-02',131,1,0),(9,'2017-11-02',132,1,0),(9,'2017-11-02',141,1,0),(9,'2017-11-02',142,1,0),(9,'2017-11-02',151,1,0),(9,'2017-11-02',152,1,0),(9,'2017-11-02',161,1,0),(9,'2017-11-02',162,1,0),(9,'2017-11-02',171,1,0),(9,'2017-11-02',172,1,0),(9,'2017-11-02',181,1,0),(9,'2017-11-02',182,1,0),(9,'2017-11-02',191,1,0),(9,'2017-11-02',192,1,0),(9,'2017-11-02',201,1,0),(9,'2017-11-02',202,1,0),(9,'2017-11-02',211,1,0),(9,'2017-11-02',212,1,0),(9,'2017-11-02',221,1,0),(9,'2017-11-02',222,1,0),(9,'2017-11-02',231,1,0),(9,'2017-11-02',232,1,0),(9,'2017-11-02',241,1,0),(9,'2017-11-03',132,1,0),(9,'2017-11-03',141,1,0),(9,'2017-11-03',142,1,0),(9,'2017-11-03',151,1,0),(9,'2017-11-03',152,1,0),(9,'2017-11-03',161,1,0),(9,'2017-11-03',162,1,0),(9,'2017-11-03',171,1,0),(9,'2017-11-03',172,1,0),(9,'2017-11-03',181,1,0),(9,'2017-11-03',182,1,0),(9,'2017-11-03',191,1,0),(9,'2017-11-03',192,1,0),(9,'2017-11-03',201,1,0),(9,'2017-11-03',202,1,0),(9,'2017-11-03',211,1,0),(9,'2017-11-03',212,1,0),(9,'2017-11-03',221,1,0),(9,'2017-11-03',222,1,0),(9,'2017-11-03',231,1,0),(9,'2017-11-03',232,1,0),(9,'2017-11-03',241,1,0),(9,'2017-11-04',82,1,0),(9,'2017-11-04',91,1,0),(9,'2017-11-07',71,1,0),(9,'2017-11-07',72,1,0),(9,'2017-11-07',81,1,0),(9,'2017-11-07',82,1,0),(9,'2017-11-07',91,1,0),(9,'2017-11-07',92,1,0),(9,'2017-11-07',101,1,0),(9,'2017-11-07',102,1,0),(9,'2017-11-07',111,1,0),(9,'2017-11-07',112,1,0),(9,'2017-11-07',121,1,0),(9,'2017-11-07',122,1,0),(9,'2017-11-07',131,1,0),(9,'2017-11-07',132,1,0),(9,'2017-11-07',141,1,0),(9,'2017-11-07',142,1,0),(9,'2017-11-07',151,1,0),(9,'2017-11-07',152,1,0),(9,'2017-11-07',161,1,0),(9,'2017-11-07',162,1,0),(9,'2017-11-07',171,1,0),(9,'2017-11-07',172,1,0),(9,'2017-11-07',181,1,0),(9,'2017-11-07',182,1,0),(9,'2017-11-07',191,1,0),(9,'2017-11-07',192,1,0),(9,'2017-11-07',201,1,0),(9,'2017-11-07',202,1,0),(9,'2017-11-07',211,1,0),(9,'2017-11-07',212,1,0),(9,'2017-11-07',221,1,0),(9,'2017-11-07',222,1,0),(9,'2017-11-07',231,1,0),(9,'2017-11-07',232,1,0),(9,'2017-11-07',241,1,0),(9,'2017-11-08',71,1,0),(9,'2017-11-08',72,1,0),(9,'2017-11-08',81,1,0),(9,'2017-11-08',82,1,0),(9,'2017-11-08',91,1,0),(9,'2017-11-08',92,1,0),(9,'2017-11-08',101,1,0),(9,'2017-11-08',102,1,0),(9,'2017-11-08',111,1,0),(9,'2017-11-08',112,1,0),(9,'2017-11-08',121,1,0),(9,'2017-11-08',122,1,0),(9,'2017-11-08',131,1,0),(9,'2017-11-08',132,1,0),(9,'2017-11-08',141,1,0),(9,'2017-11-08',142,1,0),(9,'2017-11-08',151,1,0),(9,'2017-11-08',152,1,0),(9,'2017-11-08',161,1,0),(9,'2017-11-08',162,1,0),(9,'2017-11-08',171,1,0),(9,'2017-11-08',172,1,0),(9,'2017-11-08',181,1,0),(9,'2017-11-08',182,1,0),(9,'2017-11-08',191,1,0),(9,'2017-11-08',192,1,0),(9,'2017-11-08',201,1,0),(9,'2017-11-08',202,1,0),(9,'2017-11-08',211,1,0),(9,'2017-11-08',212,1,0),(9,'2017-11-08',221,1,0),(9,'2017-11-08',222,1,0),(9,'2017-11-08',231,1,0),(9,'2017-11-08',232,1,0),(9,'2017-11-08',241,1,0),(9,'2017-11-09',71,1,0),(9,'2017-11-09',72,1,0),(9,'2017-11-09',81,1,0),(9,'2017-11-09',82,1,0),(9,'2017-11-09',91,1,0),(9,'2017-11-09',92,1,0),(9,'2017-11-09',101,1,0),(9,'2017-11-09',102,1,0),(9,'2017-11-09',111,1,0),(9,'2017-11-09',112,1,0),(9,'2017-11-09',121,1,0),(9,'2017-11-09',122,1,0),(9,'2017-11-09',131,1,0),(9,'2017-11-09',132,1,0),(9,'2017-11-09',141,1,0),(9,'2017-11-09',142,1,0),(9,'2017-11-09',151,1,0),(9,'2017-11-09',152,1,0),(9,'2017-11-09',161,1,0),(9,'2017-11-09',162,1,0),(9,'2017-11-09',171,1,0),(9,'2017-11-09',172,1,0),(9,'2017-11-09',181,1,0),(9,'2017-11-09',182,1,0),(9,'2017-11-09',191,1,0),(9,'2017-11-09',192,1,0),(9,'2017-11-09',201,1,0),(9,'2017-11-09',202,1,0),(9,'2017-11-09',211,1,0),(9,'2017-11-09',212,1,0),(9,'2017-11-09',221,1,0),(9,'2017-11-09',222,1,0),(9,'2017-11-09',231,1,0),(9,'2017-11-09',232,1,0),(9,'2017-11-09',241,1,0),(9,'2017-11-10',132,1,0),(9,'2017-11-10',141,1,0),(9,'2017-11-10',142,1,0),(9,'2017-11-10',151,1,0),(9,'2017-11-10',152,1,0),(9,'2017-11-10',161,1,0),(9,'2017-11-10',162,1,0),(9,'2017-11-10',171,1,0),(9,'2017-11-10',172,1,0),(9,'2017-11-10',181,1,0),(9,'2017-11-10',182,1,0),(9,'2017-11-10',191,1,0),(9,'2017-11-10',192,1,0),(9,'2017-11-10',201,1,0),(9,'2017-11-10',202,1,0),(9,'2017-11-10',211,1,0),(9,'2017-11-10',212,1,0),(9,'2017-11-10',221,1,0),(9,'2017-11-10',222,1,0),(9,'2017-11-10',231,1,0),(9,'2017-11-10',232,1,0),(9,'2017-11-10',241,1,0),(11,'2017-07-12',72,1,0),(11,'2017-07-12',81,1,0),(11,'2017-07-12',82,1,0),(11,'2017-07-12',91,1,0),(11,'2017-07-12',92,1,0),(11,'2017-07-12',101,1,0),(11,'2017-07-12',102,1,0),(11,'2017-07-12',111,1,0),(11,'2017-07-12',112,1,0),(11,'2017-07-12',121,1,0),(11,'2017-07-12',122,1,0),(11,'2017-07-12',131,1,0),(11,'2017-07-12',132,1,0),(11,'2017-07-12',141,1,0),(11,'2017-07-12',142,1,0),(11,'2017-07-12',151,1,0),(11,'2017-07-12',152,1,0),(11,'2017-07-12',161,1,0),(11,'2017-07-12',162,1,0),(11,'2017-07-12',171,1,0),(11,'2017-07-12',172,1,0),(11,'2017-07-12',181,1,0),(11,'2017-07-12',182,1,0),(11,'2017-07-12',191,1,0),(11,'2017-07-12',192,1,0),(11,'2017-07-12',201,1,0),(11,'2017-07-12',202,1,0),(11,'2017-07-12',211,1,0),(11,'2017-07-12',212,1,0),(11,'2017-07-12',221,1,0),(11,'2017-07-12',222,1,0),(11,'2017-07-12',231,1,0),(11,'2017-07-12',232,1,0),(11,'2017-07-12',241,1,0),(11,'2017-07-19',71,1,0),(11,'2017-07-19',72,1,0),(11,'2017-07-19',81,1,0),(11,'2017-07-19',82,1,0),(11,'2017-07-19',91,1,0),(11,'2017-07-19',92,1,0),(11,'2017-07-19',101,1,0),(11,'2017-07-19',102,1,0),(11,'2017-07-19',111,1,0),(11,'2017-07-19',112,1,0),(11,'2017-07-19',121,1,0),(11,'2017-07-19',122,1,0),(11,'2017-07-19',131,1,0),(11,'2017-07-19',132,1,0),(11,'2017-07-19',141,1,0),(11,'2017-07-19',142,1,0),(11,'2017-07-19',151,1,0),(11,'2017-07-19',152,1,0),(11,'2017-07-19',161,1,0),(11,'2017-07-19',162,1,0),(11,'2017-07-19',171,1,0),(11,'2017-07-19',172,1,0),(11,'2017-07-19',181,1,0),(11,'2017-07-19',182,1,0),(11,'2017-07-19',191,1,0),(11,'2017-07-19',192,1,0),(11,'2017-07-19',201,1,0),(11,'2017-07-19',202,1,0),(11,'2017-07-19',211,1,0),(11,'2017-07-19',212,1,0),(11,'2017-07-19',221,1,0),(11,'2017-07-19',222,1,0),(11,'2017-07-19',231,1,0),(11,'2017-07-19',232,1,0),(11,'2017-07-19',241,1,0),(11,'2017-07-26',71,1,0),(11,'2017-07-26',72,1,0),(11,'2017-07-26',81,1,0),(11,'2017-07-26',82,1,0),(11,'2017-07-26',91,1,0),(11,'2017-07-26',92,1,0),(11,'2017-07-26',101,1,0),(11,'2017-07-26',102,1,0),(11,'2017-07-26',111,1,0),(11,'2017-07-26',112,1,0),(11,'2017-07-26',121,1,0),(11,'2017-07-26',122,1,0),(11,'2017-07-26',131,1,0),(11,'2017-07-26',132,1,0),(11,'2017-07-26',141,1,0),(11,'2017-07-26',142,1,0),(11,'2017-07-26',151,1,0),(11,'2017-07-26',152,1,0),(11,'2017-07-26',161,1,0),(11,'2017-07-26',162,1,0),(11,'2017-07-26',171,1,0),(11,'2017-07-26',172,1,0),(11,'2017-07-26',181,1,0),(11,'2017-07-26',182,1,0),(11,'2017-07-26',191,1,0),(11,'2017-07-26',192,1,0),(11,'2017-07-26',201,1,0),(11,'2017-07-26',202,1,0),(11,'2017-07-26',211,1,0),(11,'2017-07-26',212,1,0),(11,'2017-07-26',221,1,0),(11,'2017-07-26',222,1,0),(11,'2017-07-26',231,1,0),(11,'2017-07-26',232,1,0),(11,'2017-07-26',241,1,0),(11,'2017-08-02',71,1,0),(11,'2017-08-02',72,1,0),(11,'2017-08-02',81,1,0),(11,'2017-08-02',82,1,0),(11,'2017-08-02',91,1,0),(11,'2017-08-02',92,1,0),(11,'2017-08-02',101,1,0),(11,'2017-08-02',102,1,0),(11,'2017-08-02',111,1,0),(11,'2017-08-02',112,1,0),(11,'2017-08-02',121,1,0),(11,'2017-08-02',122,1,0),(11,'2017-08-02',131,1,0),(11,'2017-08-02',132,1,0),(11,'2017-08-02',141,1,0),(11,'2017-08-02',142,1,0),(11,'2017-08-02',151,1,0),(11,'2017-08-02',152,1,0),(11,'2017-08-02',161,1,0),(11,'2017-08-02',162,1,0),(11,'2017-08-02',171,1,0),(11,'2017-08-02',172,1,0),(11,'2017-08-02',181,1,0),(11,'2017-08-02',182,1,0),(11,'2017-08-02',191,1,0),(11,'2017-08-02',192,1,0),(11,'2017-08-02',201,1,0),(11,'2017-08-02',202,1,0),(11,'2017-08-02',211,1,0),(11,'2017-08-02',212,1,0),(11,'2017-08-02',221,1,0),(11,'2017-08-02',222,1,0),(11,'2017-08-02',231,1,0),(11,'2017-08-02',232,1,0),(11,'2017-08-02',241,1,0),(11,'2017-08-15',72,1,0),(11,'2017-08-15',81,1,0),(11,'2017-08-22',72,0,0),(11,'2017-08-22',81,0,0),(11,'2017-09-05',72,1,0),(11,'2017-09-05',81,1,0),(11,'2017-09-05',82,1,0),(11,'2017-09-05',91,1,0),(11,'2017-09-06',71,1,0),(11,'2017-09-06',72,1,0),(11,'2017-09-06',81,1,0),(11,'2017-09-06',82,1,0),(12,'2017-08-30',71,1,0),(12,'2017-08-30',72,1,0),(12,'2017-08-30',81,1,0),(12,'2017-08-30',82,1,0),(12,'2017-08-30',91,1,0),(12,'2017-08-30',92,1,0),(12,'2017-08-30',101,1,0),(12,'2017-08-30',102,1,0),(12,'2017-08-30',111,1,0),(12,'2017-08-30',112,1,0),(12,'2017-08-30',121,1,0),(12,'2017-08-31',201,1,0),(12,'2017-09-01',71,1,0),(12,'2017-09-01',72,1,0),(12,'2017-09-01',81,1,0),(12,'2017-09-01',82,1,0),(12,'2017-09-01',91,1,0),(12,'2017-09-01',92,1,0),(12,'2017-09-01',101,1,0),(12,'2017-09-01',102,1,0),(12,'2017-09-01',111,1,0),(12,'2017-09-01',112,1,0),(12,'2017-09-01',121,1,0),(12,'2017-09-01',122,1,0),(12,'2017-09-01',131,1,0),(12,'2017-09-01',132,1,0),(12,'2017-09-01',141,1,0),(12,'2017-09-01',142,1,0),(12,'2017-09-01',151,1,0),(12,'2017-09-03',71,1,0),(12,'2017-09-03',72,1,0),(12,'2017-09-03',112,1,0),(12,'2017-09-03',121,1,0),(12,'2017-09-03',122,1,0),(12,'2017-09-03',131,1,0),(12,'2017-09-03',132,1,0),(12,'2017-09-03',141,1,0),(12,'2017-09-03',142,1,0),(13,'2017-08-31',71,1,0),(13,'2017-08-31',72,1,0),(13,'2017-08-31',81,1,0),(13,'2017-08-31',82,1,0),(13,'2017-08-31',91,1,0),(13,'2017-08-31',92,1,0),(13,'2017-08-31',101,1,0),(13,'2017-08-31',102,1,0),(13,'2017-08-31',111,1,0),(13,'2017-08-31',112,1,0),(13,'2017-08-31',121,1,0),(13,'2017-08-31',122,1,0),(13,'2017-08-31',131,1,0),(13,'2017-08-31',132,1,0),(13,'2017-08-31',141,1,0),(13,'2017-08-31',142,1,0),(13,'2017-08-31',151,1,0),(13,'2017-08-31',152,1,0),(13,'2017-08-31',161,1,0),(13,'2017-08-31',162,1,0),(13,'2017-08-31',171,1,0),(13,'2017-08-31',172,1,0),(13,'2017-08-31',181,1,0),(13,'2017-08-31',182,1,0),(13,'2017-08-31',191,1,0),(13,'2017-08-31',192,1,0),(13,'2017-08-31',201,1,0),(13,'2017-08-31',202,1,0),(13,'2017-08-31',211,1,0),(13,'2017-08-31',212,1,0),(13,'2017-08-31',221,1,0),(13,'2017-08-31',222,1,0),(13,'2017-08-31',231,1,0),(13,'2017-08-31',232,1,0),(13,'2017-08-31',241,1,0),(13,'2017-09-01',71,1,0),(13,'2017-09-01',72,1,0),(13,'2017-09-01',81,1,0),(13,'2017-09-01',82,1,0),(13,'2017-09-01',91,1,0),(13,'2017-09-01',92,1,0),(13,'2017-09-01',101,1,0),(13,'2017-09-01',102,1,0),(13,'2017-09-01',111,1,0),(13,'2017-09-01',112,1,0),(13,'2017-09-01',121,1,0),(13,'2017-09-01',122,1,0),(13,'2017-09-01',131,1,0),(13,'2017-09-01',132,1,0),(13,'2017-09-01',141,1,0),(13,'2017-09-01',142,1,0),(13,'2017-09-01',151,1,0),(13,'2017-09-01',152,1,0),(13,'2017-09-01',161,1,0),(13,'2017-09-01',162,1,0),(13,'2017-09-01',171,1,0),(13,'2017-09-01',172,1,0),(13,'2017-09-01',181,1,0),(13,'2017-09-01',182,1,0),(13,'2017-09-01',191,1,0),(13,'2017-09-01',192,1,0),(13,'2017-09-01',201,1,0),(13,'2017-09-01',202,1,0),(13,'2017-09-01',211,1,0),(13,'2017-09-01',212,1,0),(13,'2017-09-01',221,1,0),(13,'2017-09-01',222,1,0),(13,'2017-09-01',231,1,0),(13,'2017-09-01',232,1,0),(13,'2017-09-01',241,1,0),(13,'2017-09-02',71,1,0),(13,'2017-09-02',72,1,0),(13,'2017-09-02',81,1,0),(13,'2017-09-02',82,1,0),(13,'2017-09-02',91,1,0),(13,'2017-09-02',92,1,0),(13,'2017-09-02',101,1,0),(13,'2017-09-02',102,1,0),(13,'2017-09-02',111,1,0),(13,'2017-09-02',112,1,0),(13,'2017-09-02',121,1,0),(13,'2017-09-02',122,1,0),(13,'2017-09-02',131,1,0),(13,'2017-09-02',132,1,0),(13,'2017-09-02',141,1,0),(13,'2017-09-02',142,1,0),(13,'2017-09-02',151,1,0),(13,'2017-09-02',152,1,0),(13,'2017-09-02',161,1,0),(13,'2017-09-02',162,1,0),(13,'2017-09-03',71,1,0),(13,'2017-09-03',72,1,0),(13,'2017-09-03',81,1,0),(13,'2017-09-03',82,1,0),(13,'2017-09-03',91,1,0),(13,'2017-09-03',92,1,0),(13,'2017-09-03',101,1,0),(13,'2017-09-03',102,1,0),(13,'2017-09-03',111,1,0),(13,'2017-09-03',112,1,0),(13,'2017-09-03',121,1,0),(13,'2017-09-03',122,1,0),(13,'2017-09-03',131,1,0),(13,'2017-09-03',132,1,0),(13,'2017-09-03',141,1,0),(13,'2017-09-03',142,1,0),(13,'2017-09-03',151,1,0),(13,'2017-09-03',152,1,0),(13,'2017-09-03',161,1,0),(13,'2017-09-03',162,1,0),(13,'2017-09-04',81,1,0),(13,'2017-09-04',102,1,0),(13,'2017-09-08',71,1,0),(13,'2017-09-08',72,1,0),(13,'2017-09-08',81,1,0),(13,'2017-09-08',82,1,0),(13,'2017-09-08',91,1,0),(13,'2017-09-08',92,1,0),(13,'2017-09-08',101,1,0),(13,'2017-09-08',102,1,0),(13,'2017-09-08',111,1,0),(13,'2017-09-08',112,1,0),(13,'2017-09-08',121,1,0),(13,'2017-09-08',122,1,0),(13,'2017-09-08',131,1,0),(13,'2017-09-08',132,1,0),(13,'2017-09-08',141,1,0),(13,'2017-09-08',142,1,0),(13,'2017-09-08',151,1,0),(13,'2017-09-08',152,1,0),(13,'2017-09-08',161,1,0),(13,'2017-09-08',162,1,0),(13,'2017-09-09',71,1,0),(13,'2017-09-09',72,1,0),(13,'2017-09-09',81,1,0),(13,'2017-09-09',82,1,0),(13,'2017-09-09',91,1,0),(13,'2017-09-09',92,1,0),(13,'2017-09-09',101,1,0),(13,'2017-09-09',102,1,0),(13,'2017-09-09',111,1,0),(13,'2017-09-09',112,1,0),(13,'2017-09-09',121,1,0),(13,'2017-09-09',122,1,0),(13,'2017-09-09',131,1,0),(13,'2017-09-09',132,1,0),(13,'2017-09-10',71,1,0),(13,'2017-09-10',72,1,0),(13,'2017-09-10',81,1,0),(13,'2017-09-10',82,1,0),(13,'2017-09-10',91,1,0),(13,'2017-09-10',92,1,0),(13,'2017-09-10',101,1,0),(13,'2017-09-10',102,1,0),(13,'2017-09-10',111,1,0),(13,'2017-09-10',112,1,0),(13,'2017-09-10',121,1,0),(13,'2017-09-10',122,1,0),(13,'2017-09-10',131,1,0),(13,'2017-09-10',132,1,0),(13,'2017-09-11',71,1,0),(13,'2017-09-11',72,1,0),(13,'2017-09-11',81,1,0),(13,'2017-09-11',82,1,0),(13,'2017-09-11',91,1,0),(13,'2017-09-11',92,1,0),(13,'2017-09-11',101,1,0),(13,'2017-09-11',102,1,0),(13,'2017-09-11',111,1,0),(13,'2017-09-11',112,1,0),(13,'2017-09-11',121,1,0),(13,'2017-09-11',122,1,0),(13,'2017-09-11',131,1,0),(13,'2017-09-11',132,1,0),(13,'2017-09-12',71,1,0),(13,'2017-09-12',72,1,0),(13,'2017-09-12',81,1,0),(13,'2017-09-12',82,1,0),(13,'2017-09-12',91,1,0),(13,'2017-09-12',92,1,0),(13,'2017-09-12',101,1,0),(13,'2017-09-12',102,1,0),(13,'2017-09-12',111,1,0),(13,'2017-09-12',112,1,0),(13,'2017-09-12',121,1,0),(13,'2017-09-12',122,1,0),(13,'2017-09-12',131,1,0),(13,'2017-09-12',132,1,0),(13,'2017-09-13',71,1,0),(13,'2017-09-13',72,1,0),(13,'2017-09-13',81,1,0),(13,'2017-09-13',82,1,0),(13,'2017-09-13',91,1,0),(13,'2017-09-13',92,1,0),(13,'2017-09-13',101,1,0),(13,'2017-09-13',102,1,0),(13,'2017-09-13',111,1,0),(13,'2017-09-13',112,1,0),(13,'2017-09-13',121,1,0),(13,'2017-09-13',122,1,0),(13,'2017-09-13',131,1,0),(13,'2017-09-13',132,1,0),(13,'2017-09-14',71,1,0),(13,'2017-09-14',72,1,0),(13,'2017-09-14',81,1,0),(13,'2017-09-14',82,1,0),(13,'2017-09-14',91,1,0),(13,'2017-09-14',92,1,0),(13,'2017-09-14',101,1,0),(13,'2017-09-14',102,1,0),(13,'2017-09-14',111,1,0),(13,'2017-09-14',112,1,0),(13,'2017-09-14',121,1,0),(13,'2017-09-14',122,1,0),(13,'2017-09-14',131,1,0),(13,'2017-09-14',132,1,0),(13,'2017-09-15',71,1,0),(13,'2017-09-15',72,1,0),(13,'2017-09-15',81,1,0),(13,'2017-09-15',82,1,0),(13,'2017-09-15',91,1,0),(13,'2017-09-15',92,1,0),(13,'2017-09-15',101,1,0),(13,'2017-09-15',102,1,0),(13,'2017-09-15',111,1,0),(13,'2017-09-15',112,1,0),(13,'2017-09-15',121,1,0),(13,'2017-09-15',122,1,0),(13,'2017-09-15',131,1,0),(13,'2017-09-15',132,1,0),(13,'2017-09-15',141,1,0),(13,'2017-09-15',142,1,0),(13,'2017-09-15',151,1,0),(13,'2017-09-15',152,1,0),(13,'2017-09-15',161,1,0),(13,'2017-09-15',162,1,0),(13,'2017-09-18',71,1,0),(13,'2017-09-18',72,1,0),(13,'2017-09-18',81,1,0),(13,'2017-09-18',82,1,0),(13,'2017-09-18',91,1,0),(13,'2017-09-18',92,1,0),(13,'2017-09-18',101,1,0),(13,'2017-09-18',102,1,0),(13,'2017-09-18',111,1,0),(13,'2017-09-18',112,1,0),(13,'2017-09-18',121,1,0),(13,'2017-09-18',122,1,0),(13,'2017-09-18',131,1,0),(13,'2017-09-18',132,1,0),(13,'2017-09-19',71,1,0),(13,'2017-09-19',72,1,0),(13,'2017-09-19',81,1,0),(13,'2017-09-19',82,1,0),(13,'2017-09-19',91,1,0),(13,'2017-09-19',92,1,0),(13,'2017-09-19',101,1,0),(13,'2017-09-19',102,1,0),(13,'2017-09-19',111,1,0),(13,'2017-09-19',112,1,0),(13,'2017-09-19',121,1,0),(13,'2017-09-19',122,1,0),(13,'2017-09-19',131,1,0),(13,'2017-09-19',132,1,0),(13,'2017-09-20',71,1,0),(13,'2017-09-20',72,1,0),(13,'2017-09-20',81,1,0),(13,'2017-09-20',82,1,0),(13,'2017-09-20',91,1,0),(13,'2017-09-20',92,1,0),(13,'2017-09-20',101,1,0),(13,'2017-09-21',71,1,0),(13,'2017-09-21',72,1,0),(13,'2017-09-21',81,1,0),(13,'2017-09-21',82,1,0),(13,'2017-09-21',91,1,0),(13,'2017-09-21',92,1,0),(13,'2017-09-21',101,1,0),(13,'2017-09-21',102,1,0),(13,'2017-09-21',111,1,0),(13,'2017-09-21',112,1,0),(13,'2017-09-21',121,1,0),(13,'2017-09-21',122,1,0),(13,'2017-09-21',131,1,0),(13,'2017-09-21',132,1,0),(13,'2017-09-22',71,1,0),(13,'2017-09-22',72,1,0),(13,'2017-09-22',81,1,0),(13,'2017-09-22',82,1,0),(13,'2017-09-22',91,1,0),(13,'2017-09-22',92,1,0),(13,'2017-09-22',101,1,0),(13,'2017-09-22',102,1,0),(13,'2017-09-22',111,1,0),(13,'2017-09-22',112,1,0),(13,'2017-09-22',121,1,0),(13,'2017-09-22',122,1,0),(13,'2017-09-22',131,1,0),(13,'2017-09-22',132,1,0),(13,'2017-09-22',141,1,0),(13,'2017-09-22',142,1,0),(13,'2017-09-22',151,1,0),(13,'2017-09-22',152,1,0),(13,'2017-09-22',161,1,0),(13,'2017-09-22',162,1,0),(13,'2017-09-23',71,1,0),(13,'2017-09-23',72,1,0),(13,'2017-09-23',81,1,0),(13,'2017-09-23',82,1,0),(13,'2017-09-23',91,1,0),(13,'2017-09-23',92,1,0),(13,'2017-09-23',101,1,0),(13,'2017-09-23',102,1,0),(13,'2017-09-23',111,1,0),(13,'2017-09-23',112,1,0),(13,'2017-09-23',121,1,0),(13,'2017-09-23',122,1,0),(13,'2017-09-23',131,1,0),(13,'2017-09-23',132,1,0),(13,'2017-09-23',141,1,0),(13,'2017-09-23',142,1,0),(13,'2017-09-23',151,1,0),(13,'2017-09-24',71,1,0),(13,'2017-09-24',72,1,0),(13,'2017-09-24',81,1,0),(13,'2017-09-24',82,1,0),(13,'2017-09-24',91,1,0),(13,'2017-09-24',92,1,0),(13,'2017-09-24',101,1,0),(13,'2017-09-24',102,1,0),(13,'2017-09-24',111,1,0),(13,'2017-09-24',112,1,0),(13,'2017-09-24',121,1,0),(13,'2017-09-24',122,1,0),(13,'2017-09-24',131,1,0),(13,'2017-09-24',132,1,0),(13,'2017-09-24',141,1,0),(13,'2017-09-24',142,1,0),(13,'2017-09-24',151,1,0),(13,'2017-09-24',152,1,0),(13,'2017-09-24',161,1,0),(13,'2017-09-24',162,1,0),(13,'2017-09-24',171,1,0),(13,'2017-09-24',172,1,0),(13,'2017-09-24',181,1,0),(13,'2017-09-24',182,1,0),(13,'2017-09-24',191,1,0),(13,'2017-09-24',192,1,0),(13,'2017-09-24',201,1,0),(13,'2017-09-24',202,1,0),(13,'2017-09-24',211,1,0),(13,'2017-09-24',212,1,0),(13,'2017-09-24',221,1,0),(13,'2017-09-24',222,1,0),(13,'2017-09-24',231,1,0),(13,'2017-09-24',232,1,0),(13,'2017-09-24',241,1,0),(13,'2017-09-25',72,1,0),(13,'2017-09-25',81,1,0),(13,'2017-09-25',82,1,0),(13,'2017-09-25',91,1,0),(13,'2017-09-25',92,1,0),(13,'2017-09-25',101,1,0),(13,'2017-09-25',102,1,0),(13,'2017-09-25',111,1,0),(13,'2017-09-25',112,1,0),(13,'2017-09-25',121,1,0),(13,'2017-09-25',122,1,0),(13,'2017-09-25',131,1,0),(13,'2017-09-25',132,1,0),(13,'2017-09-26',71,1,0),(13,'2017-09-26',72,1,0),(13,'2017-09-26',81,1,0),(13,'2017-09-26',82,1,0),(13,'2017-09-26',91,1,0),(13,'2017-09-26',92,1,0),(13,'2017-09-26',101,1,0),(13,'2017-09-26',102,1,0),(13,'2017-09-26',111,1,0),(13,'2017-09-26',112,1,0),(13,'2017-09-26',121,1,0),(13,'2017-09-26',122,1,0),(13,'2017-09-26',131,1,0),(13,'2017-09-26',132,1,0),(13,'2017-09-27',71,1,0),(13,'2017-09-27',72,1,0),(13,'2017-09-27',81,1,0),(13,'2017-09-27',82,1,0),(13,'2017-09-27',91,1,0),(13,'2017-09-27',92,1,0),(13,'2017-09-27',101,1,0),(13,'2017-09-27',102,1,0),(13,'2017-09-27',111,1,0),(13,'2017-09-27',112,1,0),(13,'2017-09-27',121,1,0),(13,'2017-09-27',122,1,0),(13,'2017-09-27',131,1,0),(13,'2017-09-27',132,1,0),(13,'2017-09-27',141,1,0),(13,'2017-09-27',142,1,0),(13,'2017-09-27',151,1,0),(13,'2017-09-27',152,1,0),(13,'2017-09-27',161,1,0),(13,'2017-09-27',162,1,0),(13,'2017-09-27',171,1,0),(13,'2017-09-27',172,1,0),(13,'2017-09-27',181,1,0),(13,'2017-09-27',182,1,0),(13,'2017-09-27',191,1,0),(13,'2017-09-27',192,1,0),(13,'2017-09-27',201,1,0),(13,'2017-09-27',202,1,0),(13,'2017-09-27',211,1,0),(13,'2017-09-27',212,1,0),(13,'2017-09-27',221,1,0),(13,'2017-09-27',222,1,0),(13,'2017-09-27',231,1,0),(13,'2017-09-27',232,1,0),(13,'2017-09-27',241,1,0),(13,'2017-09-28',71,1,0),(13,'2017-09-28',72,1,0),(13,'2017-09-28',81,1,0),(13,'2017-09-28',82,1,0),(13,'2017-09-28',91,1,0),(13,'2017-09-28',101,1,0),(13,'2017-09-28',102,1,0),(13,'2017-09-28',111,1,0),(13,'2017-09-28',112,1,0),(13,'2017-09-28',121,1,0),(13,'2017-09-28',122,1,0),(13,'2017-09-28',131,1,0),(13,'2017-09-28',132,1,0),(13,'2017-09-28',141,1,0),(13,'2017-09-28',142,1,0),(13,'2017-09-29',82,1,0),(13,'2017-09-30',71,1,0),(13,'2017-09-30',72,1,0),(13,'2017-09-30',81,1,0),(13,'2017-09-30',82,1,0),(13,'2017-09-30',91,1,0),(13,'2017-09-30',92,1,0),(13,'2017-09-30',101,1,0),(13,'2017-09-30',102,1,0),(13,'2017-09-30',111,1,0),(13,'2017-09-30',112,1,0),(13,'2017-09-30',121,1,0),(13,'2017-09-30',122,1,0),(13,'2017-09-30',131,1,0),(13,'2017-09-30',132,1,0),(13,'2017-09-30',141,1,0),(13,'2017-09-30',142,1,0),(13,'2017-09-30',151,1,0),(13,'2017-09-30',152,1,0),(13,'2017-09-30',161,1,0),(13,'2017-09-30',162,1,0),(13,'2017-09-30',171,1,0),(13,'2017-09-30',172,1,0),(13,'2017-09-30',181,1,0),(13,'2017-09-30',182,1,0),(13,'2017-09-30',191,1,0),(13,'2017-09-30',192,1,0),(13,'2017-09-30',201,1,0),(13,'2017-09-30',202,1,0),(13,'2017-09-30',211,1,0),(13,'2017-09-30',212,1,0),(13,'2017-09-30',221,1,0),(13,'2017-09-30',222,1,0),(13,'2017-09-30',231,1,0),(13,'2017-09-30',232,1,0),(13,'2017-09-30',241,1,0),(13,'2017-10-01',71,1,0),(13,'2017-10-01',72,1,0),(13,'2017-10-01',81,1,0),(13,'2017-10-01',82,1,0),(13,'2017-10-01',91,1,0),(13,'2017-10-01',92,1,0),(13,'2017-10-01',101,1,0),(13,'2017-10-01',102,1,0),(13,'2017-10-01',111,1,0),(13,'2017-10-01',112,1,0),(13,'2017-10-01',121,1,0),(13,'2017-10-01',122,1,0),(13,'2017-10-01',131,1,0),(13,'2017-10-01',132,1,0),(13,'2017-10-01',141,1,0),(13,'2017-10-01',142,1,0),(13,'2017-10-01',151,1,0),(13,'2017-10-01',152,1,0),(13,'2017-10-01',161,1,0),(13,'2017-10-01',162,1,0),(13,'2017-10-01',171,1,0),(13,'2017-10-01',172,1,0),(13,'2017-10-01',181,1,0),(13,'2017-10-01',182,1,0),(13,'2017-10-01',191,1,0),(13,'2017-10-01',192,1,0),(13,'2017-10-01',201,1,0),(13,'2017-10-01',202,1,0),(13,'2017-10-01',211,1,0),(13,'2017-10-01',212,1,0),(13,'2017-10-01',221,1,0),(13,'2017-10-01',222,1,0),(13,'2017-10-01',231,1,0),(13,'2017-10-01',232,1,0),(13,'2017-10-01',241,1,0),(13,'2017-10-02',71,1,0),(13,'2017-10-02',72,1,0),(13,'2017-10-02',81,1,0),(13,'2017-10-02',82,1,0),(13,'2017-10-02',91,1,0),(13,'2017-10-02',92,1,0),(13,'2017-10-02',101,1,0),(13,'2017-10-02',102,1,0),(13,'2017-10-02',111,1,0),(13,'2017-10-02',112,1,0),(13,'2017-10-02',121,1,0),(13,'2017-10-02',122,1,0),(13,'2017-10-02',131,1,0),(13,'2017-10-02',132,1,0),(13,'2017-10-03',71,1,0),(13,'2017-10-03',72,1,0),(13,'2017-10-03',81,1,0),(13,'2017-10-03',82,1,0),(13,'2017-10-03',91,1,0),(13,'2017-10-03',92,1,0),(13,'2017-10-03',101,1,0),(13,'2017-10-03',102,1,0),(13,'2017-10-03',111,1,0),(13,'2017-10-03',112,1,0),(13,'2017-10-03',121,1,0),(13,'2017-10-03',122,1,0),(13,'2017-10-03',131,1,0),(13,'2017-10-03',132,1,0),(13,'2017-10-04',71,1,0),(13,'2017-10-04',72,1,0),(13,'2017-10-04',81,1,0),(13,'2017-10-04',82,1,0),(13,'2017-10-05',71,1,0),(13,'2017-10-05',72,1,0),(13,'2017-10-05',81,1,0),(13,'2017-10-05',82,1,0),(13,'2017-10-05',91,1,0),(13,'2017-10-05',92,1,0),(13,'2017-10-05',101,1,0),(13,'2017-10-05',102,1,0),(13,'2017-10-05',111,1,0),(13,'2017-10-05',112,1,0),(13,'2017-10-05',121,1,0),(13,'2017-10-05',122,1,0),(13,'2017-10-05',131,1,0),(13,'2017-10-05',132,1,0),(13,'2017-10-11',71,1,0),(13,'2017-10-12',71,1,0),(13,'2017-10-12',72,1,0),(13,'2017-10-12',81,1,0),(13,'2017-10-13',71,1,0),(13,'2017-10-13',72,1,0),(13,'2017-10-13',81,1,0),(13,'2017-10-13',82,1,0),(13,'2017-10-13',91,1,0),(13,'2017-10-13',92,1,0),(13,'2017-10-13',101,1,0),(13,'2017-10-13',102,1,0),(13,'2017-10-13',111,1,0),(13,'2017-10-13',112,1,0),(13,'2017-10-13',121,1,0),(13,'2017-10-13',122,1,0),(13,'2017-10-13',131,1,0),(13,'2017-10-13',132,1,0),(13,'2017-10-13',141,1,0),(13,'2017-10-13',142,1,0),(13,'2017-10-13',151,1,0),(13,'2017-10-14',71,1,0),(13,'2017-10-14',72,1,0),(13,'2017-10-14',81,1,0),(13,'2017-10-14',82,1,0),(13,'2017-10-14',91,1,0),(13,'2017-10-14',92,1,0),(13,'2017-10-14',101,1,0),(13,'2017-10-14',102,1,0),(13,'2017-10-14',111,1,0),(13,'2017-10-14',112,1,0),(13,'2017-10-14',121,1,0),(13,'2017-10-14',122,1,0),(13,'2017-10-14',131,1,0),(13,'2017-10-14',132,1,0),(13,'2017-10-14',141,1,0),(13,'2017-10-14',142,1,0),(13,'2017-10-14',151,1,0),(13,'2017-10-15',71,1,0),(13,'2017-10-15',72,1,0),(13,'2017-10-15',81,1,0),(13,'2017-10-15',82,1,0),(13,'2017-10-15',91,1,0),(13,'2017-10-15',92,1,0),(13,'2017-10-15',101,1,0),(13,'2017-10-15',102,1,0),(13,'2017-10-15',111,1,0),(13,'2017-10-15',112,1,0),(13,'2017-10-15',121,1,0),(13,'2017-10-15',122,1,0),(13,'2017-10-15',131,1,0),(13,'2017-10-15',132,1,0),(13,'2017-10-15',141,1,0),(13,'2017-10-15',142,1,0),(13,'2017-10-15',151,1,0),(13,'2017-10-18',71,1,0),(13,'2017-10-20',71,1,0),(13,'2017-10-20',72,1,0),(13,'2017-10-20',81,1,0),(13,'2017-10-20',82,1,0),(13,'2017-10-20',91,1,0),(13,'2017-10-20',92,1,0),(13,'2017-10-20',101,1,0),(13,'2017-10-20',102,1,0),(13,'2017-10-20',111,1,0),(13,'2017-10-20',112,1,0),(13,'2017-10-20',121,1,0),(13,'2017-10-20',122,1,0),(13,'2017-10-20',131,1,0),(13,'2017-10-20',132,1,0),(13,'2017-10-20',141,1,0),(13,'2017-10-20',142,1,0),(13,'2017-10-20',151,1,0),(13,'2017-10-22',71,1,0),(13,'2017-10-22',72,1,0),(13,'2017-10-22',81,1,0),(13,'2017-10-22',82,1,0),(13,'2017-10-22',91,1,0),(13,'2017-10-22',92,1,0),(13,'2017-10-22',101,1,0),(13,'2017-10-22',102,1,0),(13,'2017-10-22',111,1,0),(13,'2017-10-22',112,1,0),(13,'2017-10-22',121,1,0),(13,'2017-10-22',122,1,0),(13,'2017-10-22',131,1,0),(13,'2017-10-22',132,1,0),(13,'2017-10-22',141,1,0),(13,'2017-10-22',142,1,0),(13,'2017-10-22',151,1,0),(13,'2017-10-25',71,1,0),(13,'2017-10-27',71,1,0),(13,'2017-10-27',72,1,0),(13,'2017-10-27',81,1,0),(13,'2017-10-27',82,1,0),(13,'2017-10-27',91,1,0),(13,'2017-10-27',92,1,0),(13,'2017-10-27',101,1,0),(13,'2017-10-27',102,1,0),(13,'2017-10-27',111,1,0),(13,'2017-10-27',112,1,0),(13,'2017-10-27',121,1,0),(13,'2017-10-27',122,1,0),(13,'2017-10-27',131,1,0),(13,'2017-10-27',132,1,0),(13,'2017-10-27',141,1,0),(13,'2017-10-27',142,1,0),(13,'2017-10-27',151,1,0),(13,'2017-10-29',71,1,0),(13,'2017-10-29',72,1,0),(13,'2017-10-29',81,1,0),(13,'2017-10-29',82,1,0),(13,'2017-10-29',91,1,0),(13,'2017-10-29',92,1,0),(13,'2017-10-29',101,1,0),(13,'2017-10-29',102,1,0),(13,'2017-10-29',111,1,0),(13,'2017-10-29',112,1,0),(13,'2017-10-29',121,1,0),(13,'2017-10-29',122,1,0),(13,'2017-10-29',131,1,0),(13,'2017-10-29',132,1,0),(13,'2017-10-29',141,1,0),(13,'2017-10-29',142,1,0),(13,'2017-10-29',151,1,0),(13,'2017-11-01',71,1,0),(13,'2017-11-03',71,1,0),(13,'2017-11-03',72,1,0),(13,'2017-11-03',81,1,0),(13,'2017-11-03',82,1,0),(13,'2017-11-03',91,1,0),(13,'2017-11-03',92,1,0),(13,'2017-11-03',101,1,0),(13,'2017-11-03',102,1,0),(13,'2017-11-03',111,1,0),(13,'2017-11-03',112,1,0),(13,'2017-11-03',121,1,0),(13,'2017-11-03',122,1,0),(13,'2017-11-03',131,1,0),(13,'2017-11-03',132,1,0),(13,'2017-11-03',141,1,0),(13,'2017-11-03',142,1,0),(13,'2017-11-03',151,1,0),(13,'2017-11-05',71,1,0),(13,'2017-11-05',72,1,0),(13,'2017-11-05',81,1,0),(13,'2017-11-05',82,1,0),(13,'2017-11-05',91,1,0),(13,'2017-11-05',92,1,0),(13,'2017-11-05',101,1,0),(13,'2017-11-05',102,1,0),(13,'2017-11-05',111,1,0),(13,'2017-11-05',112,1,0),(13,'2017-11-05',121,1,0),(13,'2017-11-05',122,1,0),(13,'2017-11-05',131,1,0),(13,'2017-11-05',132,1,0),(13,'2017-11-05',141,1,0),(13,'2017-11-05',142,1,0),(13,'2017-11-05',151,1,0),(15,'2017-09-07',82,0,0),(18,'2017-09-18',71,1,0),(18,'2017-09-18',72,1,0),(18,'2017-09-18',81,1,0),(18,'2017-09-18',82,1,0),(18,'2017-09-18',91,1,0),(18,'2017-09-18',92,1,0),(18,'2017-09-18',101,1,0),(18,'2017-09-18',102,1,0),(18,'2017-09-18',111,1,0),(18,'2017-09-18',112,1,0),(18,'2017-09-18',121,1,0),(18,'2017-09-18',122,1,0),(18,'2017-09-18',131,1,0),(18,'2017-09-18',132,1,0),(18,'2017-09-18',141,1,0),(18,'2017-09-18',142,1,0),(18,'2017-09-19',81,1,0),(18,'2017-09-19',82,1,0),(18,'2017-09-19',91,1,0),(18,'2017-09-19',102,1,0),(18,'2017-09-19',111,1,0),(18,'2017-09-19',112,1,0),(18,'2017-09-19',121,1,0),(18,'2017-09-19',122,1,0),(18,'2017-09-19',131,1,0),(18,'2017-09-19',132,1,0),(18,'2017-09-19',141,1,0),(18,'2017-09-19',142,1,0),(18,'2017-09-20',71,1,0),(18,'2017-09-20',72,1,0),(18,'2017-09-20',81,1,0),(18,'2017-09-20',82,1,0),(18,'2017-09-20',91,1,0),(18,'2017-09-20',92,1,0),(18,'2017-09-20',101,1,0),(18,'2017-09-20',102,1,0),(18,'2017-09-20',111,1,0),(18,'2017-09-20',112,1,0),(18,'2017-09-20',121,1,0),(18,'2017-09-20',122,1,0),(18,'2017-09-20',131,1,0),(18,'2017-09-20',132,1,0),(18,'2017-09-20',141,1,0),(18,'2017-09-20',142,1,0),(18,'2017-09-21',102,1,0),(18,'2017-09-21',111,1,0),(18,'2017-09-21',112,1,0),(18,'2017-09-21',121,1,0),(18,'2017-09-21',122,1,0),(18,'2017-09-21',131,1,0),(18,'2017-09-21',132,1,0),(18,'2017-09-21',141,1,0),(18,'2017-09-21',142,1,0),(18,'2017-09-22',71,1,0),(18,'2017-09-22',72,1,0),(18,'2017-09-22',81,1,0),(18,'2017-09-22',82,1,0),(18,'2017-09-22',91,1,0),(18,'2017-09-22',92,1,0),(18,'2017-09-22',101,1,0),(18,'2017-09-22',102,1,0),(18,'2017-09-22',111,1,0),(18,'2017-09-22',112,1,0),(18,'2017-09-22',121,1,0),(18,'2017-09-22',122,1,0),(18,'2017-09-22',131,1,0),(18,'2017-09-22',132,1,0),(18,'2017-09-22',141,1,0),(18,'2017-09-22',142,1,0),(18,'2017-09-25',102,1,0),(18,'2017-09-25',111,1,0),(18,'2017-09-25',112,1,0),(18,'2017-09-25',121,1,0),(18,'2017-09-25',122,1,0),(18,'2017-09-25',131,1,0),(18,'2017-09-25',132,1,0),(18,'2017-09-25',141,1,0),(18,'2017-09-25',142,1,0),(18,'2017-09-26',102,1,0),(18,'2017-09-26',111,1,0),(18,'2017-09-26',112,1,0),(18,'2017-09-26',121,1,0),(18,'2017-09-26',122,1,0),(18,'2017-09-26',131,1,0),(18,'2017-09-26',132,1,0),(18,'2017-09-26',141,1,0),(18,'2017-09-26',142,1,0),(18,'2017-09-27',102,1,0),(18,'2017-09-27',111,1,0),(18,'2017-09-27',112,1,0),(18,'2017-09-27',121,1,0),(18,'2017-09-27',122,1,0),(18,'2017-09-27',131,1,0),(18,'2017-09-27',132,1,0),(18,'2017-09-27',141,1,0),(18,'2017-09-27',142,1,0),(18,'2017-09-28',102,1,0),(18,'2017-09-28',111,1,0),(18,'2017-09-28',112,1,0),(18,'2017-09-28',121,1,0),(18,'2017-09-28',122,1,0),(18,'2017-09-28',131,1,0),(18,'2017-09-28',132,1,0),(18,'2017-09-28',141,1,0),(18,'2017-09-28',142,1,0),(18,'2017-09-29',71,1,0),(18,'2017-09-29',72,1,0),(18,'2017-09-29',81,1,0),(18,'2017-09-29',82,1,0),(18,'2017-09-29',91,1,0),(18,'2017-09-29',92,1,0),(18,'2017-09-29',101,1,0),(18,'2017-09-29',102,1,0),(18,'2017-09-29',111,1,0),(18,'2017-09-29',112,1,0),(18,'2017-09-29',121,1,0),(18,'2017-09-29',122,1,0),(18,'2017-09-29',131,1,0),(18,'2017-09-29',132,1,0),(18,'2017-09-29',141,1,0),(18,'2017-09-29',142,1,0),(18,'2017-10-02',102,1,0),(18,'2017-10-02',111,1,0),(18,'2017-10-02',112,1,0),(18,'2017-10-02',121,1,0),(18,'2017-10-02',122,1,0),(18,'2017-10-02',131,1,0),(18,'2017-10-02',132,1,0),(18,'2017-10-02',141,1,0),(18,'2017-10-02',142,1,0),(18,'2017-10-03',102,1,0),(18,'2017-10-03',111,1,0),(18,'2017-10-03',112,1,0),(18,'2017-10-03',121,1,0),(18,'2017-10-03',122,1,0),(18,'2017-10-03',131,1,0),(18,'2017-10-03',132,1,0),(18,'2017-10-03',141,1,0),(18,'2017-10-03',142,1,0),(18,'2017-10-04',102,1,0),(18,'2017-10-04',111,1,0),(18,'2017-10-04',112,1,0),(18,'2017-10-04',121,1,0),(18,'2017-10-04',122,1,0),(18,'2017-10-04',131,1,0),(18,'2017-10-04',132,1,0),(18,'2017-10-04',141,1,0),(18,'2017-10-04',142,1,0),(18,'2017-10-05',102,1,0),(18,'2017-10-05',111,1,0),(18,'2017-10-05',112,1,0),(18,'2017-10-05',121,1,0),(18,'2017-10-05',122,1,0),(18,'2017-10-05',131,1,0),(18,'2017-10-05',132,1,0),(18,'2017-10-05',141,1,0),(18,'2017-10-05',142,1,0),(18,'2017-10-06',71,1,0),(18,'2017-10-06',72,1,0),(18,'2017-10-06',81,1,0),(18,'2017-10-06',82,1,0),(18,'2017-10-06',91,1,0),(18,'2017-10-06',92,1,0),(18,'2017-10-06',101,1,0),(18,'2017-10-06',102,1,0),(18,'2017-10-06',111,1,0),(18,'2017-10-06',112,1,0),(18,'2017-10-06',121,1,0),(18,'2017-10-06',122,1,0),(18,'2017-10-06',131,1,0),(18,'2017-10-06',132,1,0),(18,'2017-10-06',141,1,0),(18,'2017-10-06',142,1,0),(18,'2017-10-09',102,1,0),(18,'2017-10-09',111,1,0),(18,'2017-10-09',112,1,0),(18,'2017-10-09',121,1,0),(18,'2017-10-09',122,1,0),(18,'2017-10-09',131,1,0),(18,'2017-10-09',132,1,0),(18,'2017-10-09',141,1,0),(18,'2017-10-09',142,1,0),(18,'2017-10-10',102,1,0),(18,'2017-10-10',111,1,0),(18,'2017-10-10',112,1,0),(18,'2017-10-10',121,1,0),(18,'2017-10-10',122,1,0),(18,'2017-10-10',131,1,0),(18,'2017-10-10',132,1,0),(18,'2017-10-10',141,1,0),(18,'2017-10-10',142,1,0),(18,'2017-10-11',102,1,0),(18,'2017-10-11',111,1,0),(18,'2017-10-11',112,1,0),(18,'2017-10-11',121,1,0),(18,'2017-10-11',122,1,0),(18,'2017-10-11',131,1,0),(18,'2017-10-11',132,1,0),(18,'2017-10-11',141,1,0),(18,'2017-10-11',142,1,0),(18,'2017-10-12',102,1,0),(18,'2017-10-12',111,1,0),(18,'2017-10-12',112,1,0),(18,'2017-10-12',121,1,0),(18,'2017-10-12',122,1,0),(18,'2017-10-12',131,1,0),(18,'2017-10-12',132,1,0),(18,'2017-10-12',141,1,0),(18,'2017-10-12',142,1,0),(18,'2017-10-13',71,1,0),(18,'2017-10-13',72,1,0),(18,'2017-10-13',81,1,0),(18,'2017-10-13',82,1,0),(18,'2017-10-13',91,1,0),(18,'2017-10-13',92,1,0),(18,'2017-10-13',101,1,0),(18,'2017-10-13',102,1,0),(18,'2017-10-13',111,1,0),(18,'2017-10-13',112,1,0),(18,'2017-10-13',121,1,0),(18,'2017-10-13',122,1,0),(18,'2017-10-13',131,1,0),(18,'2017-10-13',132,1,0),(18,'2017-10-13',141,1,0),(18,'2017-10-13',142,1,0),(21,'2017-09-21',71,1,0),(21,'2017-09-21',72,1,0),(21,'2017-09-21',81,1,0),(21,'2017-09-21',82,1,0),(21,'2017-09-21',91,1,0),(21,'2017-09-21',92,1,0),(21,'2017-09-21',101,1,0),(21,'2017-09-21',102,1,0),(21,'2017-09-21',111,1,0),(21,'2017-09-21',112,1,0),(21,'2017-09-21',121,1,0),(21,'2017-09-21',122,1,0),(21,'2017-09-21',131,1,0),(21,'2017-09-21',132,1,0),(21,'2017-09-21',141,1,0),(21,'2017-09-21',142,1,0),(21,'2017-09-21',151,1,0),(21,'2017-09-21',152,1,0),(21,'2017-09-21',161,1,0),(21,'2017-09-21',162,1,0),(21,'2017-09-21',171,1,0),(21,'2017-09-21',172,1,0),(21,'2017-09-21',181,1,0),(21,'2017-09-21',182,1,0),(21,'2017-09-21',191,1,0),(21,'2017-09-21',192,1,0),(21,'2017-09-21',201,1,0),(21,'2017-09-21',202,1,0),(21,'2017-09-21',211,1,0),(21,'2017-09-21',212,1,0),(21,'2017-09-21',221,1,0),(21,'2017-09-21',222,1,0),(21,'2017-09-21',231,1,0),(21,'2017-09-21',232,1,0),(21,'2017-09-21',241,1,0),(21,'2017-09-22',71,1,0),(21,'2017-09-22',72,1,0),(21,'2017-09-22',81,1,0),(21,'2017-09-22',82,1,0),(21,'2017-09-22',91,1,0),(21,'2017-09-22',92,1,0),(21,'2017-09-22',101,1,0),(21,'2017-09-22',102,1,0),(21,'2017-09-22',111,1,0),(21,'2017-09-22',112,1,0),(21,'2017-09-22',121,1,0),(21,'2017-09-22',122,1,0),(21,'2017-09-22',131,1,0),(21,'2017-09-22',132,1,0),(21,'2017-09-22',141,1,0),(21,'2017-09-22',142,1,0),(21,'2017-09-22',151,1,0),(21,'2017-09-22',152,1,0),(21,'2017-09-22',161,1,0),(21,'2017-09-22',162,1,0),(21,'2017-09-22',171,1,0),(21,'2017-09-22',172,1,0),(21,'2017-09-22',181,1,0),(21,'2017-09-22',182,1,0),(21,'2017-09-22',191,1,0),(21,'2017-09-22',192,1,0),(21,'2017-09-22',201,1,0),(21,'2017-09-22',202,1,0),(21,'2017-09-22',211,1,0),(21,'2017-09-22',212,1,0),(21,'2017-09-22',221,1,0),(21,'2017-09-22',222,1,0),(21,'2017-09-22',231,1,0),(21,'2017-09-22',232,1,0),(21,'2017-09-22',241,1,0),(21,'2017-09-23',71,1,0),(21,'2017-09-23',72,1,0),(21,'2017-09-23',81,1,0),(21,'2017-09-23',82,1,0),(21,'2017-09-23',91,1,0),(21,'2017-09-23',92,1,0),(21,'2017-09-23',101,1,0),(21,'2017-09-23',102,1,0),(21,'2017-09-23',111,1,0),(21,'2017-09-23',112,1,0),(21,'2017-09-23',121,1,0),(21,'2017-09-23',122,1,0),(21,'2017-09-23',131,1,0),(21,'2017-09-23',132,1,0),(21,'2017-09-23',141,1,0),(21,'2017-09-23',142,1,0),(21,'2017-09-23',151,1,0),(21,'2017-09-23',152,1,0),(21,'2017-09-23',161,1,0),(21,'2017-09-23',162,1,0),(21,'2017-09-23',171,1,0),(21,'2017-09-23',172,1,0),(21,'2017-09-23',181,1,0),(21,'2017-09-23',182,1,0),(21,'2017-09-23',191,1,0),(21,'2017-09-23',192,1,0),(21,'2017-09-23',201,1,0),(21,'2017-09-23',202,1,0),(21,'2017-09-23',211,1,0),(21,'2017-09-23',212,1,0),(21,'2017-09-23',221,1,0),(21,'2017-09-23',222,1,0),(21,'2017-09-23',231,1,0),(21,'2017-09-23',232,1,0),(21,'2017-09-23',241,1,0),(21,'2017-09-24',71,1,0),(21,'2017-09-24',72,1,0),(21,'2017-09-24',81,1,0),(21,'2017-09-24',82,1,0),(21,'2017-09-24',91,1,0),(21,'2017-09-24',92,1,0),(21,'2017-09-24',101,1,0),(21,'2017-09-24',102,1,0),(21,'2017-09-24',111,1,0),(21,'2017-09-24',112,1,0),(21,'2017-09-24',121,1,0),(21,'2017-09-24',122,1,0),(21,'2017-09-24',131,1,0),(21,'2017-09-24',132,1,0),(21,'2017-09-24',141,1,0),(21,'2017-09-24',142,1,0),(21,'2017-09-24',151,1,0),(21,'2017-09-24',152,1,0),(21,'2017-09-24',161,1,0),(21,'2017-09-24',162,1,0),(21,'2017-09-24',171,1,0),(21,'2017-09-24',172,1,0),(21,'2017-09-24',181,1,0),(21,'2017-09-24',182,1,0),(21,'2017-09-24',191,1,0),(21,'2017-09-24',192,1,0),(21,'2017-09-24',201,1,0),(21,'2017-09-24',202,1,0),(21,'2017-09-24',211,1,0),(21,'2017-09-24',212,1,0),(21,'2017-09-24',221,1,0),(21,'2017-09-24',222,1,0),(21,'2017-09-24',231,1,0),(21,'2017-09-24',232,1,0),(21,'2017-09-24',241,1,0),(21,'2017-09-25',71,1,0),(21,'2017-09-25',72,1,0),(21,'2017-09-25',81,1,0),(21,'2017-09-25',82,1,0),(21,'2017-09-25',91,1,0),(21,'2017-09-25',92,1,0),(21,'2017-09-25',101,1,0),(21,'2017-09-25',102,1,0),(21,'2017-09-25',111,1,0),(21,'2017-09-25',112,1,0),(21,'2017-09-25',121,1,0),(21,'2017-09-25',122,1,0),(21,'2017-09-25',131,1,0),(21,'2017-09-25',132,1,0),(21,'2017-09-25',141,1,0),(21,'2017-09-25',142,1,0),(21,'2017-09-25',151,1,0),(21,'2017-09-25',152,1,0),(21,'2017-09-25',161,1,0),(21,'2017-09-25',162,1,0),(21,'2017-09-25',171,1,0),(21,'2017-09-25',172,1,0),(21,'2017-09-25',181,1,0),(21,'2017-09-25',182,1,0),(21,'2017-09-25',191,1,0),(21,'2017-09-25',192,1,0),(21,'2017-09-25',201,1,0),(21,'2017-09-25',202,1,0),(21,'2017-09-25',211,1,0),(21,'2017-09-25',212,1,0),(21,'2017-09-25',221,1,0),(21,'2017-09-25',222,1,0),(21,'2017-09-25',231,1,0),(21,'2017-09-25',232,1,0),(21,'2017-09-25',241,1,0),(21,'2017-09-26',71,1,0),(21,'2017-09-26',72,1,0),(21,'2017-09-26',81,1,0),(21,'2017-09-26',82,1,0),(21,'2017-09-26',91,1,0),(21,'2017-09-26',92,1,0),(21,'2017-09-26',101,1,0),(21,'2017-09-26',102,1,0),(21,'2017-09-26',111,1,0),(21,'2017-09-26',112,1,0),(21,'2017-09-26',121,1,0),(21,'2017-09-26',122,1,0),(21,'2017-09-26',131,1,0),(21,'2017-09-26',132,1,0),(21,'2017-09-26',141,1,0),(21,'2017-09-26',142,1,0),(21,'2017-09-26',151,1,0),(21,'2017-09-26',152,1,0),(21,'2017-09-26',161,1,0),(21,'2017-09-26',162,1,0),(21,'2017-09-26',171,1,0),(21,'2017-09-26',172,1,0),(21,'2017-09-26',181,1,0),(21,'2017-09-26',182,1,0),(21,'2017-09-26',191,1,0),(21,'2017-09-26',192,1,0),(21,'2017-09-26',201,1,0),(21,'2017-09-26',202,1,0),(21,'2017-09-26',211,1,0),(21,'2017-09-26',212,1,0),(21,'2017-09-26',221,1,0),(21,'2017-09-26',222,1,0),(21,'2017-09-26',231,1,0),(21,'2017-09-26',232,1,0),(21,'2017-09-26',241,1,0),(21,'2017-09-27',71,1,0),(21,'2017-09-27',72,1,0),(21,'2017-09-27',81,1,0),(21,'2017-09-27',82,1,0),(21,'2017-09-27',91,1,0),(21,'2017-09-27',92,1,0),(21,'2017-09-27',101,1,0),(21,'2017-09-27',102,1,0),(21,'2017-09-27',111,1,0),(21,'2017-09-27',112,1,0),(21,'2017-09-27',121,1,0),(21,'2017-09-27',122,1,0),(21,'2017-09-27',131,1,0),(21,'2017-09-27',132,1,0),(21,'2017-09-27',141,1,0),(21,'2017-09-27',142,1,0),(21,'2017-09-27',151,1,0),(21,'2017-09-27',152,1,0),(21,'2017-09-27',161,1,0),(21,'2017-09-27',162,1,0),(21,'2017-09-27',171,1,0),(21,'2017-09-27',172,1,0),(21,'2017-09-27',181,1,0),(21,'2017-09-27',182,1,0),(21,'2017-09-27',191,1,0),(21,'2017-09-27',192,1,0),(21,'2017-09-27',201,1,0),(21,'2017-09-27',202,1,0),(21,'2017-09-27',211,1,0),(21,'2017-09-27',212,1,0),(21,'2017-09-27',221,1,0),(21,'2017-09-27',222,1,0),(21,'2017-09-27',231,1,0),(21,'2017-09-27',232,1,0),(21,'2017-09-27',241,1,0),(21,'2017-09-28',71,1,0),(21,'2017-09-28',72,1,0),(21,'2017-09-28',81,1,0),(21,'2017-09-28',82,1,0),(21,'2017-09-28',91,1,0),(21,'2017-09-28',92,1,0),(21,'2017-09-28',101,1,0),(21,'2017-09-28',102,1,0),(21,'2017-09-28',111,1,0),(21,'2017-09-28',112,1,0),(21,'2017-09-28',121,1,0),(21,'2017-09-28',122,1,0),(21,'2017-09-28',131,1,0),(21,'2017-09-28',132,1,0),(21,'2017-09-28',141,1,0),(21,'2017-09-28',142,1,0),(21,'2017-09-28',151,1,0),(21,'2017-09-28',152,1,0),(21,'2017-09-28',161,1,0),(21,'2017-09-28',162,1,0),(21,'2017-09-28',171,1,0),(21,'2017-09-28',172,1,0),(21,'2017-09-28',181,1,0),(21,'2017-09-28',182,1,0),(21,'2017-09-28',191,1,0),(21,'2017-09-28',192,1,0),(21,'2017-09-28',201,1,0),(21,'2017-09-28',202,1,0),(21,'2017-09-28',211,1,0),(21,'2017-09-28',212,1,0),(21,'2017-09-28',221,1,0),(21,'2017-09-28',222,1,0),(21,'2017-09-28',231,1,0),(21,'2017-09-28',232,1,0),(21,'2017-09-28',241,1,0),(21,'2017-09-29',71,1,0),(21,'2017-09-29',72,1,0),(21,'2017-09-29',81,1,0),(21,'2017-09-29',82,1,0),(21,'2017-09-29',91,1,0),(21,'2017-09-29',92,1,0),(21,'2017-09-29',101,1,0),(21,'2017-09-29',102,1,0),(21,'2017-09-29',111,1,0),(21,'2017-09-29',112,1,0),(21,'2017-09-29',121,1,0),(21,'2017-09-29',122,1,0),(21,'2017-09-29',131,1,0),(21,'2017-09-29',132,1,0),(21,'2017-09-29',141,1,0),(21,'2017-09-29',142,1,0),(21,'2017-09-29',151,1,0),(21,'2017-09-29',152,1,0),(21,'2017-09-29',161,1,0),(21,'2017-09-29',162,1,0),(21,'2017-09-29',171,1,0),(21,'2017-09-29',172,1,0),(21,'2017-09-29',181,1,0),(21,'2017-09-29',182,1,0),(21,'2017-09-29',191,1,0),(21,'2017-09-29',192,1,0),(21,'2017-09-29',201,1,0),(21,'2017-09-29',202,1,0),(21,'2017-09-29',211,1,0),(21,'2017-09-29',212,1,0),(21,'2017-09-29',221,1,0),(21,'2017-09-29',222,1,0),(21,'2017-09-29',231,1,0),(21,'2017-09-29',232,1,0),(21,'2017-09-29',241,1,0),(21,'2017-09-30',71,1,0),(21,'2017-09-30',72,1,0),(21,'2017-09-30',81,1,0),(21,'2017-09-30',82,1,0),(21,'2017-09-30',91,1,0),(21,'2017-09-30',92,1,0),(21,'2017-09-30',101,1,0),(21,'2017-09-30',102,1,0),(21,'2017-09-30',111,1,0),(21,'2017-09-30',112,1,0),(21,'2017-09-30',121,1,0),(21,'2017-09-30',122,1,0),(21,'2017-09-30',131,1,0),(21,'2017-09-30',132,1,0),(21,'2017-09-30',141,1,0),(21,'2017-09-30',142,1,0),(21,'2017-09-30',151,1,0),(21,'2017-09-30',152,1,0),(21,'2017-09-30',161,1,0),(21,'2017-09-30',162,1,0),(21,'2017-09-30',171,1,0),(21,'2017-09-30',172,1,0),(21,'2017-09-30',181,1,0),(21,'2017-09-30',182,1,0),(21,'2017-09-30',191,1,0),(21,'2017-09-30',192,1,0),(21,'2017-09-30',201,1,0),(21,'2017-09-30',202,1,0),(21,'2017-09-30',211,1,0),(21,'2017-09-30',212,1,0),(21,'2017-09-30',221,1,0),(21,'2017-09-30',222,1,0),(21,'2017-09-30',231,1,0),(21,'2017-09-30',232,1,0),(21,'2017-09-30',241,1,0),(21,'2017-10-01',71,1,0),(21,'2017-10-01',72,1,0),(21,'2017-10-01',81,1,0),(21,'2017-10-01',82,1,0),(21,'2017-10-01',91,1,0),(21,'2017-10-01',92,1,0),(21,'2017-10-01',101,1,0),(21,'2017-10-01',102,1,0),(21,'2017-10-01',111,1,0),(21,'2017-10-01',112,1,0),(21,'2017-10-01',121,1,0),(21,'2017-10-01',122,1,0),(21,'2017-10-01',131,1,0),(21,'2017-10-01',132,1,0),(21,'2017-10-01',141,1,0),(21,'2017-10-01',142,1,0),(21,'2017-10-01',151,1,0),(21,'2017-10-01',152,1,0),(21,'2017-10-01',161,1,0),(21,'2017-10-01',162,1,0),(21,'2017-10-01',171,1,0),(21,'2017-10-01',172,1,0),(21,'2017-10-01',181,1,0),(21,'2017-10-01',182,1,0),(21,'2017-10-01',191,1,0),(21,'2017-10-01',192,1,0),(21,'2017-10-01',201,1,0),(21,'2017-10-01',202,1,0),(21,'2017-10-01',211,1,0),(21,'2017-10-01',212,1,0),(21,'2017-10-01',221,1,0),(21,'2017-10-01',222,1,0),(21,'2017-10-01',231,1,0),(21,'2017-10-01',232,1,0),(21,'2017-10-01',241,1,0),(21,'2017-10-02',71,1,0),(21,'2017-10-02',72,1,0),(21,'2017-10-02',81,1,0),(21,'2017-10-02',82,1,0),(21,'2017-10-02',91,1,0),(21,'2017-10-02',92,1,0),(21,'2017-10-02',101,1,0),(21,'2017-10-02',102,1,0),(21,'2017-10-02',111,1,0),(21,'2017-10-02',112,1,0),(21,'2017-10-02',121,1,0),(21,'2017-10-02',122,1,0),(21,'2017-10-02',131,1,0),(21,'2017-10-02',132,1,0),(21,'2017-10-02',141,1,0),(21,'2017-10-02',142,1,0),(21,'2017-10-02',151,1,0),(21,'2017-10-02',152,1,0),(21,'2017-10-02',161,1,0),(21,'2017-10-02',162,1,0),(21,'2017-10-02',171,1,0),(21,'2017-10-02',172,1,0),(21,'2017-10-02',181,1,0),(21,'2017-10-02',182,1,0),(21,'2017-10-02',191,1,0),(21,'2017-10-02',192,1,0),(21,'2017-10-02',201,1,0),(21,'2017-10-02',202,1,0),(21,'2017-10-02',211,1,0),(21,'2017-10-02',212,1,0),(21,'2017-10-02',221,1,0),(21,'2017-10-02',222,1,0),(21,'2017-10-02',231,1,0),(21,'2017-10-02',232,1,0),(21,'2017-10-02',241,1,0),(21,'2017-10-03',71,1,0),(21,'2017-10-03',72,1,0),(21,'2017-10-03',81,1,0),(21,'2017-10-03',82,1,0),(21,'2017-10-03',91,1,0),(21,'2017-10-03',92,1,0),(21,'2017-10-03',101,1,0),(21,'2017-10-03',102,1,0),(21,'2017-10-03',111,1,0),(21,'2017-10-03',112,1,0),(21,'2017-10-03',121,1,0),(21,'2017-10-03',122,1,0),(21,'2017-10-03',131,1,0),(21,'2017-10-03',132,1,0),(21,'2017-10-03',141,1,0),(21,'2017-10-03',142,1,0),(21,'2017-10-03',151,1,0),(21,'2017-10-03',152,1,0),(21,'2017-10-03',161,1,0),(21,'2017-10-03',162,1,0),(21,'2017-10-03',171,1,0),(21,'2017-10-03',172,1,0),(21,'2017-10-03',181,1,0),(21,'2017-10-03',182,1,0),(21,'2017-10-03',191,1,0),(21,'2017-10-03',192,1,0),(21,'2017-10-03',201,1,0),(21,'2017-10-03',202,1,0),(21,'2017-10-03',211,1,0),(21,'2017-10-03',212,1,0),(21,'2017-10-03',221,1,0),(21,'2017-10-03',222,1,0),(21,'2017-10-03',231,1,0),(21,'2017-10-03',232,1,0),(21,'2017-10-03',241,1,0),(21,'2017-10-04',71,1,0),(21,'2017-10-04',72,1,0),(21,'2017-10-04',81,1,0),(21,'2017-10-04',82,1,0),(21,'2017-10-04',91,1,0),(21,'2017-10-04',92,1,0),(21,'2017-10-04',101,1,0),(21,'2017-10-04',102,1,0),(21,'2017-10-04',111,1,0),(21,'2017-10-04',112,1,0),(21,'2017-10-04',121,1,0),(21,'2017-10-04',122,1,0),(21,'2017-10-04',131,1,0),(21,'2017-10-04',132,1,0),(21,'2017-10-04',141,1,0),(21,'2017-10-04',142,1,0),(21,'2017-10-04',151,1,0),(21,'2017-10-04',152,1,0),(21,'2017-10-04',161,1,0),(21,'2017-10-04',162,1,0),(21,'2017-10-04',171,1,0),(21,'2017-10-04',172,1,0),(21,'2017-10-04',181,1,0),(21,'2017-10-04',182,1,0),(21,'2017-10-04',191,1,0),(21,'2017-10-04',192,1,0),(21,'2017-10-04',201,1,0),(21,'2017-10-04',202,1,0),(21,'2017-10-04',211,1,0),(21,'2017-10-04',212,1,0),(21,'2017-10-04',221,1,0),(21,'2017-10-04',222,1,0),(21,'2017-10-04',231,1,0),(21,'2017-10-04',232,1,0),(21,'2017-10-04',241,1,0),(21,'2017-10-05',71,1,0),(21,'2017-10-05',72,1,0),(21,'2017-10-05',81,1,0),(21,'2017-10-05',82,1,0),(21,'2017-10-05',91,1,0),(21,'2017-10-05',92,1,0),(21,'2017-10-05',101,1,0),(21,'2017-10-05',102,1,0),(21,'2017-10-05',111,1,0),(21,'2017-10-05',112,1,0),(21,'2017-10-05',121,1,0),(21,'2017-10-05',122,1,0),(21,'2017-10-05',131,1,0),(21,'2017-10-05',132,1,0),(21,'2017-10-05',141,1,0),(21,'2017-10-05',142,1,0),(21,'2017-10-05',151,1,0),(21,'2017-10-05',152,1,0),(21,'2017-10-05',161,1,0),(21,'2017-10-05',162,1,0),(21,'2017-10-05',171,1,0),(21,'2017-10-05',172,1,0),(21,'2017-10-05',181,1,0),(21,'2017-10-05',182,1,0),(21,'2017-10-05',191,1,0),(21,'2017-10-05',192,1,0),(21,'2017-10-05',201,1,0),(21,'2017-10-05',202,1,0),(21,'2017-10-05',211,1,0),(21,'2017-10-05',212,1,0),(21,'2017-10-05',221,1,0),(21,'2017-10-05',222,1,0),(21,'2017-10-05',231,1,0),(21,'2017-10-05',232,1,0),(21,'2017-10-05',241,1,0),(21,'2017-10-06',71,1,0),(21,'2017-10-06',72,1,0),(21,'2017-10-06',81,1,0),(21,'2017-10-06',82,1,0),(21,'2017-10-06',91,1,0),(21,'2017-10-06',92,1,0),(21,'2017-10-06',101,1,0),(21,'2017-10-06',102,1,0),(21,'2017-10-06',111,1,0),(21,'2017-10-06',112,1,0),(21,'2017-10-06',121,1,0),(21,'2017-10-06',122,1,0),(21,'2017-10-06',131,1,0),(21,'2017-10-06',132,1,0),(21,'2017-10-06',141,1,0),(21,'2017-10-06',142,1,0),(21,'2017-10-06',151,1,0),(21,'2017-10-06',152,1,0),(21,'2017-10-06',161,1,0),(21,'2017-10-06',162,1,0),(21,'2017-10-06',171,1,0),(21,'2017-10-06',172,1,0),(21,'2017-10-06',181,1,0),(21,'2017-10-06',182,1,0),(21,'2017-10-06',191,1,0),(21,'2017-10-06',192,1,0),(21,'2017-10-06',201,1,0),(21,'2017-10-06',202,1,0),(21,'2017-10-06',211,1,0),(21,'2017-10-06',212,1,0),(21,'2017-10-06',221,1,0),(21,'2017-10-06',222,1,0),(21,'2017-10-06',231,1,0),(21,'2017-10-06',232,1,0),(21,'2017-10-06',241,1,0),(21,'2017-10-07',71,1,0),(21,'2017-10-07',72,1,0),(21,'2017-10-07',81,1,0),(21,'2017-10-07',82,1,0),(21,'2017-10-07',91,1,0),(21,'2017-10-07',92,1,0),(21,'2017-10-07',101,1,0),(21,'2017-10-07',102,1,0),(21,'2017-10-07',111,1,0),(21,'2017-10-07',112,1,0),(21,'2017-10-07',121,1,0),(21,'2017-10-07',122,1,0),(21,'2017-10-07',131,1,0),(21,'2017-10-07',132,1,0),(21,'2017-10-07',141,1,0),(21,'2017-10-07',142,1,0),(21,'2017-10-07',151,1,0),(21,'2017-10-07',152,1,0),(21,'2017-10-07',161,1,0),(21,'2017-10-07',162,1,0),(21,'2017-10-07',171,1,0),(21,'2017-10-07',172,1,0),(21,'2017-10-07',181,1,0),(21,'2017-10-07',182,1,0),(21,'2017-10-07',191,1,0),(21,'2017-10-07',192,1,0),(21,'2017-10-07',201,1,0),(21,'2017-10-07',202,1,0),(21,'2017-10-07',211,1,0),(21,'2017-10-07',212,1,0),(21,'2017-10-07',221,1,0),(21,'2017-10-07',222,1,0),(21,'2017-10-07',231,1,0),(21,'2017-10-07',232,1,0),(21,'2017-10-07',241,1,0),(21,'2017-10-08',71,1,0),(21,'2017-10-08',72,1,0),(21,'2017-10-08',81,1,0),(21,'2017-10-08',82,1,0),(21,'2017-10-08',91,1,0),(21,'2017-10-08',92,1,0),(21,'2017-10-08',101,1,0),(21,'2017-10-08',102,1,0),(21,'2017-10-08',111,1,0),(21,'2017-10-08',112,1,0),(21,'2017-10-08',121,1,0),(21,'2017-10-08',122,1,0),(21,'2017-10-08',131,1,0),(21,'2017-10-08',132,1,0),(21,'2017-10-08',141,1,0),(21,'2017-10-08',142,1,0),(21,'2017-10-08',151,1,0),(21,'2017-10-08',152,1,0),(21,'2017-10-08',161,1,0),(21,'2017-10-08',162,1,0),(21,'2017-10-08',171,1,0),(21,'2017-10-08',172,1,0),(21,'2017-10-08',181,1,0),(21,'2017-10-08',182,1,0),(21,'2017-10-08',191,1,0),(21,'2017-10-08',192,1,0),(21,'2017-10-08',201,1,0),(21,'2017-10-08',202,1,0),(21,'2017-10-08',211,1,0),(21,'2017-10-08',212,1,0),(21,'2017-10-08',221,1,0),(21,'2017-10-08',222,1,0),(21,'2017-10-08',231,1,0),(21,'2017-10-08',232,1,0),(21,'2017-10-08',241,1,0),(21,'2017-10-09',71,1,0),(21,'2017-10-09',72,1,0),(21,'2017-10-09',81,1,0),(21,'2017-10-09',82,1,0),(21,'2017-10-09',91,1,0),(21,'2017-10-09',92,1,0),(21,'2017-10-09',101,1,0),(21,'2017-10-09',102,1,0),(21,'2017-10-09',111,1,0),(21,'2017-10-09',112,1,0),(21,'2017-10-09',121,1,0),(21,'2017-10-09',122,1,0),(21,'2017-10-09',131,1,0),(21,'2017-10-09',132,1,0),(21,'2017-10-09',141,1,0),(21,'2017-10-09',142,1,0),(21,'2017-10-09',151,1,0),(21,'2017-10-09',152,1,0),(21,'2017-10-09',161,1,0),(21,'2017-10-09',162,1,0),(21,'2017-10-09',171,1,0),(21,'2017-10-09',172,1,0),(21,'2017-10-09',181,1,0),(21,'2017-10-09',182,1,0),(21,'2017-10-09',191,1,0),(21,'2017-10-09',192,1,0),(21,'2017-10-09',201,1,0),(21,'2017-10-09',202,1,0),(21,'2017-10-09',211,1,0),(21,'2017-10-09',212,1,0),(21,'2017-10-09',221,1,0),(21,'2017-10-09',222,1,0),(21,'2017-10-09',231,1,0),(21,'2017-10-09',232,1,0),(21,'2017-10-09',241,1,0),(21,'2017-10-10',71,1,0),(21,'2017-10-10',72,1,0),(21,'2017-10-10',81,1,0),(21,'2017-10-10',82,1,0),(21,'2017-10-10',91,1,0),(21,'2017-10-10',92,1,0),(21,'2017-10-10',101,1,0),(21,'2017-10-10',102,1,0),(21,'2017-10-10',111,1,0),(21,'2017-10-10',112,1,0),(21,'2017-10-10',121,1,0),(21,'2017-10-10',122,1,0),(21,'2017-10-10',131,1,0),(21,'2017-10-10',132,1,0),(21,'2017-10-10',141,1,0),(21,'2017-10-10',142,1,0),(21,'2017-10-10',151,1,0),(21,'2017-10-10',152,1,0),(21,'2017-10-10',161,1,0),(21,'2017-10-10',162,1,0),(21,'2017-10-10',171,1,0),(21,'2017-10-10',172,1,0),(21,'2017-10-10',181,1,0),(21,'2017-10-10',182,1,0),(21,'2017-10-10',191,1,0),(21,'2017-10-10',192,1,0),(21,'2017-10-10',201,1,0),(21,'2017-10-10',202,1,0),(21,'2017-10-10',211,1,0),(21,'2017-10-10',212,1,0),(21,'2017-10-10',221,1,0),(21,'2017-10-10',222,1,0),(21,'2017-10-10',231,1,0),(21,'2017-10-10',232,1,0),(21,'2017-10-10',241,1,0),(21,'2017-10-11',71,1,0),(21,'2017-10-11',72,1,0),(21,'2017-10-11',81,1,0),(21,'2017-10-11',82,1,0),(21,'2017-10-11',91,1,0),(21,'2017-10-11',92,1,0),(21,'2017-10-11',101,1,0),(21,'2017-10-11',102,1,0),(21,'2017-10-11',111,1,0),(21,'2017-10-11',112,1,0),(21,'2017-10-11',121,1,0),(21,'2017-10-11',122,1,0),(21,'2017-10-11',131,1,0),(21,'2017-10-11',132,1,0),(21,'2017-10-11',141,1,0),(21,'2017-10-11',142,1,0),(21,'2017-10-11',151,1,0),(21,'2017-10-11',152,1,0),(21,'2017-10-11',161,1,0),(21,'2017-10-11',162,1,0),(21,'2017-10-11',171,1,0),(21,'2017-10-11',172,1,0),(21,'2017-10-11',181,1,0),(21,'2017-10-11',182,1,0),(21,'2017-10-11',191,1,0),(21,'2017-10-11',192,1,0),(21,'2017-10-11',201,1,0),(21,'2017-10-11',202,1,0),(21,'2017-10-11',211,1,0),(21,'2017-10-11',212,1,0),(21,'2017-10-11',221,1,0),(21,'2017-10-11',222,1,0),(21,'2017-10-11',231,1,0),(21,'2017-10-11',232,1,0),(21,'2017-10-11',241,1,0),(21,'2017-10-12',71,1,0),(21,'2017-10-12',72,1,0),(21,'2017-10-12',81,1,0),(21,'2017-10-12',82,1,0),(21,'2017-10-12',91,1,0),(21,'2017-10-12',92,1,0),(21,'2017-10-12',101,1,0),(21,'2017-10-12',102,1,0),(21,'2017-10-12',111,1,0),(21,'2017-10-12',112,1,0),(21,'2017-10-12',121,1,0),(21,'2017-10-12',122,1,0),(21,'2017-10-12',131,1,0),(21,'2017-10-12',132,1,0),(21,'2017-10-12',141,1,0),(21,'2017-10-12',142,1,0),(21,'2017-10-12',151,1,0),(21,'2017-10-12',152,1,0),(21,'2017-10-12',161,1,0),(21,'2017-10-12',162,1,0),(21,'2017-10-12',171,1,0),(21,'2017-10-12',172,1,0),(21,'2017-10-12',181,1,0),(21,'2017-10-12',182,1,0),(21,'2017-10-12',191,1,0),(21,'2017-10-12',192,1,0),(21,'2017-10-12',201,1,0),(21,'2017-10-12',202,1,0),(21,'2017-10-12',211,1,0),(21,'2017-10-12',212,1,0),(21,'2017-10-12',221,1,0),(21,'2017-10-12',222,1,0),(21,'2017-10-12',231,1,0),(21,'2017-10-12',232,1,0),(21,'2017-10-12',241,1,0),(21,'2017-10-13',71,1,0),(21,'2017-10-13',72,1,0),(21,'2017-10-13',81,1,0),(21,'2017-10-13',82,1,0),(21,'2017-10-13',91,1,0),(21,'2017-10-13',92,1,0),(21,'2017-10-13',101,1,0),(21,'2017-10-13',102,1,0),(21,'2017-10-13',111,1,0),(21,'2017-10-13',112,1,0),(21,'2017-10-13',121,1,0),(21,'2017-10-13',122,1,0),(21,'2017-10-13',131,1,0),(21,'2017-10-13',132,1,0),(21,'2017-10-13',141,1,0),(21,'2017-10-13',142,1,0),(21,'2017-10-13',151,1,0),(21,'2017-10-13',152,1,0),(21,'2017-10-13',161,1,0),(21,'2017-10-13',162,1,0),(21,'2017-10-13',171,1,0),(21,'2017-10-13',172,1,0),(21,'2017-10-13',181,1,0),(21,'2017-10-13',182,1,0),(21,'2017-10-13',191,1,0),(21,'2017-10-13',192,1,0),(21,'2017-10-13',201,1,0),(21,'2017-10-13',202,1,0),(21,'2017-10-13',211,1,0),(21,'2017-10-13',212,1,0),(21,'2017-10-13',221,1,0),(21,'2017-10-13',222,1,0),(21,'2017-10-13',231,1,0),(21,'2017-10-13',232,1,0),(21,'2017-10-13',241,1,0),(21,'2017-10-14',71,1,0),(21,'2017-10-14',72,1,0),(21,'2017-10-14',81,1,0),(21,'2017-10-14',82,1,0),(21,'2017-10-14',91,1,0),(21,'2017-10-14',92,1,0),(21,'2017-10-14',101,1,0),(21,'2017-10-14',102,1,0),(21,'2017-10-14',111,1,0),(21,'2017-10-14',112,1,0),(21,'2017-10-14',121,1,0),(21,'2017-10-14',122,1,0),(21,'2017-10-14',131,1,0),(21,'2017-10-14',132,1,0),(21,'2017-10-14',141,1,0),(21,'2017-10-14',142,1,0),(21,'2017-10-14',151,1,0),(21,'2017-10-14',152,1,0),(21,'2017-10-14',161,1,0),(21,'2017-10-14',162,1,0),(21,'2017-10-14',171,1,0),(21,'2017-10-14',172,1,0),(21,'2017-10-14',181,1,0),(21,'2017-10-14',182,1,0),(21,'2017-10-14',191,1,0),(21,'2017-10-14',192,1,0),(21,'2017-10-14',201,1,0),(21,'2017-10-14',202,1,0),(21,'2017-10-14',211,1,0),(21,'2017-10-14',212,1,0),(21,'2017-10-14',221,1,0),(21,'2017-10-14',222,1,0),(21,'2017-10-14',231,1,0),(21,'2017-10-14',232,1,0),(21,'2017-10-14',241,1,0),(21,'2017-10-15',71,1,0),(21,'2017-10-15',72,1,0),(21,'2017-10-15',81,1,0),(21,'2017-10-15',82,1,0),(21,'2017-10-15',91,1,0),(21,'2017-10-15',92,1,0),(21,'2017-10-15',101,1,0),(21,'2017-10-15',102,1,0),(21,'2017-10-15',111,1,0),(21,'2017-10-15',112,1,0),(21,'2017-10-15',121,1,0),(21,'2017-10-15',122,1,0),(21,'2017-10-15',131,1,0),(21,'2017-10-15',132,1,0),(21,'2017-10-15',141,1,0),(21,'2017-10-15',142,1,0),(21,'2017-10-15',151,1,0),(21,'2017-10-15',152,1,0),(21,'2017-10-15',161,1,0),(21,'2017-10-15',162,1,0),(21,'2017-10-15',171,1,0),(21,'2017-10-15',172,1,0),(21,'2017-10-15',181,1,0),(21,'2017-10-15',182,1,0),(21,'2017-10-15',191,1,0),(21,'2017-10-15',192,1,0),(21,'2017-10-15',201,1,0),(21,'2017-10-15',202,1,0),(21,'2017-10-15',211,1,0),(21,'2017-10-15',212,1,0),(21,'2017-10-15',221,1,0),(21,'2017-10-15',222,1,0),(21,'2017-10-15',231,1,0),(21,'2017-10-15',232,1,0),(21,'2017-10-15',241,1,0),(21,'2017-10-16',71,1,0),(21,'2017-10-16',72,1,0),(21,'2017-10-16',81,1,0),(21,'2017-10-16',82,1,0),(21,'2017-10-16',91,1,0),(21,'2017-10-16',92,1,0),(21,'2017-10-16',101,1,0),(21,'2017-10-16',102,1,0),(21,'2017-10-16',111,1,0),(21,'2017-10-16',112,1,0),(21,'2017-10-16',121,1,0),(21,'2017-10-16',122,1,0),(21,'2017-10-16',131,1,0),(21,'2017-10-16',132,1,0),(21,'2017-10-16',141,1,0),(21,'2017-10-16',142,1,0),(21,'2017-10-16',151,1,0),(21,'2017-10-16',152,1,0),(21,'2017-10-16',161,1,0),(21,'2017-10-16',162,1,0),(21,'2017-10-16',171,1,0),(21,'2017-10-16',172,1,0),(21,'2017-10-16',181,1,0),(21,'2017-10-16',182,1,0),(21,'2017-10-16',191,1,0),(21,'2017-10-16',192,1,0),(21,'2017-10-16',201,1,0),(21,'2017-10-16',202,1,0),(21,'2017-10-16',211,1,0),(21,'2017-10-16',212,1,0),(21,'2017-10-16',221,1,0),(21,'2017-10-16',222,1,0),(21,'2017-10-16',231,1,0),(21,'2017-10-16',232,1,0),(21,'2017-10-16',241,1,0),(21,'2017-10-17',71,1,0),(21,'2017-10-17',72,1,0),(21,'2017-10-17',81,1,0),(21,'2017-10-17',82,1,0),(21,'2017-10-17',91,1,0),(21,'2017-10-17',92,1,0),(21,'2017-10-17',101,1,0),(21,'2017-10-17',102,1,0),(21,'2017-10-17',111,1,0),(21,'2017-10-17',112,1,0),(21,'2017-10-17',121,1,0),(21,'2017-10-17',122,1,0),(21,'2017-10-17',131,1,0),(21,'2017-10-17',132,1,0),(21,'2017-10-17',141,1,0),(21,'2017-10-17',142,1,0),(21,'2017-10-17',151,1,0),(21,'2017-10-17',152,1,0),(21,'2017-10-17',161,1,0),(21,'2017-10-17',162,1,0),(21,'2017-10-17',171,1,0),(21,'2017-10-17',172,1,0),(21,'2017-10-17',181,1,0),(21,'2017-10-17',182,1,0),(21,'2017-10-17',191,1,0),(21,'2017-10-17',192,1,0),(21,'2017-10-17',201,1,0),(21,'2017-10-17',202,1,0),(21,'2017-10-17',211,1,0),(21,'2017-10-17',212,1,0),(21,'2017-10-17',221,1,0),(21,'2017-10-17',222,1,0),(21,'2017-10-17',231,1,0),(21,'2017-10-17',232,1,0),(21,'2017-10-17',241,1,0),(21,'2017-10-18',71,1,0),(21,'2017-10-18',72,1,0),(21,'2017-10-18',81,1,0),(21,'2017-10-18',82,1,0),(21,'2017-10-18',91,1,0),(21,'2017-10-18',92,1,0),(21,'2017-10-18',101,1,0),(21,'2017-10-18',102,1,0),(21,'2017-10-18',111,1,0),(21,'2017-10-18',112,1,0),(21,'2017-10-18',121,1,0),(21,'2017-10-18',122,1,0),(21,'2017-10-18',131,1,0),(21,'2017-10-18',132,1,0),(21,'2017-10-18',141,1,0),(21,'2017-10-18',142,1,0),(21,'2017-10-18',151,1,0),(21,'2017-10-18',152,1,0),(21,'2017-10-18',161,1,0),(21,'2017-10-18',162,1,0),(21,'2017-10-18',171,1,0),(21,'2017-10-18',172,1,0),(21,'2017-10-18',181,1,0),(21,'2017-10-18',182,1,0),(21,'2017-10-18',191,1,0),(21,'2017-10-18',192,1,0),(21,'2017-10-18',201,1,0),(21,'2017-10-18',202,1,0),(21,'2017-10-18',211,1,0),(21,'2017-10-18',212,1,0),(21,'2017-10-18',221,1,0),(21,'2017-10-18',222,1,0),(21,'2017-10-18',231,1,0),(21,'2017-10-18',232,1,0),(21,'2017-10-18',241,1,0),(21,'2017-10-19',71,1,0),(21,'2017-10-19',72,1,0),(21,'2017-10-19',81,1,0),(21,'2017-10-19',82,1,0),(21,'2017-10-19',91,1,0),(21,'2017-10-19',92,1,0),(21,'2017-10-19',101,1,0),(21,'2017-10-19',102,1,0),(21,'2017-10-19',111,1,0),(21,'2017-10-19',112,1,0),(21,'2017-10-19',121,1,0),(21,'2017-10-19',122,1,0),(21,'2017-10-19',131,1,0),(21,'2017-10-19',132,1,0),(21,'2017-10-19',141,1,0),(21,'2017-10-19',142,1,0),(21,'2017-10-19',151,1,0),(21,'2017-10-19',152,1,0),(21,'2017-10-19',161,1,0),(21,'2017-10-19',162,1,0),(21,'2017-10-19',171,1,0),(21,'2017-10-19',172,1,0),(21,'2017-10-19',181,1,0),(21,'2017-10-19',182,1,0),(21,'2017-10-19',191,1,0),(21,'2017-10-19',192,1,0),(21,'2017-10-19',201,1,0),(21,'2017-10-19',202,1,0),(21,'2017-10-19',211,1,0),(21,'2017-10-19',212,1,0),(21,'2017-10-19',221,1,0),(21,'2017-10-19',222,1,0),(21,'2017-10-19',231,1,0),(21,'2017-10-19',232,1,0),(21,'2017-10-19',241,1,0),(21,'2017-10-20',71,1,0),(21,'2017-10-20',72,1,0),(21,'2017-10-20',81,1,0),(21,'2017-10-20',82,1,0),(21,'2017-10-20',91,1,0),(21,'2017-10-20',92,1,0),(21,'2017-10-20',101,1,0),(21,'2017-10-20',102,1,0),(21,'2017-10-20',111,1,0),(21,'2017-10-20',112,1,0),(21,'2017-10-20',121,1,0),(21,'2017-10-20',122,1,0),(21,'2017-10-20',131,1,0),(21,'2017-10-20',132,1,0),(21,'2017-10-20',141,1,0),(21,'2017-10-20',142,1,0),(21,'2017-10-20',151,1,0),(21,'2017-10-20',152,1,0),(21,'2017-10-20',161,1,0),(21,'2017-10-20',162,1,0),(21,'2017-10-20',171,1,0),(21,'2017-10-20',172,1,0),(21,'2017-10-20',181,1,0),(21,'2017-10-20',182,1,0),(21,'2017-10-20',191,1,0),(21,'2017-10-20',192,1,0),(21,'2017-10-20',201,1,0),(21,'2017-10-20',202,1,0),(21,'2017-10-20',211,1,0),(21,'2017-10-20',212,1,0),(21,'2017-10-20',221,1,0),(21,'2017-10-20',222,1,0),(21,'2017-10-20',231,1,0),(21,'2017-10-20',232,1,0),(21,'2017-10-20',241,1,0),(21,'2017-10-21',71,1,0),(21,'2017-10-21',72,1,0),(21,'2017-10-21',81,1,0),(21,'2017-10-21',82,1,0),(21,'2017-10-21',91,1,0),(21,'2017-10-21',92,1,0),(21,'2017-10-21',101,1,0),(21,'2017-10-21',102,1,0),(21,'2017-10-21',111,1,0),(21,'2017-10-21',112,1,0),(21,'2017-10-21',121,1,0),(21,'2017-10-21',122,1,0),(21,'2017-10-21',131,1,0),(21,'2017-10-21',132,1,0),(21,'2017-10-21',141,1,0),(21,'2017-10-21',142,1,0),(21,'2017-10-21',151,1,0),(21,'2017-10-21',152,1,0),(21,'2017-10-21',161,1,0),(21,'2017-10-21',162,1,0),(21,'2017-10-21',171,1,0),(21,'2017-10-21',172,1,0),(21,'2017-10-21',181,1,0),(21,'2017-10-21',182,1,0),(21,'2017-10-21',191,1,0),(21,'2017-10-21',192,1,0),(21,'2017-10-21',201,1,0),(21,'2017-10-21',202,1,0),(21,'2017-10-21',211,1,0),(21,'2017-10-21',212,1,0),(21,'2017-10-21',221,1,0),(21,'2017-10-21',222,1,0),(21,'2017-10-21',231,1,0),(21,'2017-10-21',232,1,0),(21,'2017-10-21',241,1,0),(21,'2017-10-26',71,1,0),(21,'2017-10-26',72,1,0),(21,'2017-10-26',81,1,0),(21,'2017-10-26',82,1,0),(21,'2017-10-26',91,1,0),(21,'2017-10-26',92,1,0),(21,'2017-10-26',101,1,0),(21,'2017-10-26',102,1,0),(21,'2017-10-26',111,1,0),(21,'2017-10-26',112,1,0),(21,'2017-10-26',121,1,0),(21,'2017-10-26',122,1,0),(21,'2017-10-26',131,1,0),(21,'2017-10-26',132,1,0),(21,'2017-10-26',141,1,0),(21,'2017-10-26',142,1,0),(21,'2017-10-26',151,1,0),(21,'2017-10-26',152,1,0),(21,'2017-10-26',161,1,0),(21,'2017-10-26',162,1,0),(21,'2017-10-26',171,1,0),(21,'2017-10-26',172,1,0),(21,'2017-10-26',181,1,0),(21,'2017-10-26',182,1,0),(21,'2017-10-26',191,1,0),(21,'2017-10-26',192,1,0),(21,'2017-10-26',201,1,0),(21,'2017-10-26',202,1,0),(21,'2017-10-26',211,1,0),(21,'2017-10-26',212,1,0),(21,'2017-10-26',221,1,0),(21,'2017-10-26',222,1,0),(21,'2017-10-26',231,1,0),(21,'2017-10-26',232,1,0),(21,'2017-10-26',241,1,0),(21,'2017-11-02',71,1,0),(21,'2017-11-02',72,1,0),(21,'2017-11-02',81,1,0),(21,'2017-11-02',82,1,0),(21,'2017-11-02',91,1,0),(21,'2017-11-02',92,1,0),(21,'2017-11-02',101,1,0),(21,'2017-11-02',102,1,0),(21,'2017-11-02',111,1,0),(21,'2017-11-02',112,1,0),(21,'2017-11-02',121,1,0),(21,'2017-11-02',122,1,0),(21,'2017-11-02',131,1,0),(21,'2017-11-02',132,1,0),(21,'2017-11-02',141,1,0),(21,'2017-11-02',142,1,0),(21,'2017-11-02',151,1,0),(21,'2017-11-02',152,1,0),(21,'2017-11-02',161,1,0),(21,'2017-11-02',162,1,0),(21,'2017-11-02',171,1,0),(21,'2017-11-02',172,1,0),(21,'2017-11-02',181,1,0),(21,'2017-11-02',182,1,0),(21,'2017-11-02',191,1,0),(21,'2017-11-02',192,1,0),(21,'2017-11-02',201,1,0),(21,'2017-11-02',202,1,0),(21,'2017-11-02',211,1,0),(21,'2017-11-02',212,1,0),(21,'2017-11-02',221,1,0),(21,'2017-11-02',222,1,0),(21,'2017-11-02',231,1,0),(21,'2017-11-02',232,1,0),(21,'2017-11-02',241,1,0),(21,'2017-11-09',71,1,0),(21,'2017-11-09',72,1,0),(21,'2017-11-09',81,1,0),(21,'2017-11-09',82,1,0),(21,'2017-11-09',91,1,0),(21,'2017-11-09',92,1,0),(21,'2017-11-09',101,1,0),(21,'2017-11-09',102,1,0),(21,'2017-11-09',111,1,0),(21,'2017-11-09',112,1,0),(21,'2017-11-09',121,1,0),(21,'2017-11-09',122,1,0),(21,'2017-11-09',131,1,0),(21,'2017-11-09',132,1,0),(21,'2017-11-09',141,1,0),(21,'2017-11-09',142,1,0),(21,'2017-11-09',151,1,0),(21,'2017-11-09',152,1,0),(21,'2017-11-09',161,1,0),(21,'2017-11-09',162,1,0),(21,'2017-11-09',171,1,0),(21,'2017-11-09',172,1,0),(21,'2017-11-09',181,1,0),(21,'2017-11-09',182,1,0),(21,'2017-11-09',191,1,0),(21,'2017-11-09',192,1,0),(21,'2017-11-09',201,1,0),(21,'2017-11-09',202,1,0),(21,'2017-11-09',211,1,0),(21,'2017-11-09',212,1,0),(21,'2017-11-09',221,1,0),(21,'2017-11-09',222,1,0),(21,'2017-11-09',231,1,0),(21,'2017-11-09',232,1,0),(21,'2017-11-09',241,1,0),(25,'2017-09-24',71,1,0),(25,'2017-09-24',72,1,0),(25,'2017-09-24',81,1,0),(25,'2017-09-24',82,1,0),(25,'2017-09-24',91,1,0),(25,'2017-09-24',92,1,0),(25,'2017-09-24',101,1,0),(25,'2017-09-24',102,1,0),(25,'2017-09-24',111,1,0),(25,'2017-09-25',71,1,0),(25,'2017-09-25',72,1,0),(25,'2017-09-25',81,1,0),(25,'2017-09-25',82,1,0),(25,'2017-09-25',91,1,0),(25,'2017-09-25',92,1,0),(25,'2017-09-25',101,1,0),(25,'2017-09-26',81,1,0),(25,'2017-09-26',82,1,0),(25,'2017-09-26',91,1,0),(25,'2017-09-27',71,1,0),(25,'2017-09-27',72,1,0),(25,'2017-09-27',81,1,0),(25,'2017-09-28',71,1,0),(25,'2017-09-29',71,1,0),(25,'2017-09-29',72,1,0),(25,'2017-09-29',81,1,0),(25,'2017-09-29',82,1,0),(25,'2017-09-29',91,1,0),(25,'2017-09-29',92,1,0),(25,'2017-09-29',101,1,0),(25,'2017-09-29',102,1,0),(25,'2017-09-29',111,1,0),(25,'2017-09-29',112,1,0),(25,'2017-09-30',71,1,0),(25,'2017-09-30',72,1,0),(25,'2017-09-30',81,1,0),(25,'2017-09-30',82,1,0),(25,'2017-09-30',91,1,0),(25,'2017-09-30',92,1,0),(25,'2017-09-30',101,1,0),(25,'2017-09-30',102,1,0),(25,'2017-09-30',111,1,0),(25,'2017-09-30',112,1,0),(25,'2017-09-30',121,1,0),(25,'2017-09-30',122,1,0),(25,'2017-09-30',131,1,0),(25,'2017-09-30',132,1,0),(25,'2017-09-30',141,1,0),(25,'2017-09-30',142,1,0),(25,'2017-09-30',151,1,0),(25,'2017-09-30',152,1,0),(25,'2017-09-30',161,1,0),(25,'2017-09-30',162,1,0),(25,'2017-09-30',171,1,0),(25,'2017-09-30',172,1,0),(25,'2017-09-30',181,1,0),(25,'2017-09-30',182,1,0),(25,'2017-09-30',191,1,0),(25,'2017-09-30',192,1,0),(25,'2017-09-30',201,1,0),(25,'2017-09-30',202,1,0),(25,'2017-09-30',211,1,0),(25,'2017-09-30',212,1,0),(25,'2017-09-30',221,1,0),(25,'2017-09-30',222,1,0),(25,'2017-09-30',231,1,0),(25,'2017-09-30',232,1,0),(25,'2017-09-30',241,1,0),(25,'2017-10-03',71,1,0),(25,'2017-10-03',72,1,0),(25,'2017-10-03',81,1,0),(25,'2017-10-03',82,1,0),(25,'2017-10-03',91,1,0),(25,'2017-10-07',71,1,0),(25,'2017-10-07',72,1,0),(25,'2017-10-07',81,1,0),(25,'2017-10-07',82,1,0),(25,'2017-10-07',91,1,0),(25,'2017-10-07',92,1,0),(25,'2017-10-07',101,1,0),(25,'2017-10-07',102,1,0),(25,'2017-10-07',111,1,0),(25,'2017-10-07',112,1,0),(25,'2017-10-07',121,1,0),(25,'2017-10-07',122,1,0),(25,'2017-10-07',131,1,0),(25,'2017-10-07',132,1,0),(25,'2017-10-07',141,1,0),(25,'2017-10-07',142,1,0),(25,'2017-10-07',151,1,0),(25,'2017-10-07',152,1,0),(25,'2017-10-07',161,1,0),(25,'2017-10-07',162,1,0),(25,'2017-10-07',171,1,0),(25,'2017-10-07',172,1,0),(25,'2017-10-07',181,1,0),(25,'2017-10-07',182,1,0),(25,'2017-10-07',191,1,0),(25,'2017-10-07',192,1,0),(25,'2017-10-07',201,1,0),(25,'2017-10-07',202,1,0),(25,'2017-10-07',211,1,0),(25,'2017-10-07',212,1,0),(25,'2017-10-07',221,1,0),(25,'2017-10-07',222,1,0),(25,'2017-10-07',231,1,0),(25,'2017-10-07',232,1,0),(25,'2017-10-07',241,1,0),(25,'2017-10-10',71,1,0),(25,'2017-10-10',72,1,0),(25,'2017-10-10',81,1,0),(25,'2017-10-10',82,1,0),(25,'2017-10-10',91,1,0),(25,'2017-10-14',71,1,0),(25,'2017-10-14',72,1,0),(25,'2017-10-14',81,1,0),(25,'2017-10-14',82,1,0),(25,'2017-10-14',91,1,0),(25,'2017-10-14',92,1,0),(25,'2017-10-14',101,1,0),(25,'2017-10-14',102,1,0),(25,'2017-10-14',111,1,0),(25,'2017-10-14',112,1,0),(25,'2017-10-14',121,1,0),(25,'2017-10-14',122,1,0),(25,'2017-10-14',131,1,0),(25,'2017-10-14',132,1,0),(25,'2017-10-14',141,1,0),(25,'2017-10-14',142,1,0),(25,'2017-10-14',151,1,0),(25,'2017-10-14',152,1,0),(25,'2017-10-14',161,1,0),(25,'2017-10-14',162,1,0),(25,'2017-10-14',171,1,0),(25,'2017-10-14',172,1,0),(25,'2017-10-14',181,1,0),(25,'2017-10-14',182,1,0),(25,'2017-10-14',191,1,0),(25,'2017-10-14',192,1,0),(25,'2017-10-14',201,1,0),(25,'2017-10-14',202,1,0),(25,'2017-10-14',211,1,0),(25,'2017-10-14',212,1,0),(25,'2017-10-14',221,1,0),(25,'2017-10-14',222,1,0),(25,'2017-10-14',231,1,0),(25,'2017-10-14',232,1,0),(25,'2017-10-14',241,1,0),(25,'2017-10-17',71,1,0),(25,'2017-10-17',72,1,0),(25,'2017-10-17',81,1,0),(25,'2017-10-17',82,1,0),(25,'2017-10-17',91,1,0),(25,'2017-10-21',71,1,0),(25,'2017-10-21',72,1,0),(25,'2017-10-21',81,1,0),(25,'2017-10-21',82,1,0),(25,'2017-10-21',91,1,0),(25,'2017-10-21',92,1,0),(25,'2017-10-21',101,1,0),(25,'2017-10-21',102,1,0),(25,'2017-10-21',111,1,0),(25,'2017-10-21',112,1,0),(25,'2017-10-21',121,1,0),(25,'2017-10-21',122,1,0),(25,'2017-10-21',131,1,0),(25,'2017-10-21',132,1,0),(25,'2017-10-21',141,1,0),(25,'2017-10-21',142,1,0),(25,'2017-10-21',151,1,0),(25,'2017-10-21',152,1,0),(25,'2017-10-21',161,1,0),(25,'2017-10-21',162,1,0),(25,'2017-10-21',171,1,0),(25,'2017-10-21',172,1,0),(25,'2017-10-21',181,1,0),(25,'2017-10-21',182,1,0),(25,'2017-10-21',191,1,0),(25,'2017-10-21',192,1,0),(25,'2017-10-21',201,1,0),(25,'2017-10-21',202,1,0),(25,'2017-10-21',211,1,0),(25,'2017-10-21',212,1,0),(25,'2017-10-21',221,1,0),(25,'2017-10-21',222,1,0),(25,'2017-10-21',231,1,0),(25,'2017-10-21',232,1,0),(25,'2017-10-21',241,1,0),(26,'2017-09-25',71,1,0),(26,'2017-09-25',72,1,0),(26,'2017-09-25',81,1,0),(26,'2017-09-25',82,1,0),(26,'2017-09-25',91,1,0),(26,'2017-09-25',92,1,0),(26,'2017-09-25',101,1,0),(26,'2017-09-25',102,1,0),(26,'2017-09-25',111,1,0),(26,'2017-09-25',112,1,0),(26,'2017-10-02',71,1,0),(26,'2017-10-02',72,1,0),(26,'2017-10-02',81,1,0),(26,'2017-10-02',82,1,0),(26,'2017-10-02',91,1,0),(26,'2017-10-04',71,1,0),(26,'2017-10-04',72,1,0),(26,'2017-10-04',81,1,0),(26,'2017-10-04',82,1,0),(26,'2017-10-04',91,1,0),(27,'2017-09-25',71,1,0),(27,'2017-09-25',72,1,0),(27,'2017-09-25',81,1,0),(27,'2017-09-25',82,1,0),(27,'2017-09-25',91,1,0),(27,'2017-09-30',71,0,0),(29,'2017-11-06',211,1,0),(29,'2017-11-06',212,1,0),(29,'2017-11-06',221,1,0),(29,'2017-11-07',91,1,0),(29,'2017-11-07',92,1,0),(29,'2017-11-07',101,1,0),(29,'2017-11-07',102,1,0),(29,'2017-11-07',111,1,0),(29,'2017-11-07',181,1,0),(29,'2017-11-07',182,1,0),(29,'2017-11-07',191,1,0),(29,'2017-11-07',192,1,0),(29,'2017-11-07',201,1,0),(29,'2017-11-09',131,1,0),(29,'2017-11-09',132,1,0),(29,'2017-11-09',141,1,0),(29,'2017-11-09',142,1,0),(29,'2017-11-09',151,1,0),(29,'2017-11-09',152,1,0),(29,'2017-11-09',161,1,0),(29,'2017-11-09',202,1,0),(29,'2017-11-09',211,1,0),(29,'2017-11-09',212,1,0),(29,'2017-11-09',221,1,0),(29,'2017-11-09',222,1,0),(29,'2017-11-14',71,1,0),(29,'2017-11-14',72,1,0),(29,'2017-11-14',81,1,0),(29,'2017-11-14',82,1,0),(29,'2017-11-14',91,1,0),(29,'2017-11-14',92,1,0),(29,'2017-11-14',101,1,0),(29,'2017-11-14',102,1,0),(29,'2017-11-14',111,1,0),(29,'2017-11-14',112,1,0),(29,'2017-11-15',201,1,0),(29,'2017-11-15',202,1,0),(29,'2017-11-15',211,1,0),(29,'2017-11-15',212,1,0),(29,'2017-11-15',221,1,0),(29,'2017-11-16',201,1,0),(29,'2017-11-16',202,1,0),(29,'2017-11-16',211,1,0),(29,'2017-11-16',212,1,0),(29,'2017-11-16',221,1,0),(29,'2017-11-17',71,1,0),(29,'2017-11-17',72,1,0),(29,'2017-11-17',81,1,0),(29,'2017-11-17',82,1,0),(29,'2017-11-17',91,1,0),(29,'2017-11-17',92,1,0),(29,'2017-11-17',101,1,0),(29,'2017-11-17',102,1,0),(29,'2017-11-17',111,1,0),(29,'2017-11-17',112,1,0),(29,'2017-11-18',71,1,0),(29,'2017-11-18',72,1,0),(29,'2017-11-18',81,1,0),(29,'2017-11-18',82,1,0),(29,'2017-11-18',91,1,0),(29,'2017-11-18',92,1,0),(29,'2017-11-18',101,1,0),(29,'2017-11-18',102,1,0),(29,'2017-11-18',111,1,0),(29,'2017-11-18',112,1,0),(29,'2017-11-19',71,1,0),(29,'2017-11-19',72,1,0),(29,'2017-11-19',81,1,0),(29,'2017-11-19',82,1,0),(29,'2017-11-19',91,1,0),(29,'2017-11-19',92,1,0),(29,'2017-11-19',101,1,0),(29,'2017-11-19',102,1,0),(29,'2017-11-19',111,1,0),(29,'2017-11-19',112,1,0),(29,'2017-12-04',81,1,0),(29,'2017-12-04',82,1,0),(29,'2017-12-04',91,1,0),(29,'2017-12-04',92,1,0),(29,'2017-12-04',101,1,0),(29,'2017-12-04',102,1,0),(29,'2017-12-04',111,1,0),(29,'2017-12-04',132,1,0),(29,'2017-12-04',141,1,0),(29,'2017-12-04',142,1,0),(29,'2017-12-04',151,1,0),(29,'2017-12-04',152,1,0),(29,'2017-12-04',161,1,0),(29,'2017-12-04',162,1,0),(29,'2017-12-04',202,1,0),(29,'2017-12-04',211,1,0),(29,'2017-12-04',212,1,0),(29,'2017-12-04',221,1,0),(29,'2017-12-04',222,1,0),(29,'2017-12-05',132,1,0),(29,'2017-12-05',141,1,0),(29,'2017-12-05',142,1,0),(29,'2017-12-05',151,1,0),(29,'2017-12-05',152,1,0),(29,'2017-12-05',161,1,0),(29,'2017-12-05',162,1,0),(29,'2017-12-05',202,1,0),(29,'2017-12-05',211,1,0),(29,'2017-12-05',212,1,0),(29,'2017-12-05',221,1,0),(29,'2017-12-05',222,1,0),(29,'2017-12-06',81,1,0),(29,'2017-12-06',82,1,0),(29,'2017-12-06',91,1,0),(29,'2017-12-06',92,1,0),(29,'2017-12-06',101,1,0),(29,'2017-12-06',102,1,0),(29,'2017-12-06',111,1,0),(29,'2017-12-06',132,1,0),(29,'2017-12-06',141,1,0),(29,'2017-12-06',142,1,0),(29,'2017-12-06',151,1,0),(29,'2017-12-06',152,1,0),(29,'2017-12-06',161,1,0),(29,'2017-12-06',162,1,0),(29,'2017-12-06',202,1,0),(29,'2017-12-06',211,1,0),(29,'2017-12-06',212,1,0),(29,'2017-12-06',221,1,0),(29,'2017-12-06',222,1,0),(29,'2017-12-07',81,1,0),(29,'2017-12-07',82,1,0),(29,'2017-12-07',91,1,0),(29,'2017-12-07',92,1,0),(29,'2017-12-07',101,1,0),(29,'2017-12-07',102,1,0),(29,'2017-12-07',111,1,0),(29,'2017-12-07',132,1,0),(29,'2017-12-07',141,1,0),(29,'2017-12-07',142,1,0),(29,'2017-12-07',151,1,0),(29,'2017-12-07',152,1,0),(29,'2017-12-07',161,1,0),(29,'2017-12-07',162,1,0),(29,'2017-12-07',202,1,0),(29,'2017-12-07',211,1,0),(29,'2017-12-07',212,1,0),(29,'2017-12-07',221,1,0),(29,'2017-12-07',222,1,0),(29,'2017-12-08',132,1,0),(29,'2017-12-08',141,1,0),(29,'2017-12-08',142,1,0),(29,'2017-12-08',151,1,0),(29,'2017-12-08',152,1,0),(29,'2017-12-08',161,1,0),(29,'2017-12-08',162,1,0),(29,'2017-12-08',202,1,0),(29,'2017-12-08',211,1,0),(29,'2017-12-08',212,1,0),(29,'2017-12-08',221,1,0),(29,'2017-12-08',222,1,0),(29,'2017-12-09',81,1,0),(29,'2017-12-09',82,1,0),(29,'2017-12-09',91,1,0),(29,'2017-12-09',92,1,0),(29,'2017-12-09',101,1,0),(29,'2017-12-09',102,1,0),(29,'2017-12-09',111,1,0),(29,'2017-12-09',132,1,0),(29,'2017-12-09',141,1,0),(29,'2017-12-09',142,1,0),(29,'2017-12-09',151,1,0),(29,'2017-12-09',152,1,0),(29,'2017-12-09',161,1,0),(29,'2017-12-09',162,1,0),(29,'2018-02-21',192,1,0),(29,'2018-02-21',201,1,0),(29,'2018-02-21',202,1,0),(29,'2018-02-21',211,1,0),(29,'2018-02-21',212,1,0),(29,'2018-02-21',221,1,0),(29,'2018-02-22',182,1,0),(29,'2018-02-22',191,1,0),(29,'2018-02-22',192,1,0),(29,'2018-02-22',201,1,0),(29,'2018-02-22',202,1,0),(29,'2018-02-22',211,1,0),(29,'2018-02-22',212,1,0),(29,'2018-02-22',221,1,0),(29,'2018-02-23',202,1,0),(29,'2018-02-23',211,1,0),(29,'2018-02-23',212,1,0),(29,'2018-02-23',221,1,0),(29,'2018-02-24',81,1,0),(29,'2018-02-24',82,1,0),(29,'2018-02-24',91,1,0),(29,'2018-02-24',92,1,0),(29,'2018-02-24',101,1,0),(29,'2018-02-24',102,1,0),(29,'2018-02-24',111,1,0),(29,'2018-02-24',112,1,0),(29,'2018-02-24',121,1,0),(29,'2018-02-24',122,1,0),(29,'2018-02-24',131,1,0),(29,'2018-02-24',132,1,0),(29,'2018-02-24',141,1,0),(29,'2018-02-24',142,1,0),(29,'2018-02-24',151,1,0),(29,'2018-02-24',152,1,0),(29,'2018-02-24',161,1,0),(29,'2018-02-24',162,1,0),(29,'2018-02-24',171,1,0),(29,'2018-02-24',172,1,0),(29,'2018-02-24',181,1,0),(29,'2018-02-24',182,1,0),(29,'2018-02-25',81,1,0),(29,'2018-02-25',82,1,0),(29,'2018-02-25',91,1,0),(29,'2018-02-25',92,1,0),(29,'2018-02-25',101,1,0),(29,'2018-02-25',102,1,0),(29,'2018-02-25',111,1,0),(29,'2018-02-25',112,1,0),(29,'2018-02-25',121,1,0),(29,'2018-02-25',122,1,0),(29,'2018-02-25',131,1,0),(29,'2018-02-25',132,1,0),(29,'2018-02-25',141,1,0),(29,'2018-02-25',142,1,0),(29,'2018-02-25',151,1,0),(29,'2018-02-25',152,1,0),(29,'2018-02-25',161,1,0),(29,'2018-02-25',162,1,0),(29,'2018-02-25',171,1,0),(29,'2018-02-25',172,1,0),(29,'2018-02-25',181,1,0),(29,'2018-02-25',182,1,0),(29,'2018-02-26',202,1,0),(29,'2018-02-26',211,1,0),(29,'2018-02-26',212,1,0),(29,'2018-02-26',221,1,0),(29,'2018-02-27',192,1,0),(29,'2018-02-27',201,1,0),(29,'2018-02-27',202,1,0),(29,'2018-02-27',211,1,0),(29,'2018-02-27',212,1,0),(29,'2018-02-27',221,1,0),(29,'2018-02-28',182,1,0),(29,'2018-02-28',191,1,0),(29,'2018-02-28',192,1,0),(29,'2018-02-28',201,1,0),(29,'2018-02-28',202,1,0),(29,'2018-02-28',211,1,0),(29,'2018-02-28',212,1,0),(29,'2018-02-28',221,1,0),(29,'2018-03-01',202,1,0),(29,'2018-03-01',211,1,0),(29,'2018-03-01',212,1,0),(29,'2018-03-01',221,1,0),(29,'2018-03-03',81,1,0),(29,'2018-03-03',82,1,0),(29,'2018-03-03',91,1,0),(29,'2018-03-03',92,1,0),(29,'2018-03-03',101,1,0),(29,'2018-03-03',102,1,0),(29,'2018-03-03',111,1,0),(29,'2018-03-03',131,1,0),(29,'2018-03-03',132,1,0),(29,'2018-03-03',141,1,0),(29,'2018-03-03',142,1,0),(29,'2018-03-03',151,1,0),(29,'2018-03-03',152,1,0),(29,'2018-03-03',161,1,0),(29,'2018-03-03',162,1,0),(29,'2018-03-03',171,1,0),(29,'2018-03-04',81,1,0),(29,'2018-03-04',82,1,0),(29,'2018-03-04',91,1,0),(29,'2018-03-04',92,1,0),(29,'2018-03-04',101,1,0),(29,'2018-03-04',102,1,0),(29,'2018-03-04',111,1,0),(29,'2018-03-04',131,1,0),(29,'2018-03-04',132,1,0),(29,'2018-03-04',141,1,0),(29,'2018-03-04',142,1,0),(29,'2018-03-04',151,1,0),(29,'2018-03-04',152,1,0),(29,'2018-03-04',161,1,0),(29,'2018-03-04',162,1,0),(29,'2018-03-04',171,1,0),(29,'2018-03-05',202,1,0),(29,'2018-03-05',211,1,0),(29,'2018-03-05',212,1,0),(29,'2018-03-05',221,1,0),(29,'2018-03-05',222,1,0),(29,'2018-03-06',171,1,0),(29,'2018-03-06',172,1,0),(29,'2018-03-06',181,1,0),(29,'2018-03-06',182,1,0),(29,'2018-03-06',191,1,0),(29,'2018-03-06',192,1,0),(29,'2018-03-06',201,1,0),(29,'2018-03-06',202,1,0),(29,'2018-03-07',171,1,0),(29,'2018-03-07',172,1,0),(29,'2018-03-07',181,1,0),(29,'2018-03-07',182,1,0),(29,'2018-03-07',191,1,0),(29,'2018-03-07',192,1,0),(29,'2018-03-07',201,1,0),(29,'2018-03-07',202,1,0),(29,'2018-03-08',171,1,0),(29,'2018-03-08',172,1,0),(29,'2018-03-08',181,1,0),(29,'2018-03-08',182,1,0),(29,'2018-03-08',191,1,0),(29,'2018-03-08',192,1,0),(29,'2018-03-08',201,1,0),(29,'2018-03-08',202,1,0),(29,'2018-03-09',202,1,0),(29,'2018-03-09',211,1,0),(29,'2018-03-09',212,1,0),(29,'2018-03-09',221,1,0),(29,'2018-03-09',222,1,0),(29,'2018-03-10',81,1,0),(29,'2018-03-10',82,1,0),(29,'2018-03-10',91,1,0),(29,'2018-03-10',92,1,0),(29,'2018-03-10',101,1,0),(29,'2018-03-10',102,1,0),(29,'2018-03-10',111,1,0),(29,'2018-03-10',112,1,0),(29,'2018-03-10',131,1,0),(29,'2018-03-10',132,1,0),(29,'2018-03-10',141,1,0),(29,'2018-03-10',142,1,0),(29,'2018-03-10',151,1,0),(29,'2018-03-10',152,1,0),(29,'2018-03-10',161,1,0),(29,'2018-03-10',162,1,0),(29,'2018-03-10',171,1,0),(29,'2018-03-11',81,1,0),(29,'2018-03-11',82,1,0),(29,'2018-03-11',91,1,0),(29,'2018-03-11',92,1,0),(29,'2018-03-11',101,1,0),(29,'2018-03-11',102,1,0),(29,'2018-03-11',111,1,0),(29,'2018-03-11',112,1,0),(29,'2018-03-11',131,1,0),(29,'2018-03-11',132,1,0),(29,'2018-03-11',141,1,0),(29,'2018-03-11',142,1,0),(29,'2018-03-11',151,1,0),(29,'2018-03-11',152,1,0),(29,'2018-03-11',161,1,0),(29,'2018-03-11',162,1,0),(29,'2018-03-11',171,1,0),(29,'2018-03-12',202,1,0),(29,'2018-03-12',211,1,0),(29,'2018-03-12',212,1,0),(29,'2018-03-12',221,1,0),(29,'2018-03-12',222,1,0),(29,'2018-03-13',171,1,0),(29,'2018-03-13',172,1,0),(29,'2018-03-13',181,1,0),(29,'2018-03-13',182,1,0),(29,'2018-03-13',191,1,0),(29,'2018-03-13',192,1,0),(29,'2018-03-13',201,1,0),(29,'2018-03-13',202,1,0),(29,'2018-03-14',171,1,0),(29,'2018-03-14',172,1,0),(29,'2018-03-14',181,1,0),(29,'2018-03-14',182,1,0),(29,'2018-03-14',191,1,0),(29,'2018-03-14',192,1,0),(29,'2018-03-14',201,1,0),(29,'2018-03-14',202,1,0),(29,'2018-03-15',202,1,0),(29,'2018-03-15',211,1,0),(29,'2018-03-15',212,1,0),(29,'2018-03-15',221,1,0),(29,'2018-03-15',222,1,0),(29,'2018-03-16',202,1,0),(29,'2018-03-16',211,1,0),(29,'2018-03-16',212,1,0),(29,'2018-03-16',221,1,0),(29,'2018-03-16',222,1,0),(29,'2018-03-17',81,1,0),(29,'2018-03-17',82,1,0),(29,'2018-03-17',91,1,0),(29,'2018-03-17',92,1,0),(29,'2018-03-17',101,1,0),(29,'2018-03-17',102,1,0),(29,'2018-03-17',111,1,0),(29,'2018-03-17',112,1,0),(29,'2018-03-17',131,1,0),(29,'2018-03-17',132,1,0),(29,'2018-03-17',141,1,0),(29,'2018-03-17',142,1,0),(29,'2018-03-17',151,1,0),(29,'2018-03-17',152,1,0),(29,'2018-03-17',161,1,0),(29,'2018-03-17',162,1,0),(29,'2018-03-17',171,1,0),(29,'2018-03-18',81,1,0),(29,'2018-03-18',82,1,0),(29,'2018-03-18',91,1,0),(29,'2018-03-18',92,1,0),(29,'2018-03-18',101,1,0),(29,'2018-03-18',102,1,0),(29,'2018-03-18',111,1,0),(29,'2018-03-18',112,1,0),(29,'2018-03-18',131,1,0),(29,'2018-03-18',132,1,0),(29,'2018-03-18',141,1,0),(29,'2018-03-18',142,1,0),(29,'2018-03-18',151,1,0),(29,'2018-03-18',152,1,0),(29,'2018-03-18',161,1,0),(29,'2018-03-18',162,1,0),(29,'2018-03-18',171,1,0),(29,'2018-03-19',171,1,0),(29,'2018-03-19',172,1,0),(29,'2018-03-19',181,1,0),(29,'2018-03-19',182,1,0),(29,'2018-03-19',191,1,0),(29,'2018-03-19',192,1,0),(29,'2018-03-19',201,1,0),(29,'2018-03-19',202,1,0),(29,'2018-03-20',171,1,0),(29,'2018-03-20',172,1,0),(29,'2018-03-20',181,1,0),(29,'2018-03-20',182,1,0),(29,'2018-03-20',191,1,0),(29,'2018-03-20',192,1,0),(29,'2018-03-20',201,1,0),(29,'2018-03-20',202,1,0),(29,'2018-03-21',202,1,0),(29,'2018-03-21',211,1,0),(29,'2018-03-21',212,1,0),(29,'2018-03-21',221,1,0),(29,'2018-03-21',222,1,0),(29,'2018-03-22',202,1,0),(29,'2018-03-22',211,1,0),(29,'2018-03-22',212,1,0),(29,'2018-03-22',221,1,0),(29,'2018-03-22',222,1,0),(29,'2018-03-23',171,1,0),(29,'2018-03-23',172,1,0),(29,'2018-03-23',181,1,0),(29,'2018-03-23',182,1,0),(29,'2018-03-23',191,1,0),(29,'2018-03-23',192,1,0),(29,'2018-03-23',201,1,0),(29,'2018-03-23',202,1,0),(29,'2018-03-24',81,1,0),(29,'2018-03-24',82,1,0),(29,'2018-03-24',91,1,0),(29,'2018-03-24',92,1,0),(29,'2018-03-24',101,1,0),(29,'2018-03-24',102,1,0),(29,'2018-03-24',111,1,0),(29,'2018-03-24',112,1,0),(29,'2018-03-24',131,1,0),(29,'2018-03-24',132,1,0),(29,'2018-03-24',141,1,0),(29,'2018-03-24',142,1,0),(29,'2018-03-24',151,1,0),(29,'2018-03-24',152,1,0),(29,'2018-03-24',161,1,0),(29,'2018-03-24',162,1,0),(29,'2018-03-24',171,1,0),(29,'2018-03-25',81,1,0),(29,'2018-03-25',82,1,0),(29,'2018-03-25',91,1,0),(29,'2018-03-25',92,1,0),(29,'2018-03-25',101,1,0),(29,'2018-03-25',102,1,0),(29,'2018-03-25',111,1,0),(29,'2018-03-25',112,1,0),(29,'2018-03-25',131,1,0),(29,'2018-03-25',132,1,0),(29,'2018-03-25',141,1,0),(29,'2018-03-25',142,1,0),(29,'2018-03-25',151,1,0),(29,'2018-03-25',152,1,0),(29,'2018-03-25',161,1,0),(29,'2018-03-25',162,1,0),(29,'2018-03-25',171,1,0),(29,'2018-03-26',171,1,0),(29,'2018-03-26',172,1,0),(29,'2018-03-26',181,1,0),(29,'2018-03-26',182,1,0),(29,'2018-03-26',191,1,0),(29,'2018-03-26',192,1,0),(29,'2018-03-26',201,1,0),(29,'2018-03-26',202,1,0),(29,'2018-03-27',202,1,0),(29,'2018-03-27',211,1,0),(29,'2018-03-27',212,1,0),(29,'2018-03-27',221,1,0),(29,'2018-03-27',222,1,0),(29,'2018-03-28',202,1,0),(29,'2018-03-28',211,1,0),(29,'2018-03-28',212,1,0),(29,'2018-03-28',221,1,0),(29,'2018-03-28',222,1,0),(29,'2018-03-29',171,1,0),(29,'2018-03-29',172,1,0),(29,'2018-03-29',181,1,0),(29,'2018-03-29',182,1,0),(29,'2018-03-29',191,1,0),(29,'2018-03-29',192,1,0),(29,'2018-03-29',201,1,0),(29,'2018-03-29',202,1,0),(29,'2018-03-30',171,1,0),(29,'2018-03-30',172,1,0),(29,'2018-03-30',181,1,0),(29,'2018-03-30',182,1,0),(29,'2018-03-30',191,1,0),(29,'2018-03-30',192,1,0),(29,'2018-03-30',201,1,0),(29,'2018-03-30',202,1,0),(29,'2018-03-31',81,1,0),(29,'2018-03-31',82,1,0),(29,'2018-03-31',91,1,0),(29,'2018-03-31',92,1,0),(29,'2018-03-31',101,1,0),(29,'2018-03-31',102,1,0),(29,'2018-03-31',111,1,0),(29,'2018-03-31',112,1,0),(29,'2018-03-31',131,1,0),(29,'2018-03-31',132,1,0),(29,'2018-03-31',141,1,0),(29,'2018-03-31',142,1,0),(29,'2018-03-31',151,1,0),(29,'2018-03-31',152,1,0),(29,'2018-03-31',161,1,0),(29,'2018-03-31',162,1,0),(29,'2018-03-31',171,1,0),(29,'2018-04-01',81,1,0),(29,'2018-04-01',82,1,0),(29,'2018-04-01',91,1,0),(29,'2018-04-01',92,1,0),(29,'2018-04-01',101,1,0),(29,'2018-04-01',102,1,0),(29,'2018-04-01',111,1,0),(29,'2018-04-01',112,1,0),(29,'2018-04-01',131,1,0),(29,'2018-04-01',132,1,0),(29,'2018-04-01',141,1,0),(29,'2018-04-01',142,1,0),(29,'2018-04-01',151,1,0),(29,'2018-04-01',152,1,0),(29,'2018-04-01',161,1,0),(29,'2018-04-01',162,1,0),(29,'2018-04-01',171,1,0),(32,'2017-11-08',171,1,0),(32,'2017-11-08',181,1,0),(32,'2017-11-08',191,1,0),(32,'2017-11-09',171,1,0),(32,'2017-11-09',181,1,0),(32,'2017-11-09',191,1,0),(32,'2017-11-10',171,1,0),(32,'2017-11-10',181,1,0),(32,'2017-11-10',191,1,0),(32,'2017-11-11',171,1,0),(32,'2017-11-11',181,1,0),(32,'2017-11-11',191,1,0),(32,'2017-11-14',161,1,0),(32,'2017-11-14',162,1,0),(32,'2017-11-14',171,1,0),(32,'2017-11-14',172,1,0),(32,'2017-11-14',181,1,0),(32,'2017-11-15',161,1,0),(32,'2017-11-15',162,1,0),(32,'2017-11-15',171,1,0),(32,'2017-11-15',172,1,0),(32,'2017-11-15',181,1,0),(32,'2017-11-16',161,1,0),(32,'2017-11-16',162,1,0),(32,'2017-11-16',171,1,0),(32,'2017-11-16',172,1,0),(32,'2017-11-16',181,1,0),(32,'2017-11-17',161,1,0),(32,'2017-11-17',162,1,0),(32,'2017-11-17',171,1,0),(32,'2017-11-17',172,1,0),(32,'2017-11-17',181,1,0),(32,'2017-11-19',71,1,0),(32,'2017-11-19',72,1,0),(32,'2017-11-19',81,1,0),(32,'2017-11-19',82,1,0),(32,'2017-11-19',91,1,0),(32,'2017-11-19',92,1,0),(32,'2017-11-19',101,1,0),(32,'2017-11-19',102,1,0),(32,'2017-11-19',111,1,0),(32,'2017-11-19',112,1,0),(32,'2017-11-19',121,1,0),(32,'2017-11-19',122,1,0),(32,'2017-11-19',131,1,0),(32,'2017-11-20',181,1,0),(32,'2017-11-20',182,1,0),(32,'2017-11-20',191,1,0),(32,'2017-11-20',192,1,0),(32,'2017-11-20',201,1,0),(32,'2017-11-20',202,1,0),(32,'2017-11-20',211,1,0),(32,'2017-11-20',212,1,0),(32,'2017-11-20',221,1,0),(32,'2017-11-27',191,1,0),(32,'2017-11-27',192,1,0),(32,'2017-11-27',201,1,0),(32,'2017-11-27',202,1,0),(32,'2017-11-27',211,1,0),(32,'2017-11-27',212,1,0),(32,'2017-11-27',221,1,0),(32,'2017-11-29',191,1,0),(32,'2017-11-29',192,1,0),(32,'2017-11-29',201,1,0),(32,'2017-11-29',202,1,0),(32,'2017-11-29',211,1,0),(32,'2017-11-29',212,1,0),(32,'2017-11-29',221,1,0),(32,'2017-11-30',161,1,0),(32,'2017-11-30',162,1,0),(32,'2017-11-30',171,1,0),(32,'2017-11-30',172,1,0),(32,'2017-11-30',181,1,0),(32,'2017-11-30',182,1,0),(32,'2017-11-30',191,1,0),(32,'2017-12-01',191,1,0),(32,'2017-12-01',192,1,0),(32,'2017-12-01',201,1,0),(32,'2017-12-01',202,1,0),(32,'2017-12-01',211,1,0),(32,'2017-12-01',212,1,0),(32,'2017-12-01',221,1,0),(32,'2017-12-02',121,1,0),(32,'2017-12-02',122,1,0),(32,'2017-12-02',131,1,0),(32,'2017-12-02',132,1,0),(32,'2017-12-02',141,1,0),(32,'2017-12-02',142,1,0),(32,'2017-12-02',151,1,0),(32,'2017-12-03',101,1,0),(32,'2017-12-03',102,1,0),(32,'2017-12-03',111,1,0),(32,'2017-12-03',112,1,0),(32,'2017-12-03',121,1,0),(32,'2017-12-03',122,1,0),(32,'2017-12-03',131,1,0),(32,'2017-12-03',132,1,0),(32,'2017-12-04',132,1,0),(32,'2017-12-04',141,1,0),(32,'2017-12-04',142,1,0),(32,'2017-12-04',151,1,0),(32,'2017-12-04',191,1,0),(32,'2017-12-04',192,1,0),(32,'2017-12-04',201,1,0),(32,'2017-12-04',202,1,0),(32,'2017-12-04',211,1,0),(32,'2017-12-04',212,1,0),(32,'2017-12-04',221,1,0),(32,'2017-12-05',151,1,0),(32,'2017-12-05',152,1,0),(32,'2017-12-05',161,1,0),(32,'2017-12-05',162,1,0),(32,'2017-12-05',171,1,0),(32,'2017-12-06',181,1,0),(32,'2017-12-06',182,1,0),(32,'2017-12-06',191,1,0),(32,'2017-12-06',192,1,0),(32,'2017-12-06',201,1,0),(32,'2017-12-06',202,1,0),(32,'2017-12-06',211,1,0),(32,'2017-12-06',212,1,0),(32,'2017-12-06',221,1,0),(32,'2017-12-07',181,1,0),(32,'2017-12-07',182,1,0),(32,'2017-12-07',191,1,0),(32,'2017-12-07',192,1,0),(32,'2017-12-07',201,1,0),(32,'2018-01-08',172,1,0),(32,'2018-01-08',181,1,0),(32,'2018-01-08',182,1,0),(32,'2018-01-08',191,1,0),(32,'2018-01-08',192,1,0),(32,'2018-01-08',201,1,0),(32,'2018-01-08',202,1,0),(32,'2018-01-08',211,1,0),(32,'2018-01-08',212,1,0),(32,'2018-01-08',221,1,0),(32,'2018-01-10',172,1,0),(32,'2018-01-10',181,1,0),(32,'2018-01-10',182,1,0),(32,'2018-01-10',191,1,0),(32,'2018-01-10',192,1,0),(32,'2018-01-10',201,1,0),(32,'2018-01-10',202,1,0),(32,'2018-01-10',211,1,0),(32,'2018-01-10',212,1,0),(32,'2018-01-10',221,1,0),(32,'2018-01-11',172,1,0),(32,'2018-01-11',181,1,0),(32,'2018-01-11',182,1,0),(32,'2018-01-11',191,1,0),(32,'2018-01-11',192,1,0),(32,'2018-01-11',201,1,0),(32,'2018-01-11',202,1,0),(32,'2018-01-11',211,1,0),(32,'2018-01-11',212,1,0),(32,'2018-01-11',221,1,0),(32,'2018-01-12',172,1,0),(32,'2018-01-12',181,1,0),(32,'2018-01-12',182,1,0),(32,'2018-01-12',191,1,0),(32,'2018-01-12',192,1,0),(32,'2018-01-12',201,1,0),(32,'2018-01-12',202,1,0),(32,'2018-01-12',211,1,0),(32,'2018-01-12',212,1,0),(32,'2018-01-12',221,1,0),(32,'2018-01-13',131,1,0),(32,'2018-01-13',132,1,0),(32,'2018-01-13',141,1,0),(32,'2018-01-13',142,1,0),(32,'2018-01-13',151,1,0),(32,'2018-01-13',152,1,0),(32,'2018-01-13',161,1,0),(32,'2018-01-13',162,1,0),(32,'2018-01-13',171,1,0),(32,'2018-01-13',172,1,0),(32,'2018-01-13',181,1,0),(32,'2018-01-14',131,1,0),(32,'2018-01-14',132,1,0),(32,'2018-01-14',141,1,0),(32,'2018-01-14',142,1,0),(32,'2018-01-14',151,1,0),(32,'2018-01-14',152,1,0),(32,'2018-01-14',161,1,0),(32,'2018-02-06',71,1,0),(32,'2018-02-06',72,1,0),(32,'2018-02-06',81,1,0),(32,'2018-02-06',82,1,0),(32,'2018-02-06',91,1,0),(32,'2018-02-06',171,1,0),(32,'2018-02-06',172,1,0),(32,'2018-02-06',181,1,0),(32,'2018-02-06',182,1,0),(32,'2018-02-07',71,1,0),(32,'2018-02-07',72,1,0),(32,'2018-02-07',81,1,0),(32,'2018-02-07',82,1,0),(32,'2018-02-07',91,1,0),(32,'2018-02-08',71,1,0),(32,'2018-02-08',72,1,0),(32,'2018-02-08',81,1,0),(32,'2018-02-08',82,1,0),(32,'2018-02-08',91,1,0),(32,'2018-02-09',71,1,0),(32,'2018-02-09',72,1,0),(32,'2018-02-09',81,1,0),(32,'2018-02-09',82,1,0),(32,'2018-02-09',91,1,0),(32,'2018-02-10',71,1,0),(32,'2018-02-10',72,1,0),(32,'2018-02-10',81,1,0),(32,'2018-02-10',82,1,0),(32,'2018-02-10',91,1,0),(33,'2017-12-01',151,1,0),(33,'2017-12-01',171,1,0),(33,'2017-12-01',191,1,0),(33,'2017-12-01',211,1,0),(33,'2018-01-09',81,1,0),(33,'2018-01-09',101,1,0),(33,'2018-01-09',121,1,0),(33,'2018-01-09',141,1,0),(33,'2018-01-11',81,1,0),(33,'2018-01-11',101,1,0),(33,'2018-01-11',121,1,0),(33,'2018-01-11',141,1,0),(33,'2018-01-17',71,1,0),(33,'2018-01-17',91,1,0),(33,'2018-01-17',111,1,0),(33,'2018-01-17',131,1,0),(33,'2018-01-18',71,1,0),(33,'2018-01-18',91,1,0),(33,'2018-01-18',111,1,0),(33,'2018-01-18',131,1,0),(33,'2018-01-18',151,1,0),(33,'2018-01-19',71,1,0),(33,'2018-01-19',91,1,0),(33,'2018-01-19',111,1,0),(33,'2018-01-19',131,1,0),(33,'2018-01-19',151,1,0),(33,'2018-01-20',131,1,0),(33,'2018-01-20',132,1,0),(33,'2018-01-20',141,1,0),(33,'2018-01-20',142,1,0),(33,'2018-01-20',151,1,0),(33,'2018-01-20',171,1,0),(33,'2018-01-20',191,1,0),(33,'2018-01-21',71,1,0),(33,'2018-01-21',91,1,0),(33,'2018-01-21',111,1,0),(33,'2018-01-21',131,1,0),(33,'2018-01-21',171,1,0),(33,'2018-01-21',191,1,0),(33,'2018-04-04',181,1,0),(33,'2018-04-04',182,1,0),(33,'2018-04-04',191,1,0),(34,'2017-11-13',71,1,0),(34,'2017-11-13',72,1,0),(34,'2017-11-13',81,1,0),(34,'2017-11-13',82,1,0),(34,'2017-11-13',91,1,0),(34,'2017-11-13',92,1,0),(34,'2017-11-13',101,1,0),(34,'2017-11-13',102,1,0),(34,'2017-11-13',111,1,0),(34,'2017-11-13',112,1,0),(34,'2017-11-13',121,1,0),(34,'2017-11-13',122,1,0),(34,'2017-11-13',131,1,0),(34,'2017-11-13',132,1,0),(34,'2017-11-13',141,1,0),(34,'2017-11-13',142,1,0),(34,'2017-11-13',151,1,0),(34,'2017-11-13',152,1,0),(34,'2017-11-13',161,1,0),(34,'2017-11-13',162,1,0),(34,'2017-11-13',171,1,0),(34,'2017-11-13',172,1,0),(34,'2017-11-13',181,1,0),(34,'2017-11-13',182,1,0),(34,'2017-11-13',191,1,0),(34,'2017-11-13',192,1,0),(34,'2017-11-13',201,1,0),(34,'2017-11-13',202,1,0),(34,'2017-11-13',211,1,0),(34,'2017-11-13',212,1,0),(34,'2017-11-13',221,1,0),(34,'2017-11-13',222,1,0),(34,'2017-11-13',231,1,0),(34,'2017-11-13',232,1,0),(34,'2017-11-13',241,1,0),(34,'2017-11-14',71,1,0),(34,'2017-11-14',72,1,0),(34,'2017-11-14',81,1,0),(34,'2017-11-14',82,1,0),(34,'2017-11-14',91,1,0),(34,'2017-11-14',92,1,0),(34,'2017-11-14',101,1,0),(34,'2017-11-14',102,1,0),(34,'2017-11-14',111,1,0),(34,'2017-11-14',112,1,0),(34,'2017-11-14',121,1,0),(34,'2017-11-14',122,1,0),(34,'2017-11-14',131,1,0),(34,'2017-11-14',132,1,0),(34,'2017-11-14',141,1,0),(34,'2017-11-14',142,1,0),(34,'2017-11-14',151,1,0),(34,'2017-11-14',152,1,0),(34,'2017-11-14',161,1,0),(34,'2017-11-14',162,1,0),(34,'2017-11-14',171,1,0),(34,'2017-11-14',172,1,0),(34,'2017-11-14',181,1,0),(34,'2017-11-14',182,1,0),(34,'2017-11-14',191,1,0),(34,'2017-11-14',192,1,0),(34,'2017-11-14',201,1,0),(34,'2017-11-14',202,1,0),(34,'2017-11-14',211,1,0),(34,'2017-11-14',212,1,0),(34,'2017-11-14',221,1,0),(34,'2017-11-14',222,1,0),(34,'2017-11-14',231,1,0),(34,'2017-11-14',232,1,0),(34,'2017-11-14',241,1,0),(34,'2017-11-15',71,1,0),(34,'2017-11-15',72,1,0),(34,'2017-11-15',81,1,0),(34,'2017-11-15',82,1,0),(34,'2017-11-15',91,1,0),(34,'2017-11-15',92,1,0),(34,'2017-11-15',101,1,0),(34,'2017-11-15',102,1,0),(34,'2017-11-15',111,1,0),(34,'2017-11-15',112,1,0),(34,'2017-11-15',121,1,0),(34,'2017-11-15',122,1,0),(34,'2017-11-15',131,1,0),(34,'2017-11-15',132,1,0),(34,'2017-11-15',141,1,0),(34,'2017-11-15',142,1,0),(34,'2017-11-15',151,1,0),(34,'2017-11-15',152,1,0),(34,'2017-11-15',161,1,0),(34,'2017-11-15',162,1,0),(34,'2017-11-15',171,1,0),(34,'2017-11-15',172,1,0),(34,'2017-11-15',181,1,0),(34,'2017-11-15',182,1,0),(34,'2017-11-15',191,1,0),(34,'2017-11-15',192,1,0),(34,'2017-11-15',201,1,0),(34,'2017-11-15',202,1,0),(34,'2017-11-15',211,1,0),(34,'2017-11-15',212,1,0),(34,'2017-11-15',221,1,0),(34,'2017-11-15',222,1,0),(34,'2017-11-15',231,1,0),(34,'2017-11-15',232,1,0),(34,'2017-11-15',241,1,0),(34,'2017-11-16',71,1,0),(34,'2017-11-16',72,1,0),(34,'2017-11-16',81,1,0),(34,'2017-11-16',82,1,0),(34,'2017-11-16',91,1,0),(34,'2017-11-16',92,1,0),(34,'2017-11-16',101,1,0),(34,'2017-11-16',102,1,0),(34,'2017-11-16',111,1,0),(34,'2017-11-16',112,1,0),(34,'2017-11-16',121,1,0),(34,'2017-11-16',122,1,0),(34,'2017-11-16',131,1,0),(34,'2017-11-16',132,1,0),(34,'2017-11-16',141,1,0),(34,'2017-11-16',142,1,0),(34,'2017-11-16',151,1,0),(34,'2017-11-16',152,1,0),(34,'2017-11-16',161,1,0),(34,'2017-11-16',162,1,0),(34,'2017-11-16',171,1,0),(34,'2017-11-16',172,1,0),(34,'2017-11-16',181,1,0),(34,'2017-11-16',182,1,0),(34,'2017-11-16',191,1,0),(34,'2017-11-16',192,1,0),(34,'2017-11-16',201,1,0),(34,'2017-11-16',202,1,0),(34,'2017-11-16',211,1,0),(34,'2017-11-16',212,1,0),(34,'2017-11-16',221,1,0),(34,'2017-11-16',222,1,0),(34,'2017-11-16',231,1,0),(34,'2017-11-16',232,1,0),(34,'2017-11-16',241,1,0),(34,'2017-11-20',71,1,0),(34,'2017-11-27',71,1,0),(34,'2017-11-29',71,1,0),(34,'2017-11-29',72,1,0),(34,'2017-11-29',81,1,0),(34,'2017-11-29',82,1,0),(34,'2017-11-29',91,1,0),(34,'2017-11-29',92,1,0),(34,'2017-11-29',101,1,0),(34,'2017-11-29',102,1,0),(34,'2017-11-29',111,1,0),(34,'2017-11-29',112,1,0),(34,'2017-11-29',121,1,0),(34,'2017-11-29',122,1,0),(34,'2017-11-29',131,1,0),(34,'2017-11-29',132,1,0),(34,'2017-11-29',141,1,0),(34,'2017-11-29',142,1,0),(34,'2017-11-29',151,1,0),(34,'2017-11-29',152,1,0),(34,'2017-11-29',161,1,0),(34,'2017-11-29',162,1,0),(34,'2017-11-29',171,1,0),(34,'2017-11-29',172,1,0),(34,'2017-11-29',181,1,0),(34,'2017-11-29',182,1,0),(34,'2017-11-29',191,1,0),(34,'2017-11-29',192,1,0),(34,'2017-11-29',201,1,0),(34,'2017-11-29',202,1,0),(34,'2017-11-29',211,1,0),(34,'2017-11-29',212,1,0),(34,'2017-11-29',221,1,0),(34,'2017-11-29',222,1,0),(34,'2017-11-29',231,1,0),(34,'2017-11-29',232,1,0),(34,'2017-11-29',241,1,0),(34,'2017-11-30',71,1,0),(34,'2017-11-30',72,1,0),(34,'2017-11-30',81,1,0),(34,'2017-11-30',82,1,0),(34,'2017-11-30',91,1,0),(34,'2017-11-30',92,1,0),(34,'2017-11-30',101,1,0),(34,'2017-11-30',102,1,0),(34,'2017-11-30',111,1,0),(34,'2017-11-30',112,1,0),(34,'2017-11-30',121,1,0),(34,'2017-11-30',122,1,0),(34,'2017-11-30',131,1,0),(34,'2017-11-30',132,1,0),(34,'2017-11-30',141,1,0),(34,'2017-11-30',142,1,0),(34,'2017-11-30',151,1,0),(34,'2017-11-30',152,1,0),(34,'2017-11-30',161,1,0),(34,'2017-11-30',162,1,0),(34,'2017-11-30',171,1,0),(34,'2017-11-30',172,1,0),(34,'2017-11-30',181,1,0),(34,'2017-11-30',182,1,0),(34,'2017-11-30',191,1,0),(34,'2017-11-30',192,1,0),(34,'2017-11-30',201,1,0),(34,'2017-11-30',202,1,0),(34,'2017-11-30',211,1,0),(34,'2017-11-30',212,1,0),(34,'2017-11-30',221,1,0),(34,'2017-11-30',222,1,0),(34,'2017-11-30',231,1,0),(34,'2017-11-30',232,1,0),(34,'2017-11-30',241,1,0),(34,'2017-12-01',71,1,0),(34,'2017-12-01',72,1,0),(34,'2017-12-01',81,1,0),(34,'2017-12-01',82,1,0),(34,'2017-12-01',91,1,0),(34,'2017-12-01',92,1,0),(34,'2017-12-01',101,1,0),(34,'2017-12-01',102,1,0),(34,'2017-12-01',111,1,0),(34,'2017-12-01',112,1,0),(34,'2017-12-01',121,1,0),(34,'2017-12-01',122,1,0),(34,'2017-12-01',131,1,0),(34,'2017-12-01',132,1,0),(34,'2017-12-01',141,1,0),(34,'2017-12-01',142,1,0),(34,'2017-12-01',151,1,0),(34,'2017-12-01',152,1,0),(34,'2017-12-01',161,1,0),(34,'2017-12-01',162,1,0),(34,'2017-12-01',171,1,0),(34,'2017-12-01',172,1,0),(34,'2017-12-01',181,1,0),(34,'2017-12-01',182,1,0),(34,'2017-12-01',191,1,0),(34,'2017-12-01',192,1,0),(34,'2017-12-01',201,1,0),(34,'2017-12-01',202,1,0),(34,'2017-12-01',211,1,0),(34,'2017-12-01',212,1,0),(34,'2017-12-01',221,1,0),(34,'2017-12-01',222,1,0),(34,'2017-12-01',231,1,0),(34,'2017-12-01',232,1,0),(34,'2017-12-01',241,1,0),(34,'2017-12-02',71,1,0),(34,'2017-12-02',72,1,0),(34,'2017-12-02',81,1,0),(34,'2017-12-02',82,1,0),(34,'2017-12-02',91,1,0),(34,'2017-12-02',92,1,0),(34,'2017-12-02',101,1,0),(34,'2017-12-02',102,1,0),(34,'2017-12-02',111,1,0),(34,'2017-12-02',112,1,0),(34,'2017-12-02',121,1,0),(34,'2017-12-02',122,1,0),(34,'2017-12-02',131,1,0),(34,'2017-12-02',132,1,0),(34,'2017-12-02',141,1,0),(34,'2017-12-02',142,1,0),(34,'2017-12-02',151,1,0),(34,'2017-12-02',152,1,0),(34,'2017-12-02',161,1,0),(34,'2017-12-02',162,1,0),(34,'2017-12-02',171,1,0),(34,'2017-12-02',172,1,0),(34,'2017-12-02',181,1,0),(34,'2017-12-02',182,1,0),(34,'2017-12-02',191,1,0),(34,'2017-12-02',192,1,0),(34,'2017-12-02',201,1,0),(34,'2017-12-02',202,1,0),(34,'2017-12-02',211,1,0),(34,'2017-12-02',212,1,0),(34,'2017-12-02',221,1,0),(34,'2017-12-02',222,1,0),(34,'2017-12-02',231,1,0),(34,'2017-12-02',232,1,0),(34,'2017-12-02',241,1,0),(34,'2017-12-03',71,1,0),(34,'2017-12-03',72,1,0),(34,'2017-12-03',81,1,0),(34,'2017-12-03',82,1,0),(34,'2017-12-03',91,1,0),(34,'2017-12-03',92,1,0),(34,'2017-12-03',101,1,0),(34,'2017-12-03',102,1,0),(34,'2017-12-03',111,1,0),(34,'2017-12-03',112,1,0),(34,'2017-12-03',121,1,0),(34,'2017-12-03',122,1,0),(34,'2017-12-03',131,1,0),(34,'2017-12-03',132,1,0),(34,'2017-12-03',141,1,0),(34,'2017-12-03',142,1,0),(34,'2017-12-03',151,1,0),(34,'2017-12-03',152,1,0),(34,'2017-12-03',161,1,0),(34,'2017-12-03',162,1,0),(34,'2017-12-03',171,1,0),(34,'2017-12-03',172,1,0),(34,'2017-12-03',181,1,0),(34,'2017-12-03',182,1,0),(34,'2017-12-03',191,1,0),(34,'2017-12-03',192,1,0),(34,'2017-12-03',201,1,0),(34,'2017-12-03',202,1,0),(34,'2017-12-03',211,1,0),(34,'2017-12-03',212,1,0),(34,'2017-12-03',221,1,0),(34,'2017-12-03',222,1,0),(34,'2017-12-03',231,1,0),(34,'2017-12-03',232,1,0),(34,'2017-12-03',241,1,0),(34,'2017-12-04',71,1,0),(34,'2017-12-04',72,1,0),(34,'2017-12-04',81,1,0),(34,'2017-12-04',82,1,0),(34,'2017-12-04',91,1,0),(34,'2017-12-04',92,1,0),(34,'2017-12-04',101,1,0),(34,'2017-12-04',102,1,0),(34,'2017-12-04',111,1,0),(34,'2017-12-04',112,1,0),(34,'2017-12-04',121,1,0),(34,'2017-12-04',122,1,0),(34,'2017-12-04',131,1,0),(34,'2017-12-04',132,1,0),(34,'2017-12-04',141,1,0),(34,'2017-12-04',142,1,0),(34,'2017-12-04',151,1,0),(34,'2017-12-04',152,1,0),(34,'2017-12-04',161,1,0),(34,'2017-12-04',162,1,0),(34,'2017-12-04',171,1,0),(34,'2017-12-04',172,1,0),(34,'2017-12-04',181,1,0),(34,'2017-12-04',182,1,0),(34,'2017-12-04',191,1,0),(34,'2017-12-04',192,1,0),(34,'2017-12-04',201,1,0),(34,'2017-12-04',202,1,0),(34,'2017-12-04',211,1,0),(34,'2017-12-04',212,1,0),(34,'2017-12-04',221,1,0),(34,'2017-12-04',222,1,0),(34,'2017-12-04',231,1,0),(34,'2017-12-04',232,1,0),(34,'2017-12-04',241,1,0),(34,'2017-12-05',71,1,0),(34,'2017-12-05',72,1,0),(34,'2017-12-05',81,1,0),(34,'2017-12-05',82,1,0),(34,'2017-12-05',91,1,0),(34,'2017-12-05',92,1,0),(34,'2017-12-05',101,1,0),(34,'2017-12-05',102,1,0),(34,'2017-12-05',111,1,0),(34,'2017-12-05',112,1,0),(34,'2017-12-05',121,1,0),(34,'2017-12-05',122,1,0),(34,'2017-12-05',131,1,0),(34,'2017-12-05',132,1,0),(34,'2017-12-05',141,1,0),(34,'2017-12-05',142,1,0),(34,'2017-12-05',151,1,0),(34,'2017-12-05',152,1,0),(34,'2017-12-05',161,1,0),(34,'2017-12-05',162,1,0),(34,'2017-12-05',171,1,0),(34,'2017-12-05',172,1,0),(34,'2017-12-05',181,1,0),(34,'2017-12-05',182,1,0),(34,'2017-12-05',191,1,0),(34,'2017-12-05',192,1,0),(34,'2017-12-05',201,1,0),(34,'2017-12-05',202,1,0),(34,'2017-12-05',211,1,0),(34,'2017-12-05',212,1,0),(34,'2017-12-05',221,1,0),(34,'2017-12-05',222,1,0),(34,'2017-12-05',231,1,0),(34,'2017-12-05',232,1,0),(34,'2017-12-05',241,1,0),(34,'2017-12-06',71,1,0),(34,'2017-12-06',72,1,0),(34,'2017-12-06',81,1,0),(34,'2017-12-06',82,1,0),(34,'2017-12-06',91,1,0),(34,'2017-12-06',92,1,0),(34,'2017-12-06',101,1,0),(34,'2017-12-06',102,1,0),(34,'2017-12-06',111,1,0),(34,'2017-12-06',112,1,0),(34,'2017-12-06',121,1,0),(34,'2017-12-06',122,1,0),(34,'2017-12-06',131,1,0),(34,'2017-12-06',132,1,0),(34,'2017-12-06',141,1,0),(34,'2017-12-06',142,1,0),(34,'2017-12-06',151,1,0),(34,'2017-12-06',152,1,0),(34,'2017-12-06',161,1,0),(34,'2017-12-06',162,1,0),(34,'2017-12-06',171,1,0),(34,'2017-12-06',172,1,0),(34,'2017-12-06',181,1,0),(34,'2017-12-06',182,1,0),(34,'2017-12-06',191,1,0),(34,'2017-12-06',192,1,0),(34,'2017-12-06',201,1,0),(34,'2017-12-06',202,1,0),(34,'2017-12-06',211,1,0),(34,'2017-12-06',212,1,0),(34,'2017-12-06',221,1,0),(34,'2017-12-06',222,1,0),(34,'2017-12-06',231,1,0),(34,'2017-12-06',232,1,0),(34,'2017-12-06',241,1,0),(34,'2017-12-07',71,1,0),(34,'2017-12-07',72,1,0),(34,'2017-12-07',81,1,0),(34,'2017-12-07',82,1,0),(34,'2017-12-07',91,1,0),(34,'2017-12-07',92,1,0),(34,'2017-12-07',101,1,0),(34,'2017-12-07',102,1,0),(34,'2017-12-07',111,1,0),(34,'2017-12-07',112,1,0),(34,'2017-12-07',121,1,0),(34,'2017-12-07',122,1,0),(34,'2017-12-07',131,1,0),(34,'2017-12-07',132,1,0),(34,'2017-12-07',141,1,0),(34,'2017-12-07',142,1,0),(34,'2017-12-07',151,1,0),(34,'2017-12-07',152,1,0),(34,'2017-12-07',161,1,0),(34,'2017-12-07',162,1,0),(34,'2017-12-07',171,1,0),(34,'2017-12-07',172,1,0),(34,'2017-12-07',181,1,0),(34,'2017-12-07',182,1,0),(34,'2017-12-07',191,1,0),(34,'2017-12-07',192,1,0),(34,'2017-12-07',201,1,0),(34,'2017-12-07',202,1,0),(34,'2017-12-07',211,1,0),(34,'2017-12-07',212,1,0),(34,'2017-12-07',221,1,0),(34,'2017-12-07',222,1,0),(34,'2017-12-07',231,1,0),(34,'2017-12-07',232,1,0),(34,'2017-12-07',241,1,0),(34,'2017-12-08',71,1,0),(34,'2017-12-08',72,1,0),(34,'2017-12-08',81,1,0),(34,'2017-12-08',82,1,0),(34,'2017-12-08',91,1,0),(34,'2017-12-08',92,1,0),(34,'2017-12-08',101,1,0),(34,'2017-12-08',102,1,0),(34,'2017-12-08',111,1,0),(34,'2017-12-08',112,1,0),(34,'2017-12-08',121,1,0),(34,'2017-12-08',122,1,0),(34,'2017-12-08',131,1,0),(34,'2017-12-08',132,1,0),(34,'2017-12-08',141,1,0),(34,'2017-12-08',142,1,0),(34,'2017-12-08',151,1,0),(34,'2017-12-08',152,1,0),(34,'2017-12-08',161,1,0),(34,'2017-12-08',162,1,0),(34,'2017-12-08',171,1,0),(34,'2017-12-08',172,1,0),(34,'2017-12-08',181,1,0),(34,'2017-12-08',182,1,0),(34,'2017-12-08',191,1,0),(34,'2017-12-08',192,1,0),(34,'2017-12-08',201,1,0),(34,'2017-12-08',202,1,0),(34,'2017-12-08',211,1,0),(34,'2017-12-08',212,1,0),(34,'2017-12-08',221,1,0),(34,'2017-12-08',222,1,0),(34,'2017-12-08',231,1,0),(34,'2017-12-08',232,1,0),(34,'2017-12-08',241,1,0),(34,'2017-12-09',71,1,0),(34,'2017-12-09',72,1,0),(34,'2017-12-09',81,1,0),(34,'2017-12-09',82,1,0),(34,'2017-12-09',91,1,0),(34,'2017-12-09',92,1,0),(34,'2017-12-09',101,1,0),(34,'2017-12-09',102,1,0),(34,'2017-12-09',111,1,0),(34,'2017-12-09',112,1,0),(34,'2017-12-09',121,1,0),(34,'2017-12-09',122,1,0),(34,'2017-12-09',131,1,0),(34,'2017-12-09',132,1,0),(34,'2017-12-09',141,1,0),(34,'2017-12-09',142,1,0),(34,'2017-12-09',151,1,0),(34,'2017-12-09',152,1,0),(34,'2017-12-09',161,1,0),(34,'2017-12-09',162,1,0),(34,'2017-12-09',171,1,0),(34,'2017-12-09',172,1,0),(34,'2017-12-09',181,1,0),(34,'2017-12-09',182,1,0),(34,'2017-12-09',191,1,0),(34,'2017-12-09',192,1,0),(34,'2017-12-09',201,1,0),(34,'2017-12-09',202,1,0),(34,'2017-12-09',211,1,0),(34,'2017-12-09',212,1,0),(34,'2017-12-09',221,1,0),(34,'2017-12-09',222,1,0),(34,'2017-12-09',231,1,0),(34,'2017-12-09',232,1,0),(34,'2017-12-09',241,1,0),(34,'2017-12-10',71,1,0),(34,'2017-12-10',72,1,0),(34,'2017-12-10',81,1,0),(34,'2017-12-10',82,1,0),(34,'2017-12-10',91,1,0),(34,'2017-12-10',92,1,0),(34,'2017-12-10',101,1,0),(34,'2017-12-10',102,1,0),(34,'2017-12-10',111,1,0),(34,'2017-12-10',112,1,0),(34,'2017-12-10',121,1,0),(34,'2017-12-10',122,1,0),(34,'2017-12-10',131,1,0),(34,'2017-12-10',132,1,0),(34,'2017-12-10',141,1,0),(34,'2017-12-10',142,1,0),(34,'2017-12-10',151,1,0),(34,'2017-12-10',152,1,0),(34,'2017-12-10',161,1,0),(34,'2017-12-10',162,1,0),(34,'2017-12-10',171,1,0),(34,'2017-12-10',172,1,0),(34,'2017-12-10',181,1,0),(34,'2017-12-10',182,1,0),(34,'2017-12-10',191,1,0),(34,'2017-12-10',192,1,0),(34,'2017-12-10',201,1,0),(34,'2017-12-10',202,1,0),(34,'2017-12-10',211,1,0),(34,'2017-12-10',212,1,0),(34,'2017-12-10',221,1,0),(34,'2017-12-10',222,1,0),(34,'2017-12-10',231,1,0),(34,'2017-12-10',232,1,0),(34,'2017-12-10',241,1,0),(34,'2017-12-11',71,1,0),(34,'2017-12-11',72,1,0),(34,'2017-12-11',81,1,0),(34,'2017-12-11',82,1,0),(34,'2017-12-11',91,1,0),(34,'2017-12-11',92,1,0),(34,'2017-12-11',101,1,0),(34,'2017-12-11',102,1,0),(34,'2017-12-11',111,1,0),(34,'2017-12-11',112,1,0),(34,'2017-12-11',121,1,0),(34,'2017-12-11',122,1,0),(34,'2017-12-11',131,1,0),(34,'2017-12-11',132,1,0),(34,'2017-12-11',141,1,0),(34,'2017-12-11',142,1,0),(34,'2017-12-11',151,1,0),(34,'2017-12-11',152,1,0),(34,'2017-12-11',161,1,0),(34,'2017-12-11',162,1,0),(34,'2017-12-11',171,1,0),(34,'2017-12-11',172,1,0),(34,'2017-12-11',181,1,0),(34,'2017-12-11',182,1,0),(34,'2017-12-11',191,1,0),(34,'2017-12-11',192,1,0),(34,'2017-12-11',201,1,0),(34,'2017-12-11',202,1,0),(34,'2017-12-11',211,1,0),(34,'2017-12-11',212,1,0),(34,'2017-12-11',221,1,0),(34,'2017-12-11',222,1,0),(34,'2017-12-11',231,1,0),(34,'2017-12-11',232,1,0),(34,'2017-12-11',241,1,0),(34,'2017-12-12',71,1,0),(34,'2017-12-12',72,1,0),(34,'2017-12-12',81,1,0),(34,'2017-12-12',82,1,0),(34,'2017-12-12',91,1,0),(34,'2017-12-12',92,1,0),(34,'2017-12-12',101,1,0),(34,'2017-12-12',102,1,0),(34,'2017-12-12',111,1,0),(34,'2017-12-12',112,1,0),(34,'2017-12-12',121,1,0),(34,'2017-12-12',122,1,0),(34,'2017-12-12',131,1,0),(34,'2017-12-12',132,1,0),(34,'2017-12-12',141,1,0),(34,'2017-12-12',142,1,0),(34,'2017-12-12',151,1,0),(34,'2017-12-12',152,1,0),(34,'2017-12-12',161,1,0),(34,'2017-12-12',162,1,0),(34,'2017-12-12',171,1,0),(34,'2017-12-12',172,1,0),(34,'2017-12-12',181,1,0),(34,'2017-12-12',182,1,0),(34,'2017-12-12',191,1,0),(34,'2017-12-12',192,1,0),(34,'2017-12-12',201,1,0),(34,'2017-12-12',202,1,0),(34,'2017-12-12',211,1,0),(34,'2017-12-12',212,1,0),(34,'2017-12-12',221,1,0),(34,'2017-12-12',222,1,0),(34,'2017-12-12',231,1,0),(34,'2017-12-12',232,1,0),(34,'2017-12-12',241,1,0),(34,'2017-12-13',71,1,0),(34,'2017-12-13',72,1,0),(34,'2017-12-13',81,1,0),(34,'2017-12-13',82,1,0),(34,'2017-12-13',91,1,0),(34,'2017-12-13',92,1,0),(34,'2017-12-13',101,1,0),(34,'2017-12-13',102,1,0),(34,'2017-12-13',111,1,0),(34,'2017-12-13',112,1,0),(34,'2017-12-13',121,1,0),(34,'2017-12-13',122,1,0),(34,'2017-12-13',131,1,0),(34,'2017-12-13',132,1,0),(34,'2017-12-13',141,1,0),(34,'2017-12-13',142,1,0),(34,'2017-12-13',151,1,0),(34,'2017-12-13',152,1,0),(34,'2017-12-13',161,1,0),(34,'2017-12-13',162,1,0),(34,'2017-12-13',171,1,0),(34,'2017-12-13',172,1,0),(34,'2017-12-13',181,1,0),(34,'2017-12-13',182,1,0),(34,'2017-12-13',191,1,0),(34,'2017-12-13',192,1,0),(34,'2017-12-13',201,1,0),(34,'2017-12-13',202,1,0),(34,'2017-12-13',211,1,0),(34,'2017-12-13',212,1,0),(34,'2017-12-13',221,1,0),(34,'2017-12-13',222,1,0),(34,'2017-12-13',231,1,0),(34,'2017-12-13',232,1,0),(34,'2017-12-13',241,1,0),(34,'2017-12-14',71,1,0),(34,'2017-12-14',72,1,0),(34,'2017-12-14',81,1,0),(34,'2017-12-14',82,1,0),(34,'2017-12-14',91,1,0),(34,'2017-12-14',92,1,0),(34,'2017-12-14',101,1,0),(34,'2017-12-14',102,1,0),(34,'2017-12-14',111,1,0),(34,'2017-12-14',112,1,0),(34,'2017-12-14',121,1,0),(34,'2017-12-14',122,1,0),(34,'2017-12-14',131,1,0),(34,'2017-12-14',132,1,0),(34,'2017-12-14',141,1,0),(34,'2017-12-14',142,1,0),(34,'2017-12-14',151,1,0),(34,'2017-12-14',152,1,0),(34,'2017-12-14',161,1,0),(34,'2017-12-14',162,1,0),(34,'2017-12-14',171,1,0),(34,'2017-12-14',172,1,0),(34,'2017-12-14',181,1,0),(34,'2017-12-14',182,1,0),(34,'2017-12-14',191,1,0),(34,'2017-12-14',192,1,0),(34,'2017-12-14',201,1,0),(34,'2017-12-14',202,1,0),(34,'2017-12-14',211,1,0),(34,'2017-12-14',212,1,0),(34,'2017-12-14',221,1,0),(34,'2017-12-14',222,1,0),(34,'2017-12-14',231,1,0),(34,'2017-12-14',232,1,0),(34,'2017-12-14',241,1,0),(34,'2017-12-15',71,1,0),(34,'2017-12-15',72,1,0),(34,'2017-12-15',81,1,0),(34,'2017-12-15',82,1,0),(34,'2017-12-15',91,1,0),(34,'2017-12-15',92,1,0),(34,'2017-12-15',101,1,0),(34,'2017-12-15',102,1,0),(34,'2017-12-15',111,1,0),(34,'2017-12-15',112,1,0),(34,'2017-12-15',121,1,0),(34,'2017-12-15',122,1,0),(34,'2017-12-15',131,1,0),(34,'2017-12-15',132,1,0),(34,'2017-12-15',141,1,0),(34,'2017-12-15',142,1,0),(34,'2017-12-15',151,1,0),(34,'2017-12-15',152,1,0),(34,'2017-12-15',161,1,0),(34,'2017-12-15',162,1,0),(34,'2017-12-15',171,1,0),(34,'2017-12-15',172,1,0),(34,'2017-12-15',181,1,0),(34,'2017-12-15',182,1,0),(34,'2017-12-15',191,1,0),(34,'2017-12-15',192,1,0),(34,'2017-12-15',201,1,0),(34,'2017-12-15',202,1,0),(34,'2017-12-15',211,1,0),(34,'2017-12-15',212,1,0),(34,'2017-12-15',221,1,0),(34,'2017-12-15',222,1,0),(34,'2017-12-15',231,1,0),(34,'2017-12-15',232,1,0),(34,'2017-12-15',241,1,0),(34,'2017-12-16',71,1,0),(34,'2017-12-16',72,1,0),(34,'2017-12-16',81,1,0),(34,'2017-12-16',82,1,0),(34,'2017-12-16',91,1,0),(34,'2017-12-16',92,1,0),(34,'2017-12-16',101,1,0),(34,'2017-12-16',102,1,0),(34,'2017-12-16',111,1,0),(34,'2017-12-16',112,1,0),(34,'2017-12-16',121,1,0),(34,'2017-12-16',122,1,0),(34,'2017-12-16',131,1,0),(34,'2017-12-16',132,1,0),(34,'2017-12-16',141,1,0),(34,'2017-12-16',142,1,0),(34,'2017-12-16',151,1,0),(34,'2017-12-16',152,1,0),(34,'2017-12-16',161,1,0),(34,'2017-12-16',162,1,0),(34,'2017-12-16',171,1,0),(34,'2017-12-16',172,1,0),(34,'2017-12-16',181,1,0),(34,'2017-12-16',182,1,0),(34,'2017-12-16',191,1,0),(34,'2017-12-16',192,1,0),(34,'2017-12-16',201,1,0),(34,'2017-12-16',202,1,0),(34,'2017-12-16',211,1,0),(34,'2017-12-16',212,1,0),(34,'2017-12-16',221,1,0),(34,'2017-12-16',222,1,0),(34,'2017-12-16',231,1,0),(34,'2017-12-16',232,1,0),(34,'2017-12-16',241,1,0),(34,'2017-12-17',71,1,0),(34,'2017-12-17',72,1,0),(34,'2017-12-17',81,1,0),(34,'2017-12-17',82,1,0),(34,'2017-12-17',91,1,0),(34,'2017-12-17',92,1,0),(34,'2017-12-17',101,1,0),(34,'2017-12-17',102,1,0),(34,'2017-12-17',111,1,0),(34,'2017-12-17',112,1,0),(34,'2017-12-17',121,1,0),(34,'2017-12-17',122,1,0),(34,'2017-12-17',131,1,0),(34,'2017-12-17',132,1,0),(34,'2017-12-17',141,1,0),(34,'2017-12-17',142,1,0),(34,'2017-12-17',151,1,0),(34,'2017-12-17',152,1,0),(34,'2017-12-17',161,1,0),(34,'2017-12-17',162,1,0),(34,'2017-12-17',171,1,0),(34,'2017-12-17',172,1,0),(34,'2017-12-17',181,1,0),(34,'2017-12-17',182,1,0),(34,'2017-12-17',191,1,0),(34,'2017-12-17',192,1,0),(34,'2017-12-17',201,1,0),(34,'2017-12-17',202,1,0),(34,'2017-12-17',211,1,0),(34,'2017-12-17',212,1,0),(34,'2017-12-17',221,1,0),(34,'2017-12-17',222,1,0),(34,'2017-12-17',231,1,0),(34,'2017-12-17',232,1,0),(34,'2017-12-17',241,1,0),(34,'2017-12-18',71,1,0),(34,'2017-12-18',72,1,0),(34,'2017-12-18',81,1,0),(34,'2017-12-18',82,1,0),(34,'2017-12-18',91,1,0),(34,'2017-12-18',92,1,0),(34,'2017-12-18',101,1,0),(34,'2017-12-18',102,1,0),(34,'2017-12-18',111,1,0),(34,'2017-12-18',112,1,0),(34,'2017-12-18',121,1,0),(34,'2017-12-18',122,1,0),(34,'2017-12-18',131,1,0),(34,'2017-12-18',132,1,0),(34,'2017-12-18',141,1,0),(34,'2017-12-18',142,1,0),(34,'2017-12-18',151,1,0),(34,'2017-12-18',152,1,0),(34,'2017-12-18',161,1,0),(34,'2017-12-18',162,1,0),(34,'2017-12-18',171,1,0),(34,'2017-12-18',172,1,0),(34,'2017-12-18',181,1,0),(34,'2017-12-18',182,1,0),(34,'2017-12-18',191,1,0),(34,'2017-12-18',192,1,0),(34,'2017-12-18',201,1,0),(34,'2017-12-18',202,1,0),(34,'2017-12-18',211,1,0),(34,'2017-12-18',212,1,0),(34,'2017-12-18',221,1,0),(34,'2017-12-18',222,1,0),(34,'2017-12-18',231,1,0),(34,'2017-12-18',232,1,0),(34,'2017-12-18',241,1,0),(34,'2017-12-19',71,1,0),(34,'2017-12-19',72,1,0),(34,'2017-12-19',81,1,0),(34,'2017-12-19',82,1,0),(34,'2017-12-19',91,1,0),(34,'2017-12-19',92,1,0),(34,'2017-12-19',101,1,0),(34,'2017-12-19',102,1,0),(34,'2017-12-19',111,1,0),(34,'2017-12-19',112,1,0),(34,'2017-12-19',121,1,0),(34,'2017-12-19',122,1,0),(34,'2017-12-19',131,1,0),(34,'2017-12-19',132,1,0),(34,'2017-12-19',141,1,0),(34,'2017-12-19',142,1,0),(34,'2017-12-19',151,1,0),(34,'2017-12-19',152,1,0),(34,'2017-12-19',161,1,0),(34,'2017-12-19',162,1,0),(34,'2017-12-19',171,1,0),(34,'2017-12-19',172,1,0),(34,'2017-12-19',181,1,0),(34,'2017-12-19',182,1,0),(34,'2017-12-19',191,1,0),(34,'2017-12-19',192,1,0),(34,'2017-12-19',201,1,0),(34,'2017-12-19',202,1,0),(34,'2017-12-19',211,1,0),(34,'2017-12-19',212,1,0),(34,'2017-12-19',221,1,0),(34,'2017-12-19',222,1,0),(34,'2017-12-19',231,1,0),(34,'2017-12-19',232,1,0),(34,'2017-12-19',241,1,0),(34,'2017-12-20',71,1,0),(34,'2017-12-20',72,1,0),(34,'2017-12-20',81,1,0),(34,'2017-12-20',82,1,0),(34,'2017-12-20',91,1,0),(34,'2017-12-20',92,1,0),(34,'2017-12-20',101,1,0),(34,'2017-12-20',102,1,0),(34,'2017-12-20',111,1,0),(34,'2017-12-20',112,1,0),(34,'2017-12-20',121,1,0),(34,'2017-12-20',122,1,0),(34,'2017-12-20',131,1,0),(34,'2017-12-20',132,1,0),(34,'2017-12-20',141,1,0),(34,'2017-12-20',142,1,0),(34,'2017-12-20',151,1,0),(34,'2017-12-20',152,1,0),(34,'2017-12-20',161,1,0),(34,'2017-12-20',162,1,0),(34,'2017-12-20',171,1,0),(34,'2017-12-20',172,1,0),(34,'2017-12-20',181,1,0),(34,'2017-12-20',182,1,0),(34,'2017-12-20',191,1,0),(34,'2017-12-20',192,1,0),(34,'2017-12-20',201,1,0),(34,'2017-12-20',202,1,0),(34,'2017-12-20',211,1,0),(34,'2017-12-20',212,1,0),(34,'2017-12-20',221,1,0),(34,'2017-12-20',222,1,0),(34,'2017-12-20',231,1,0),(34,'2017-12-20',232,1,0),(34,'2017-12-20',241,1,0),(34,'2017-12-21',71,1,0),(34,'2017-12-21',72,1,0),(34,'2017-12-21',81,1,0),(34,'2017-12-21',82,1,0),(34,'2017-12-21',91,1,0),(34,'2017-12-21',92,1,0),(34,'2017-12-21',101,1,0),(34,'2017-12-21',102,1,0),(34,'2017-12-21',111,1,0),(34,'2017-12-21',112,1,0),(34,'2017-12-21',121,1,0),(34,'2017-12-21',122,1,0),(34,'2017-12-21',131,1,0),(34,'2017-12-21',132,1,0),(34,'2017-12-21',141,1,0),(34,'2017-12-21',142,1,0),(34,'2017-12-21',151,1,0),(34,'2017-12-21',152,1,0),(34,'2017-12-21',161,1,0),(34,'2017-12-21',162,1,0),(34,'2017-12-21',171,1,0),(34,'2017-12-21',172,1,0),(34,'2017-12-21',181,1,0),(34,'2017-12-21',182,1,0),(34,'2017-12-21',191,1,0),(34,'2017-12-21',192,1,0),(34,'2017-12-21',201,1,0),(34,'2017-12-21',202,1,0),(34,'2017-12-21',211,1,0),(34,'2017-12-22',71,1,0),(34,'2017-12-22',72,1,0),(34,'2017-12-22',81,1,0),(34,'2017-12-22',82,1,0),(34,'2017-12-22',91,1,0),(34,'2017-12-22',92,1,0),(34,'2017-12-22',101,1,0),(34,'2017-12-22',102,1,0),(34,'2017-12-22',111,1,0),(34,'2017-12-22',112,1,0),(34,'2017-12-22',121,1,0),(34,'2017-12-22',122,1,0),(34,'2017-12-22',131,1,0),(34,'2017-12-22',132,1,0),(34,'2017-12-22',141,1,0),(34,'2017-12-22',142,1,0),(34,'2017-12-22',151,1,0),(34,'2017-12-22',152,1,0),(34,'2017-12-22',161,1,0),(34,'2017-12-22',162,1,0),(34,'2017-12-22',171,1,0),(34,'2017-12-22',172,1,0),(34,'2017-12-22',181,1,0),(34,'2017-12-22',182,1,0),(34,'2017-12-22',191,1,0),(34,'2017-12-22',192,1,0),(34,'2017-12-22',201,1,0),(34,'2017-12-22',202,1,0),(34,'2017-12-22',211,1,0),(34,'2017-12-23',71,1,0),(34,'2017-12-23',72,1,0),(34,'2017-12-23',81,1,0),(34,'2017-12-23',82,1,0),(34,'2017-12-23',91,1,0),(34,'2017-12-23',92,1,0),(34,'2017-12-23',101,1,0),(34,'2017-12-23',102,1,0),(34,'2017-12-23',111,1,0),(34,'2017-12-23',112,1,0),(34,'2017-12-23',121,1,0),(34,'2017-12-23',122,1,0),(34,'2017-12-23',131,1,0),(34,'2017-12-23',132,1,0),(34,'2017-12-23',141,1,0),(34,'2017-12-23',142,1,0),(34,'2017-12-23',151,1,0),(34,'2017-12-23',152,1,0),(34,'2017-12-23',161,1,0),(34,'2017-12-23',162,1,0),(34,'2017-12-23',171,1,0),(34,'2017-12-23',172,1,0),(34,'2017-12-23',181,1,0),(34,'2017-12-23',182,1,0),(34,'2017-12-23',191,1,0),(34,'2017-12-23',192,1,0),(34,'2017-12-23',201,1,0),(34,'2017-12-23',202,1,0),(34,'2017-12-23',211,1,0),(34,'2017-12-24',71,1,0),(34,'2017-12-24',72,1,0),(34,'2017-12-24',81,1,0),(34,'2017-12-24',82,1,0),(34,'2017-12-24',91,1,0),(34,'2017-12-24',92,1,0),(34,'2017-12-24',101,1,0),(34,'2017-12-24',102,1,0),(34,'2017-12-24',111,1,0),(34,'2017-12-24',112,1,0),(34,'2017-12-24',121,1,0),(34,'2017-12-24',122,1,0),(34,'2017-12-24',131,1,0),(34,'2017-12-24',132,1,0),(34,'2017-12-24',141,1,0),(34,'2017-12-24',142,1,0),(34,'2017-12-24',151,1,0),(34,'2017-12-24',152,1,0),(34,'2017-12-24',161,1,0),(34,'2017-12-24',162,1,0),(34,'2017-12-24',171,1,0),(34,'2017-12-24',172,1,0),(34,'2017-12-24',181,1,0),(34,'2017-12-24',182,1,0),(34,'2017-12-24',191,1,0),(34,'2017-12-24',192,1,0),(34,'2017-12-24',201,1,0),(34,'2017-12-24',202,1,0),(34,'2017-12-24',211,1,0),(34,'2017-12-25',71,1,0),(34,'2017-12-25',72,1,0),(34,'2017-12-25',81,1,0),(34,'2017-12-25',82,1,0),(34,'2017-12-25',91,1,0),(34,'2017-12-25',92,1,0),(34,'2017-12-25',101,1,0),(34,'2017-12-25',102,1,0),(34,'2017-12-25',111,1,0),(34,'2017-12-25',112,1,0),(34,'2017-12-25',121,1,0),(34,'2017-12-25',122,1,0),(34,'2017-12-25',131,1,0),(34,'2017-12-25',132,1,0),(34,'2017-12-25',141,1,0),(34,'2017-12-25',142,1,0),(34,'2017-12-25',151,1,0),(34,'2017-12-25',152,1,0),(34,'2017-12-25',161,1,0),(34,'2017-12-25',162,1,0),(34,'2017-12-25',171,1,0),(34,'2017-12-25',172,1,0),(34,'2017-12-25',181,1,0),(34,'2017-12-25',182,1,0),(34,'2017-12-25',191,1,0),(34,'2017-12-25',192,1,0),(34,'2017-12-25',201,1,0),(34,'2017-12-25',202,1,0),(34,'2017-12-25',211,1,0),(34,'2017-12-26',71,1,0),(34,'2017-12-26',72,1,0),(34,'2017-12-26',81,1,0),(34,'2017-12-26',82,1,0),(34,'2017-12-26',91,1,0),(34,'2017-12-26',92,1,0),(34,'2017-12-26',101,1,0),(34,'2017-12-26',102,1,0),(34,'2017-12-26',111,1,0),(34,'2017-12-26',112,1,0),(34,'2017-12-26',121,1,0),(34,'2017-12-26',122,1,0),(34,'2017-12-26',131,1,0),(34,'2017-12-26',132,1,0),(34,'2017-12-26',141,1,0),(34,'2017-12-26',142,1,0),(34,'2017-12-26',151,1,0),(34,'2017-12-26',152,1,0),(34,'2017-12-26',161,1,0),(34,'2017-12-26',162,1,0),(34,'2017-12-26',171,1,0),(34,'2017-12-26',172,1,0),(34,'2017-12-26',181,1,0),(34,'2017-12-26',182,1,0),(34,'2017-12-26',191,1,0),(34,'2017-12-26',192,1,0),(34,'2017-12-26',201,1,0),(34,'2017-12-26',202,1,0),(34,'2017-12-26',211,1,0),(34,'2017-12-27',71,1,0),(34,'2017-12-27',72,1,0),(34,'2017-12-27',81,1,0),(34,'2017-12-27',82,1,0),(34,'2017-12-27',91,1,0),(34,'2017-12-27',92,1,0),(34,'2017-12-27',101,1,0),(34,'2017-12-27',102,1,0),(34,'2017-12-27',111,1,0),(34,'2017-12-27',112,1,0),(34,'2017-12-27',121,1,0),(34,'2017-12-27',122,1,0),(34,'2017-12-27',131,1,0),(34,'2017-12-27',132,1,0),(34,'2017-12-27',141,1,0),(34,'2017-12-27',142,1,0),(34,'2017-12-27',151,1,0),(34,'2017-12-27',152,1,0),(34,'2017-12-27',161,1,0),(34,'2017-12-27',162,1,0),(34,'2017-12-27',171,1,0),(34,'2017-12-27',172,1,0),(34,'2017-12-27',181,1,0),(34,'2017-12-27',182,1,0),(34,'2017-12-27',191,1,0),(34,'2017-12-27',192,1,0),(34,'2017-12-27',201,1,0),(34,'2017-12-27',202,1,0),(34,'2017-12-27',211,1,0),(34,'2017-12-28',71,1,0),(34,'2017-12-28',72,1,0),(34,'2017-12-28',81,1,0),(34,'2017-12-28',82,1,0),(34,'2017-12-28',91,1,0),(34,'2017-12-28',92,1,0),(34,'2017-12-28',101,1,0),(34,'2017-12-28',102,1,0),(34,'2017-12-28',111,1,0),(34,'2017-12-28',112,1,0),(34,'2017-12-28',121,1,0),(34,'2017-12-28',122,1,0),(34,'2017-12-28',131,1,0),(34,'2017-12-28',132,1,0),(34,'2017-12-28',141,1,0),(34,'2017-12-28',142,1,0),(34,'2017-12-28',151,1,0),(34,'2017-12-28',152,1,0),(34,'2017-12-28',161,1,0),(34,'2017-12-28',162,1,0),(34,'2017-12-28',171,1,0),(34,'2017-12-28',172,1,0),(34,'2017-12-28',181,1,0),(34,'2017-12-28',182,1,0),(34,'2017-12-28',191,1,0),(34,'2017-12-28',192,1,0),(34,'2017-12-28',201,1,0),(34,'2017-12-28',202,1,0),(34,'2017-12-28',211,1,0),(34,'2017-12-29',71,1,0),(34,'2017-12-29',72,1,0),(34,'2017-12-29',81,1,0),(34,'2017-12-29',82,1,0),(34,'2017-12-29',91,1,0),(34,'2017-12-29',92,1,0),(34,'2017-12-29',101,1,0),(34,'2017-12-29',102,1,0),(34,'2017-12-29',111,1,0),(34,'2017-12-29',112,1,0),(34,'2017-12-29',121,1,0),(34,'2017-12-29',122,1,0),(34,'2017-12-29',131,1,0),(34,'2017-12-29',132,1,0),(34,'2017-12-29',141,1,0),(34,'2017-12-29',142,1,0),(34,'2017-12-29',151,1,0),(34,'2017-12-29',152,1,0),(34,'2017-12-29',161,1,0),(34,'2017-12-29',162,1,0),(34,'2017-12-29',171,1,0),(34,'2017-12-29',172,1,0),(34,'2017-12-29',181,1,0),(34,'2017-12-29',182,1,0),(34,'2017-12-29',191,1,0),(34,'2017-12-29',192,1,0),(34,'2017-12-29',201,1,0),(34,'2017-12-29',202,1,0),(34,'2017-12-29',211,1,0),(34,'2017-12-30',71,1,0),(34,'2017-12-30',72,1,0),(34,'2017-12-30',81,1,0),(34,'2017-12-30',82,1,0),(34,'2017-12-30',91,1,0),(34,'2017-12-30',92,1,0),(34,'2017-12-30',101,1,0),(34,'2017-12-30',102,1,0),(34,'2017-12-30',111,1,0),(34,'2017-12-30',112,1,0),(34,'2017-12-30',121,1,0),(34,'2017-12-30',122,1,0),(34,'2017-12-30',131,1,0),(34,'2017-12-30',132,1,0),(34,'2017-12-30',141,1,0),(34,'2017-12-30',142,1,0),(34,'2017-12-30',151,1,0),(34,'2017-12-30',152,1,0),(34,'2017-12-30',161,1,0),(34,'2017-12-30',162,1,0),(34,'2017-12-30',171,1,0),(34,'2017-12-30',172,1,0),(34,'2017-12-30',181,1,0),(34,'2017-12-30',182,1,0),(34,'2017-12-30',191,1,0),(34,'2017-12-30',192,1,0),(34,'2017-12-30',201,1,0),(34,'2017-12-30',202,1,0),(34,'2017-12-30',211,1,0),(34,'2017-12-31',71,1,0),(34,'2017-12-31',72,1,0),(34,'2017-12-31',81,1,0),(34,'2017-12-31',82,1,0),(34,'2017-12-31',91,1,0),(34,'2017-12-31',92,1,0),(34,'2017-12-31',101,1,0),(34,'2017-12-31',102,1,0),(34,'2017-12-31',111,1,0),(34,'2017-12-31',112,1,0),(34,'2017-12-31',121,1,0),(34,'2017-12-31',122,1,0),(34,'2017-12-31',131,1,0),(34,'2017-12-31',132,1,0),(34,'2017-12-31',141,1,0),(34,'2017-12-31',142,1,0),(34,'2017-12-31',151,1,0),(34,'2017-12-31',152,1,0),(34,'2017-12-31',161,1,0),(34,'2017-12-31',162,1,0),(34,'2017-12-31',171,1,0),(34,'2017-12-31',172,1,0),(34,'2017-12-31',181,1,0),(34,'2017-12-31',182,1,0),(34,'2017-12-31',191,1,0),(34,'2017-12-31',192,1,0),(34,'2017-12-31',201,1,0),(34,'2017-12-31',202,1,0),(34,'2017-12-31',211,1,0),(34,'2018-01-01',71,1,0),(34,'2018-01-01',72,1,0),(34,'2018-01-01',81,1,0),(34,'2018-01-01',82,1,0),(34,'2018-01-01',91,1,0),(34,'2018-01-01',92,1,0),(34,'2018-01-01',101,1,0),(34,'2018-01-01',102,1,0),(34,'2018-01-01',111,1,0),(34,'2018-01-01',112,1,0),(34,'2018-01-01',121,1,0),(34,'2018-01-01',122,1,0),(34,'2018-01-01',131,1,0),(34,'2018-01-01',132,1,0),(34,'2018-01-01',141,1,0),(34,'2018-01-01',142,1,0),(34,'2018-01-01',151,1,0),(34,'2018-01-01',152,1,0),(34,'2018-01-01',161,1,0),(34,'2018-01-01',162,1,0),(34,'2018-01-01',171,1,0),(34,'2018-01-01',172,1,0),(34,'2018-01-01',181,1,0),(34,'2018-01-01',182,1,0),(34,'2018-01-01',191,1,0),(34,'2018-01-01',192,1,0),(34,'2018-01-01',201,1,0),(34,'2018-01-01',202,1,0),(34,'2018-01-01',211,1,0),(34,'2018-01-02',71,1,0),(34,'2018-01-02',72,1,0),(34,'2018-01-02',81,1,0),(34,'2018-01-02',82,1,0),(34,'2018-01-02',91,1,0),(34,'2018-01-02',92,1,0),(34,'2018-01-02',101,1,0),(34,'2018-01-02',102,1,0),(34,'2018-01-02',111,1,0),(34,'2018-01-02',112,1,0),(34,'2018-01-02',121,1,0),(34,'2018-01-02',122,1,0),(34,'2018-01-02',131,1,0),(34,'2018-01-02',132,1,0),(34,'2018-01-02',141,1,0),(34,'2018-01-02',142,1,0),(34,'2018-01-02',151,1,0),(34,'2018-01-02',152,1,0),(34,'2018-01-02',161,1,0),(34,'2018-01-02',162,1,0),(34,'2018-01-02',171,1,0),(34,'2018-01-02',172,1,0),(34,'2018-01-02',181,1,0),(34,'2018-01-02',182,1,0),(34,'2018-01-02',191,1,0),(34,'2018-01-02',192,1,0),(34,'2018-01-02',201,1,0),(34,'2018-01-02',202,1,0),(34,'2018-01-02',211,1,0),(53,'2017-11-23',81,1,0),(53,'2017-11-23',82,1,0),(53,'2017-11-23',91,1,0),(53,'2017-11-23',92,1,0),(53,'2017-11-23',101,1,0),(53,'2017-11-23',102,1,0),(53,'2017-11-23',111,1,0),(53,'2017-11-23',112,1,0),(53,'2017-11-23',121,1,0),(53,'2017-11-23',122,1,0),(53,'2017-11-23',131,1,0),(53,'2017-11-23',132,1,0),(53,'2017-11-23',141,1,0),(53,'2017-11-23',142,1,0),(53,'2017-11-23',151,1,0),(53,'2017-11-23',152,1,0),(53,'2017-11-23',161,1,0),(53,'2017-11-23',162,1,0),(53,'2017-11-23',171,1,0),(53,'2017-11-23',172,1,0),(53,'2017-11-23',181,1,0),(53,'2017-11-23',182,1,0),(53,'2017-11-23',191,1,0),(53,'2017-11-23',192,1,0),(53,'2017-11-23',201,1,0),(53,'2017-11-23',202,1,0),(53,'2017-11-23',211,1,0),(53,'2017-11-28',71,1,0),(53,'2017-11-28',72,1,0),(53,'2017-11-28',81,1,0),(53,'2017-11-28',82,1,0),(53,'2017-11-28',91,1,0),(53,'2017-11-28',92,1,0),(53,'2017-11-28',101,1,0),(53,'2017-11-28',102,1,0),(53,'2017-11-28',111,1,0),(53,'2017-11-28',112,1,0),(53,'2017-11-28',121,1,0),(53,'2017-11-28',122,1,0),(53,'2017-11-28',131,1,0),(53,'2017-11-28',132,1,0),(53,'2017-11-28',141,1,0),(53,'2017-11-28',142,1,0),(53,'2017-11-28',151,1,0),(53,'2017-11-28',152,1,0),(53,'2017-11-28',161,1,0),(53,'2017-11-28',162,1,0),(53,'2017-11-28',171,1,0),(53,'2017-11-28',172,1,0),(53,'2017-11-28',181,1,0),(53,'2017-11-28',182,1,0),(53,'2017-11-28',191,1,0),(53,'2017-11-28',192,1,0),(53,'2017-11-28',201,1,0),(53,'2017-11-28',202,1,0),(53,'2017-11-28',211,1,0),(53,'2017-11-29',101,1,0),(53,'2017-11-29',102,1,0),(53,'2017-11-29',111,1,0),(53,'2017-11-29',112,1,0),(53,'2017-11-29',121,1,0),(53,'2017-11-29',122,1,0),(53,'2017-11-29',131,1,0),(53,'2017-11-29',132,1,0),(53,'2017-11-29',141,1,0),(53,'2017-11-30',71,1,0),(53,'2017-11-30',72,1,0),(53,'2017-11-30',81,1,0),(53,'2017-11-30',82,1,0),(53,'2017-11-30',91,1,0),(53,'2017-11-30',92,1,0),(53,'2017-11-30',101,1,0),(53,'2017-11-30',102,1,0),(53,'2017-11-30',111,1,0),(53,'2017-11-30',112,1,0),(53,'2017-11-30',121,1,0),(53,'2017-11-30',122,1,0),(53,'2017-11-30',131,1,0),(53,'2017-11-30',132,1,0),(53,'2017-11-30',141,1,0),(53,'2017-11-30',142,1,0),(53,'2017-11-30',151,1,0),(53,'2017-12-01',101,1,0),(53,'2017-12-01',102,1,0),(53,'2017-12-01',111,1,0),(53,'2017-12-01',112,1,0),(53,'2017-12-01',121,1,0),(53,'2017-12-01',122,1,0),(53,'2017-12-01',131,1,0),(53,'2017-12-01',132,1,0),(53,'2017-12-01',141,1,0),(53,'2017-12-06',91,1,0),(53,'2017-12-06',92,1,0),(53,'2017-12-06',101,1,0),(53,'2017-12-06',102,1,0),(53,'2017-12-06',111,1,0),(53,'2017-12-06',112,1,0),(53,'2017-12-06',121,1,0),(53,'2017-12-06',122,1,0),(53,'2017-12-06',131,1,0),(53,'2017-12-06',132,1,0),(53,'2017-12-06',141,1,0),(53,'2017-12-07',81,1,0),(53,'2017-12-07',82,1,0),(53,'2017-12-07',91,1,0),(53,'2017-12-07',92,1,0),(53,'2017-12-07',101,1,0),(53,'2017-12-07',102,1,0),(53,'2017-12-07',111,1,0),(53,'2017-12-07',112,1,0),(53,'2017-12-07',121,1,0),(53,'2017-12-07',122,1,0),(53,'2017-12-07',131,1,0),(53,'2017-12-07',132,1,0),(53,'2017-12-07',141,1,0),(53,'2017-12-08',91,1,0),(53,'2017-12-08',92,1,0),(53,'2017-12-08',101,1,0),(53,'2017-12-08',102,1,0),(53,'2017-12-08',111,1,0),(53,'2017-12-08',112,1,0),(53,'2017-12-08',121,1,0),(53,'2017-12-08',122,1,0),(53,'2017-12-08',131,1,0),(53,'2017-12-08',132,1,0),(53,'2017-12-08',141,1,0),(53,'2017-12-12',81,1,0),(53,'2017-12-14',81,1,0),(53,'2017-12-14',82,1,0),(53,'2017-12-14',91,1,0),(53,'2017-12-14',92,1,0),(53,'2017-12-14',101,1,0),(53,'2017-12-14',102,1,0),(53,'2017-12-14',111,1,0),(53,'2017-12-14',112,1,0),(53,'2017-12-14',121,1,0),(53,'2017-12-14',122,1,0),(53,'2017-12-14',131,1,0),(53,'2017-12-14',132,1,0),(53,'2017-12-14',141,1,0),(53,'2017-12-19',131,1,0),(53,'2017-12-19',132,1,0),(53,'2017-12-19',141,1,0),(53,'2017-12-21',131,1,0),(53,'2017-12-21',132,1,0),(53,'2017-12-21',141,1,0),(53,'2017-12-25',121,1,0),(53,'2017-12-25',122,1,0),(53,'2017-12-25',131,1,0),(53,'2017-12-25',132,1,0),(53,'2017-12-26',71,1,0),(53,'2017-12-26',72,1,0),(53,'2017-12-26',81,1,0),(53,'2017-12-26',82,1,0),(53,'2017-12-26',91,1,0),(53,'2017-12-26',92,1,0),(53,'2017-12-26',101,1,0),(53,'2017-12-26',102,1,0),(53,'2017-12-26',111,1,0),(53,'2017-12-26',112,1,0),(53,'2017-12-26',121,1,0),(53,'2017-12-26',122,1,0),(53,'2017-12-26',131,1,0),(53,'2017-12-26',132,1,0),(53,'2017-12-26',141,1,0),(53,'2017-12-27',121,1,0),(53,'2017-12-27',122,1,0),(53,'2017-12-27',131,1,0),(53,'2017-12-27',132,1,0),(53,'2017-12-28',71,1,0),(53,'2017-12-28',111,1,0),(53,'2017-12-28',112,1,0),(53,'2017-12-28',121,1,0),(53,'2017-12-28',122,1,0),(53,'2017-12-28',131,1,0),(53,'2017-12-28',132,1,0),(53,'2017-12-28',141,1,0),(53,'2017-12-29',121,1,0),(53,'2017-12-29',122,1,0),(53,'2017-12-29',131,1,0),(53,'2017-12-29',132,1,0),(53,'2018-01-09',71,1,0),(53,'2018-01-09',72,1,0),(53,'2018-01-16',71,1,0),(53,'2018-01-16',72,1,0),(53,'2018-01-16',81,1,0),(53,'2018-01-16',82,1,0),(53,'2018-01-16',91,1,0),(53,'2018-01-16',92,1,0),(53,'2018-01-16',101,1,0),(53,'2018-01-16',102,1,0),(53,'2018-01-16',111,1,0),(53,'2018-01-18',72,1,0),(53,'2018-01-18',81,1,0),(53,'2018-01-18',82,1,0),(53,'2018-01-18',91,1,0),(53,'2018-01-18',92,1,0),(53,'2018-01-18',101,1,0),(53,'2018-01-18',102,1,0),(53,'2018-01-18',111,1,0),(53,'2018-02-01',181,1,0),(53,'2018-02-01',182,1,0),(53,'2018-02-01',191,1,0),(53,'2018-02-10',141,1,0),(53,'2018-02-10',142,1,0),(53,'2018-02-20',211,1,0),(53,'2018-02-24',141,1,0),(57,'2017-10-24',71,1,0),(57,'2017-10-24',72,1,0),(57,'2017-10-24',81,1,0),(57,'2017-10-24',82,1,0),(57,'2017-10-24',91,1,0),(57,'2017-10-24',92,1,0),(57,'2017-10-24',101,1,0),(57,'2017-10-24',102,1,0),(57,'2017-10-24',111,1,0),(57,'2017-10-24',112,1,0),(57,'2017-10-24',121,1,0),(57,'2017-10-24',122,1,0),(57,'2017-10-24',131,1,0),(57,'2017-10-24',132,1,0),(57,'2017-10-24',141,1,0),(57,'2017-11-14',101,1,0),(57,'2017-11-14',102,1,0),(57,'2017-11-14',111,1,0),(57,'2017-11-14',112,1,0),(57,'2017-11-14',121,1,0),(57,'2017-11-14',122,1,0),(57,'2017-11-14',131,1,0),(57,'2017-11-14',132,1,0),(57,'2017-11-14',141,1,0),(57,'2017-11-14',142,1,0),(57,'2017-11-14',151,1,0),(57,'2017-11-16',101,1,0),(57,'2017-11-16',102,1,0),(57,'2017-11-16',111,1,0),(57,'2017-11-16',112,1,0),(57,'2017-11-16',121,1,0),(57,'2017-11-16',122,1,0),(57,'2017-11-16',131,1,0),(57,'2017-11-16',132,1,0),(57,'2017-11-16',141,1,0),(57,'2017-11-16',142,1,0),(57,'2017-11-16',151,1,0),(57,'2017-11-16',201,1,0),(57,'2017-11-16',202,1,0),(57,'2017-11-16',211,1,0),(57,'2017-11-16',212,1,0),(57,'2017-11-16',221,1,0),(57,'2017-11-17',91,1,0),(57,'2017-11-17',92,1,0),(57,'2017-11-17',101,1,0),(57,'2017-11-17',102,1,0),(57,'2017-11-17',201,1,0),(57,'2017-11-17',202,1,0),(57,'2017-11-17',211,1,0),(57,'2017-11-17',212,1,0),(57,'2017-11-18',91,1,0),(57,'2017-11-18',92,1,0),(57,'2017-11-18',101,1,0),(57,'2017-11-18',102,1,0),(57,'2017-11-18',111,1,0),(57,'2017-11-18',112,1,0),(57,'2017-11-18',121,1,0),(57,'2017-11-18',122,1,0),(57,'2018-01-04',71,1,0),(57,'2018-01-04',72,1,0),(57,'2018-01-04',81,1,0),(57,'2018-01-04',82,1,0),(57,'2018-01-04',91,1,0),(57,'2018-01-04',92,1,0),(57,'2018-01-04',101,1,0),(57,'2018-01-04',102,1,0),(57,'2018-01-04',111,1,0),(57,'2018-01-04',112,1,0),(57,'2018-01-04',121,1,0),(57,'2018-01-04',122,1,0),(57,'2018-01-04',131,1,0),(57,'2018-01-04',132,1,0),(57,'2018-01-04',141,1,0),(57,'2018-01-04',142,1,0),(57,'2018-01-04',151,1,0),(57,'2018-01-05',71,1,0),(57,'2018-01-05',72,1,0),(57,'2018-01-05',81,1,0),(57,'2018-01-05',82,1,0),(57,'2018-01-05',91,1,0),(57,'2018-01-05',92,1,0),(57,'2018-01-05',101,1,0),(57,'2018-01-05',102,1,0),(57,'2018-01-05',111,1,0),(57,'2018-01-08',102,1,0),(57,'2018-01-08',111,1,0),(57,'2018-01-08',112,1,0),(57,'2018-01-08',121,1,0),(57,'2018-01-08',202,1,0),(57,'2018-01-08',211,1,0),(57,'2018-01-08',212,1,0),(57,'2018-01-08',221,1,0),(57,'2018-01-08',222,1,0),(57,'2018-01-08',231,1,0),(57,'2018-01-09',71,1,0),(57,'2018-01-09',72,1,0),(57,'2018-01-09',81,1,0),(57,'2018-01-09',82,1,0),(57,'2018-01-09',91,1,0),(57,'2018-01-09',92,1,0),(57,'2018-01-09',101,1,0),(57,'2018-01-09',102,1,0),(57,'2018-01-09',111,1,0),(57,'2018-01-09',112,1,0),(57,'2018-01-09',121,1,0),(57,'2018-01-09',122,1,0),(57,'2018-01-09',131,1,0),(57,'2018-01-09',132,1,0),(57,'2018-01-09',141,1,0),(57,'2018-01-09',142,1,0),(57,'2018-01-09',151,1,0),(57,'2018-01-10',131,1,0),(57,'2018-01-10',132,1,0),(57,'2018-01-10',141,1,0),(57,'2018-01-10',142,1,0),(57,'2018-01-10',151,1,0),(57,'2018-01-10',152,1,0),(57,'2018-01-10',181,1,0),(57,'2018-01-10',182,1,0),(57,'2018-01-10',191,1,0),(57,'2018-01-10',192,1,0),(57,'2018-01-10',201,1,0),(57,'2018-01-10',202,1,0),(57,'2018-01-11',71,1,0),(57,'2018-01-11',72,1,0),(57,'2018-01-11',81,1,0),(57,'2018-01-11',82,1,0),(57,'2018-01-11',91,1,0),(57,'2018-01-11',92,1,0),(57,'2018-01-11',101,1,0),(57,'2018-01-11',102,1,0),(57,'2018-01-11',111,1,0),(57,'2018-01-11',112,1,0),(57,'2018-01-11',121,1,0),(57,'2018-01-11',122,1,0),(57,'2018-01-11',131,1,0),(57,'2018-01-11',132,1,0),(57,'2018-01-11',141,1,0),(57,'2018-01-11',142,1,0),(57,'2018-01-11',151,1,0),(57,'2018-01-11',201,1,0),(57,'2018-01-11',202,1,0),(57,'2018-01-11',211,1,0),(57,'2018-01-11',212,1,0),(57,'2018-01-11',221,1,0),(57,'2018-01-12',71,1,0),(57,'2018-01-12',72,1,0),(57,'2018-01-12',81,1,0),(57,'2018-01-12',82,1,0),(57,'2018-01-12',91,1,0),(57,'2018-01-12',92,1,0),(57,'2018-01-12',101,1,0),(57,'2018-01-12',102,1,0),(57,'2018-01-12',111,1,0),(57,'2018-01-12',112,1,0),(57,'2018-01-12',121,1,0),(57,'2018-01-12',191,1,0),(57,'2018-01-12',192,1,0),(57,'2018-01-12',201,1,0),(57,'2018-01-12',202,1,0),(57,'2018-01-12',211,1,0),(57,'2018-01-12',212,1,0),(57,'2018-01-12',221,1,0),(57,'2018-01-15',111,1,0),(57,'2018-01-15',112,1,0),(57,'2018-01-15',121,1,0),(57,'2018-01-16',71,1,0),(57,'2018-01-16',72,1,0),(57,'2018-01-16',81,1,0),(57,'2018-01-16',82,1,0),(57,'2018-01-16',91,1,0),(57,'2018-01-16',92,1,0),(57,'2018-01-16',101,1,0),(57,'2018-01-16',102,1,0),(57,'2018-01-16',111,1,0),(57,'2018-01-16',112,1,0),(57,'2018-01-16',121,1,0),(57,'2018-01-16',122,1,0),(57,'2018-01-16',131,1,0),(57,'2018-01-16',132,1,0),(57,'2018-01-16',141,1,0),(57,'2018-01-16',142,1,0),(57,'2018-01-16',151,1,0),(57,'2018-01-18',71,1,0),(57,'2018-01-18',72,1,0),(57,'2018-01-18',81,1,0),(57,'2018-01-18',82,1,0),(57,'2018-01-18',91,1,0),(57,'2018-01-18',92,1,0),(57,'2018-01-18',101,1,0),(57,'2018-01-18',102,1,0),(57,'2018-01-18',111,1,0),(57,'2018-01-18',112,1,0),(57,'2018-01-18',121,1,0),(57,'2018-01-18',122,1,0),(57,'2018-01-18',131,1,0),(57,'2018-01-18',132,1,0),(57,'2018-01-18',141,1,0),(57,'2018-01-18',142,1,0),(57,'2018-01-18',151,1,0),(57,'2018-01-18',201,1,0),(57,'2018-01-18',202,1,0),(57,'2018-01-18',211,1,0),(57,'2018-01-18',212,1,0),(57,'2018-01-18',221,1,0),(57,'2018-01-19',71,1,0),(57,'2018-01-19',72,1,0),(57,'2018-01-19',81,1,0),(57,'2018-01-19',82,1,0),(57,'2018-01-19',91,1,0),(57,'2018-01-19',92,1,0),(57,'2018-01-19',101,1,0),(57,'2018-01-19',102,1,0),(57,'2018-01-19',111,1,0),(57,'2018-01-19',112,1,0),(57,'2018-01-19',121,1,0),(57,'2018-01-19',191,1,0),(57,'2018-01-19',192,1,0),(57,'2018-01-19',201,1,0),(57,'2018-01-19',202,1,0),(57,'2018-01-19',211,1,0),(57,'2018-01-19',212,1,0),(57,'2018-01-19',221,1,0),(57,'2018-01-22',102,1,0),(57,'2018-01-22',111,1,0),(57,'2018-01-22',112,1,0),(57,'2018-01-22',121,1,0),(57,'2018-01-23',71,1,0),(57,'2018-01-23',72,1,0),(57,'2018-01-23',81,1,0),(57,'2018-01-23',82,1,0),(57,'2018-01-23',91,1,0),(57,'2018-01-23',92,1,0),(57,'2018-01-23',101,1,0),(57,'2018-01-23',102,1,0),(57,'2018-01-23',111,1,0),(57,'2018-01-23',112,1,0),(57,'2018-01-23',121,1,0),(57,'2018-01-23',122,1,0),(57,'2018-01-23',131,1,0),(57,'2018-01-23',132,1,0),(57,'2018-01-23',141,1,0),(57,'2018-01-23',142,1,0),(57,'2018-01-23',151,1,0),(57,'2018-01-24',71,1,0),(57,'2018-01-25',71,1,0),(57,'2018-01-25',72,1,0),(57,'2018-01-25',81,1,0),(57,'2018-01-25',82,1,0),(57,'2018-01-25',91,1,0),(57,'2018-01-25',92,1,0),(57,'2018-01-25',101,1,0),(57,'2018-01-25',102,1,0),(57,'2018-01-25',111,1,0),(57,'2018-01-25',112,1,0),(57,'2018-01-25',121,1,0),(57,'2018-01-25',122,1,0),(57,'2018-01-25',131,1,0),(57,'2018-01-25',132,1,0),(57,'2018-01-25',141,1,0),(57,'2018-01-25',142,1,0),(57,'2018-01-25',151,1,0),(57,'2018-01-25',201,1,0),(57,'2018-01-25',202,1,0),(57,'2018-01-25',211,1,0),(57,'2018-01-25',212,1,0),(57,'2018-01-25',221,1,0),(57,'2018-01-26',71,1,0),(57,'2018-01-26',72,1,0),(57,'2018-01-26',81,1,0),(57,'2018-01-26',82,1,0),(57,'2018-01-26',91,1,0),(57,'2018-01-26',92,1,0),(57,'2018-01-26',101,1,0),(57,'2018-01-26',102,1,0),(57,'2018-01-26',111,1,0),(57,'2018-01-26',112,1,0),(57,'2018-01-26',121,1,0),(57,'2018-01-26',191,1,0),(57,'2018-01-26',192,1,0),(57,'2018-01-26',201,1,0),(57,'2018-01-26',202,1,0),(57,'2018-01-26',211,1,0),(57,'2018-01-26',212,1,0),(57,'2018-01-26',221,1,0),(57,'2018-01-29',102,1,0),(57,'2018-01-29',111,1,0),(57,'2018-01-29',112,1,0),(57,'2018-01-29',121,1,0),(57,'2018-01-30',71,1,0),(57,'2018-01-30',72,1,0),(57,'2018-01-30',81,1,0),(57,'2018-01-30',82,1,0),(57,'2018-01-30',91,1,0),(57,'2018-01-30',92,1,0),(57,'2018-01-30',101,1,0),(57,'2018-01-30',102,1,0),(57,'2018-01-30',111,1,0),(57,'2018-01-30',112,1,0),(57,'2018-01-30',121,1,0),(57,'2018-01-30',122,1,0),(57,'2018-01-30',131,1,0),(57,'2018-01-30',132,1,0),(57,'2018-01-30',141,1,0),(57,'2018-01-30',142,1,0),(57,'2018-01-30',151,1,0),(57,'2018-01-30',201,1,0),(57,'2018-01-30',202,1,0),(57,'2018-01-30',211,1,0),(57,'2018-01-30',212,1,0),(57,'2018-01-30',221,1,0),(57,'2018-01-31',71,1,0),(57,'2018-02-06',72,1,0),(57,'2018-02-06',81,1,0),(57,'2018-02-06',82,1,0),(57,'2018-02-06',91,1,0),(57,'2018-02-06',131,1,0),(57,'2018-02-06',132,1,0),(57,'2018-02-06',141,1,0),(57,'2018-02-06',142,1,0),(57,'2018-02-06',151,1,0),(57,'2018-02-07',181,1,0),(57,'2018-02-07',182,1,0),(57,'2018-02-07',191,1,0),(57,'2018-02-07',192,1,0),(57,'2018-02-07',201,1,0),(57,'2018-02-07',202,1,0),(57,'2018-02-08',72,1,0),(57,'2018-02-08',81,1,0),(57,'2018-02-08',82,1,0),(57,'2018-02-08',91,1,0),(57,'2018-02-08',131,1,0),(57,'2018-02-08',132,1,0),(57,'2018-02-08',141,1,0),(57,'2018-02-08',142,1,0),(57,'2018-02-08',151,1,0),(57,'2018-02-09',72,1,0),(57,'2018-02-09',81,1,0),(57,'2018-02-09',82,1,0),(57,'2018-02-09',91,1,0),(57,'2018-02-09',131,1,0),(57,'2018-02-09',132,1,0),(57,'2018-02-09',141,1,0),(57,'2018-02-09',142,1,0),(57,'2018-02-09',151,1,0),(57,'2018-02-09',152,1,0),(57,'2018-02-09',161,1,0),(57,'2018-02-09',162,1,0),(57,'2018-02-09',171,1,0),(57,'2018-02-09',172,1,0),(57,'2018-02-09',181,1,0),(57,'2018-02-09',182,1,0),(57,'2018-02-09',191,1,0),(57,'2018-02-09',192,1,0),(57,'2018-02-09',201,1,0),(57,'2018-02-09',202,1,0),(57,'2018-02-09',211,1,0),(57,'2018-02-09',212,1,0),(57,'2018-02-09',221,1,0),(57,'2018-02-12',192,1,0),(57,'2018-02-12',201,1,0),(57,'2018-02-12',202,1,0),(57,'2018-02-12',211,1,0),(57,'2018-02-12',212,1,0),(57,'2018-02-12',221,1,0),(57,'2018-02-13',121,1,0),(57,'2018-02-13',122,1,0),(57,'2018-02-13',131,1,0),(57,'2018-02-13',132,1,0),(57,'2018-02-13',141,1,0),(57,'2018-02-13',142,1,0),(57,'2018-02-13',151,1,0),(57,'2018-02-14',191,1,0),(57,'2018-02-14',192,1,0),(57,'2018-02-14',201,1,0),(57,'2018-02-14',202,1,0),(57,'2018-02-15',81,1,0),(57,'2018-02-15',82,1,0),(57,'2018-02-15',91,1,0),(57,'2018-02-15',92,1,0),(57,'2018-02-15',101,1,0),(57,'2018-02-15',102,1,0),(57,'2018-02-15',111,1,0),(57,'2018-02-15',112,1,0),(57,'2018-02-15',121,1,0),(57,'2018-02-15',122,1,0),(57,'2018-02-15',131,1,0),(57,'2018-02-15',132,1,0),(57,'2018-02-15',141,1,0),(57,'2018-02-15',142,1,0),(57,'2018-02-15',151,1,0),(57,'2018-02-16',132,1,0),(57,'2018-02-16',141,1,0),(57,'2018-02-16',142,1,0),(57,'2018-02-16',151,1,0),(57,'2018-02-16',152,1,0),(57,'2018-02-16',161,1,0),(57,'2018-02-16',162,1,0),(57,'2018-02-16',171,1,0),(57,'2018-02-16',172,1,0),(57,'2018-02-16',181,1,0),(57,'2018-02-16',182,1,0),(57,'2018-02-16',191,1,0),(57,'2018-02-16',192,1,0),(57,'2018-02-16',201,1,0),(57,'2018-02-16',202,1,0),(57,'2018-02-16',211,1,0),(57,'2018-02-16',212,1,0),(57,'2018-02-16',221,1,0),(57,'2018-03-02',151,1,0),(57,'2018-03-02',152,1,0),(57,'2018-03-02',161,1,0),(57,'2018-03-02',162,1,0),(57,'2018-03-04',91,1,0),(57,'2018-03-04',92,1,0),(57,'2018-03-04',101,1,0),(57,'2018-03-04',102,1,0),(57,'2018-03-04',111,1,0),(57,'2018-03-04',112,1,0),(57,'2018-03-04',121,1,0),(57,'2018-03-06',111,1,0),(57,'2018-03-06',112,1,0),(57,'2018-03-06',121,1,0),(57,'2018-03-06',122,1,0),(57,'2018-03-06',131,1,0),(57,'2018-03-06',132,1,0),(57,'2018-03-06',141,1,0),(57,'2018-03-06',142,1,0),(57,'2018-03-08',71,1,0),(57,'2018-03-08',72,1,0),(57,'2018-03-08',81,1,0),(57,'2018-03-08',82,1,0),(57,'2018-03-08',91,1,0),(57,'2018-03-08',92,1,0),(57,'2018-03-08',101,1,0),(57,'2018-03-08',102,1,0),(57,'2018-03-15',141,1,0),(57,'2018-03-15',142,1,0),(57,'2018-03-15',151,1,0),(57,'2018-03-16',151,1,0),(57,'2018-03-16',152,1,0),(57,'2018-03-16',161,1,0),(57,'2018-03-16',162,1,0),(57,'2018-03-16',171,1,0),(57,'2018-03-19',112,1,0),(57,'2018-03-19',121,1,0),(57,'2018-03-19',122,1,0),(57,'2018-03-21',112,1,0),(57,'2018-03-21',121,1,0),(57,'2018-03-21',122,1,0),(57,'2018-03-23',112,1,0),(57,'2018-03-23',121,1,0),(57,'2018-03-23',122,1,0),(57,'2019-01-13',101,1,0),(57,'2019-01-13',102,1,0),(57,'2019-01-13',111,1,0),(59,'2017-11-10',81,1,0),(59,'2017-11-10',82,1,0),(59,'2017-11-10',91,1,0),(59,'2017-11-10',92,1,0),(59,'2017-11-10',101,1,0),(59,'2017-11-10',102,1,0),(59,'2017-11-10',111,1,0),(59,'2017-11-10',112,1,0),(59,'2017-11-10',121,1,0),(59,'2017-11-10',122,1,0),(59,'2017-11-10',131,1,0),(59,'2017-11-10',132,1,0),(59,'2017-11-10',141,1,0),(59,'2017-11-10',142,1,0),(59,'2017-11-10',151,1,0),(59,'2017-11-10',152,1,0),(59,'2017-11-10',161,1,0),(59,'2017-11-10',162,1,0),(59,'2017-11-10',171,1,0),(59,'2017-11-10',172,1,0),(59,'2017-11-10',181,1,0),(59,'2017-11-10',182,1,0),(59,'2017-11-10',191,1,0),(59,'2017-11-10',192,1,0),(59,'2017-11-10',201,1,0),(59,'2017-11-10',202,1,0),(59,'2017-11-10',211,1,0),(59,'2017-11-13',81,1,0),(59,'2017-11-13',82,1,0),(59,'2017-11-13',91,1,0),(59,'2017-11-13',92,1,0),(59,'2017-11-13',101,1,0),(59,'2017-11-13',102,1,0),(59,'2017-11-13',111,1,0),(59,'2017-11-13',112,1,0),(59,'2017-11-13',121,1,0),(59,'2017-11-13',122,1,0),(59,'2017-11-13',131,1,0),(59,'2017-11-13',132,1,0),(59,'2017-11-13',141,1,0),(59,'2017-11-13',142,1,0),(59,'2017-11-13',151,1,0),(59,'2017-11-13',152,1,0),(59,'2017-11-13',161,1,0),(59,'2017-11-13',162,1,0),(59,'2017-11-13',171,1,0),(59,'2017-11-13',172,1,0),(59,'2017-11-13',181,1,0),(59,'2017-11-13',182,1,0),(59,'2017-11-13',191,1,0),(59,'2017-11-13',192,1,0),(59,'2017-11-13',201,1,0),(59,'2017-11-13',202,1,0),(59,'2017-11-13',211,1,0),(59,'2017-11-14',81,1,0),(59,'2017-11-14',82,1,0),(59,'2017-11-14',91,1,0),(59,'2017-11-14',92,1,0),(59,'2017-11-14',101,1,0),(59,'2017-11-14',102,1,0),(59,'2017-11-14',111,1,0),(59,'2017-11-14',112,1,0),(59,'2017-11-14',121,1,0),(59,'2017-11-14',122,1,0),(59,'2017-11-14',131,1,0),(59,'2017-11-14',132,1,0),(59,'2017-11-14',141,1,0),(59,'2017-11-14',142,1,0),(59,'2017-11-14',151,1,0),(59,'2017-11-14',152,1,0),(59,'2017-11-14',161,1,0),(59,'2017-11-14',162,1,0),(59,'2017-11-14',171,1,0),(59,'2017-11-14',172,1,0),(59,'2017-11-14',181,1,0),(59,'2017-11-14',182,1,0),(59,'2017-11-14',191,1,0),(59,'2017-11-14',192,1,0),(59,'2017-11-14',201,1,0),(59,'2017-11-14',202,1,0),(59,'2017-11-14',211,1,0),(59,'2017-11-15',81,1,0),(59,'2017-11-15',82,1,0),(59,'2017-11-15',91,1,0),(59,'2017-11-15',92,1,0),(59,'2017-11-15',101,1,0),(59,'2017-11-15',102,1,0),(59,'2017-11-15',111,1,0),(59,'2017-11-15',112,1,0),(59,'2017-11-15',121,1,0),(59,'2017-11-15',122,1,0),(59,'2017-11-15',131,1,0),(59,'2017-11-15',132,1,0),(59,'2017-11-15',141,1,0),(59,'2017-11-15',142,1,0),(59,'2017-11-15',151,1,0),(59,'2017-11-15',152,1,0),(59,'2017-11-15',161,1,0),(59,'2017-11-15',162,1,0),(59,'2017-11-15',171,1,0),(59,'2017-11-15',172,1,0),(59,'2017-11-15',181,1,0),(59,'2017-11-15',182,1,0),(59,'2017-11-15',191,1,0),(59,'2017-11-15',192,1,0),(59,'2017-11-15',201,1,0),(59,'2017-11-15',202,1,0),(59,'2017-11-15',211,1,0),(59,'2017-11-16',81,1,0),(59,'2017-11-16',82,1,0),(59,'2017-11-16',91,1,0),(59,'2017-11-16',92,1,0),(59,'2017-11-16',101,1,0),(59,'2017-11-16',102,1,0),(59,'2017-11-16',111,1,0),(59,'2017-11-16',112,1,0),(59,'2017-11-16',121,1,0),(59,'2017-11-16',122,1,0),(59,'2017-11-16',131,1,0),(59,'2017-11-16',132,1,0),(59,'2017-11-16',141,1,0),(59,'2017-11-16',142,1,0),(59,'2017-11-16',151,1,0),(59,'2017-11-16',152,1,0),(59,'2017-11-16',161,1,0),(59,'2017-11-16',162,1,0),(59,'2017-11-16',171,1,0),(59,'2017-11-16',172,1,0),(59,'2017-11-16',181,1,0),(59,'2017-11-16',182,1,0),(59,'2017-11-16',191,1,0),(59,'2017-11-16',192,1,0),(59,'2017-11-16',201,1,0),(59,'2017-11-16',202,1,0),(59,'2017-11-16',211,1,0),(59,'2017-11-17',81,1,0),(59,'2017-11-17',82,1,0),(59,'2017-11-17',91,1,0),(59,'2017-11-17',92,1,0),(59,'2017-11-17',101,1,0),(59,'2017-11-17',102,1,0),(59,'2017-11-17',111,1,0),(59,'2017-11-17',112,1,0),(59,'2017-11-17',121,1,0),(59,'2017-11-17',122,1,0),(59,'2017-11-17',131,1,0),(59,'2017-11-17',132,1,0),(59,'2017-11-17',141,1,0),(59,'2017-11-17',142,1,0),(59,'2017-11-17',151,1,0),(59,'2017-11-17',152,1,0),(59,'2017-11-17',161,1,0),(59,'2017-11-17',162,1,0),(59,'2017-11-17',171,1,0),(59,'2017-11-17',172,1,0),(59,'2017-11-17',181,1,0),(59,'2017-11-17',182,1,0),(59,'2017-11-17',191,1,0),(59,'2017-11-17',192,1,0),(59,'2017-11-17',201,1,0),(59,'2017-11-17',202,1,0),(59,'2017-11-17',211,1,0),(61,'2017-11-07',191,1,0),(61,'2017-11-07',192,1,0),(61,'2017-11-07',201,1,0),(61,'2017-11-07',202,1,0),(61,'2017-11-07',211,1,0),(61,'2017-11-07',212,1,0),(61,'2017-11-07',221,1,0),(61,'2017-11-22',101,1,0),(61,'2017-11-22',102,1,0),(61,'2017-11-22',111,1,0),(61,'2017-11-22',112,1,0),(61,'2017-11-22',121,1,0),(61,'2017-11-22',131,1,0),(61,'2017-11-22',132,1,0),(61,'2017-11-22',141,1,0),(61,'2017-11-22',142,1,0),(61,'2017-11-22',151,1,0),(61,'2017-12-23',181,1,0),(61,'2017-12-23',182,1,0),(61,'2017-12-23',191,1,0),(61,'2017-12-23',192,1,0),(61,'2017-12-23',201,1,0),(61,'2017-12-23',231,1,0),(61,'2017-12-23',232,1,0),(61,'2017-12-23',241,1,0),(67,'2017-12-01',131,1,0),(67,'2017-12-01',132,1,0),(67,'2017-12-01',141,1,0),(67,'2017-12-01',161,1,0),(67,'2017-12-01',162,1,0),(67,'2017-12-01',171,1,0),(67,'2017-12-02',91,1,0),(67,'2017-12-02',92,1,0),(67,'2017-12-02',101,1,0),(67,'2017-12-02',131,1,0),(67,'2017-12-02',132,1,0),(67,'2017-12-02',141,1,0),(67,'2017-12-03',91,1,0),(67,'2017-12-03',92,1,0),(67,'2017-12-03',101,1,0),(67,'2017-12-03',142,1,0),(67,'2017-12-03',151,1,0),(67,'2017-12-03',152,1,0),(67,'2017-12-04',91,1,0),(67,'2017-12-04',92,1,0),(67,'2017-12-04',101,1,0),(67,'2017-12-04',131,1,0),(67,'2017-12-04',132,1,0),(67,'2017-12-04',141,1,0),(67,'2017-12-05',91,1,0),(67,'2017-12-05',92,1,0),(67,'2017-12-05',101,1,0),(67,'2017-12-05',131,1,0),(67,'2017-12-05',132,1,0),(67,'2017-12-05',141,1,0),(67,'2017-12-07',91,1,0),(67,'2017-12-07',92,1,0),(67,'2017-12-07',101,1,0),(67,'2017-12-07',131,1,0),(67,'2017-12-07',132,1,0),(67,'2017-12-07',141,1,0),(67,'2017-12-08',131,1,0),(67,'2017-12-08',132,1,0),(67,'2017-12-08',141,1,0),(67,'2017-12-08',161,1,0),(67,'2017-12-08',162,1,0),(67,'2017-12-08',171,1,0),(67,'2017-12-09',91,1,0),(67,'2017-12-09',92,1,0),(67,'2017-12-09',101,1,0),(67,'2017-12-09',131,1,0),(67,'2017-12-09',132,1,0),(67,'2017-12-09',141,1,0),(67,'2017-12-10',91,1,0),(67,'2017-12-10',92,1,0),(67,'2017-12-10',101,1,0),(67,'2017-12-10',142,1,0),(67,'2017-12-10',151,1,0),(67,'2017-12-10',152,1,0),(67,'2017-12-11',91,1,0),(67,'2017-12-11',92,1,0),(67,'2017-12-11',101,1,0),(67,'2017-12-11',131,1,0),(67,'2017-12-11',132,1,0),(67,'2017-12-11',141,1,0),(67,'2017-12-12',91,1,0),(67,'2017-12-12',92,1,0),(67,'2017-12-12',101,1,0),(67,'2017-12-12',131,1,0),(67,'2017-12-12',132,1,0),(67,'2017-12-12',141,1,0),(67,'2017-12-14',91,1,0),(67,'2017-12-14',92,1,0),(67,'2017-12-14',101,1,0),(67,'2017-12-14',131,1,0),(67,'2017-12-14',132,1,0),(67,'2017-12-14',141,1,0),(67,'2017-12-15',131,1,0),(67,'2017-12-15',132,1,0),(67,'2017-12-15',141,1,0),(67,'2017-12-15',161,1,0),(67,'2017-12-15',162,1,0),(67,'2017-12-15',171,1,0),(67,'2017-12-16',91,1,0),(67,'2017-12-16',92,1,0),(67,'2017-12-16',101,1,0),(67,'2017-12-16',131,1,0),(67,'2017-12-16',132,1,0),(67,'2017-12-16',141,1,0),(67,'2017-12-17',91,1,0),(67,'2017-12-17',92,1,0),(67,'2017-12-17',101,1,0),(67,'2017-12-17',142,1,0),(67,'2017-12-17',151,1,0),(67,'2017-12-17',152,1,0),(67,'2017-12-18',91,1,0),(67,'2017-12-18',92,1,0),(67,'2017-12-18',101,1,0),(67,'2017-12-18',131,1,0),(67,'2017-12-18',132,1,0),(67,'2017-12-18',141,1,0),(67,'2017-12-19',91,1,0),(67,'2017-12-19',92,1,0),(67,'2017-12-19',101,1,0),(67,'2017-12-19',131,1,0),(67,'2017-12-19',132,1,0),(67,'2017-12-19',141,1,0),(67,'2017-12-21',91,1,0),(67,'2017-12-21',92,1,0),(67,'2017-12-21',101,1,0),(67,'2017-12-21',131,1,0),(67,'2017-12-21',132,1,0),(67,'2017-12-21',141,1,0),(67,'2017-12-24',91,1,0),(67,'2017-12-24',92,1,0),(67,'2017-12-24',101,1,0),(67,'2017-12-24',142,1,0),(67,'2017-12-24',151,1,0),(67,'2017-12-24',152,1,0),(67,'2017-12-25',91,1,0),(67,'2017-12-25',92,1,0),(67,'2017-12-25',101,1,0),(67,'2017-12-25',131,1,0),(67,'2017-12-25',132,1,0),(67,'2017-12-25',141,1,0),(67,'2017-12-26',91,1,0),(67,'2017-12-26',92,1,0),(67,'2017-12-26',101,1,0),(67,'2017-12-26',131,1,0),(67,'2017-12-26',132,1,0),(67,'2017-12-26',141,1,0),(67,'2017-12-28',91,1,0),(67,'2017-12-28',92,1,0),(67,'2017-12-28',101,1,0),(67,'2017-12-28',131,1,0),(67,'2017-12-28',132,1,0),(67,'2017-12-28',141,1,0),(67,'2017-12-29',131,1,0),(67,'2017-12-29',132,1,0),(67,'2017-12-29',141,1,0),(67,'2017-12-29',161,1,0),(67,'2017-12-29',162,1,0),(67,'2017-12-29',171,1,0),(67,'2018-01-04',91,1,0),(67,'2018-01-04',92,1,0),(67,'2018-01-04',101,1,0),(67,'2018-01-04',131,1,0),(67,'2018-01-04',132,1,0),(67,'2018-01-04',141,1,0),(67,'2018-01-05',131,1,0),(67,'2018-01-05',132,1,0),(67,'2018-01-05',141,1,0),(67,'2018-01-05',161,1,0),(67,'2018-01-05',162,1,0),(67,'2018-01-05',171,1,0),(67,'2018-01-06',91,1,0),(67,'2018-01-06',92,1,0),(67,'2018-01-06',101,1,0),(67,'2018-01-06',131,1,0),(67,'2018-01-06',132,1,0),(67,'2018-01-06',141,1,0),(67,'2018-01-07',91,1,0),(67,'2018-01-07',92,1,0),(67,'2018-01-07',101,1,0),(67,'2018-01-07',142,1,0),(67,'2018-01-07',151,1,0),(67,'2018-01-07',152,1,0),(67,'2018-01-08',91,1,0),(67,'2018-01-08',92,1,0),(67,'2018-01-08',101,1,0),(67,'2018-01-08',131,1,0),(67,'2018-01-08',132,1,0),(67,'2018-01-08',141,1,0),(67,'2018-01-09',91,1,0),(67,'2018-01-09',92,1,0),(67,'2018-01-09',101,1,0),(67,'2018-01-09',131,1,0),(67,'2018-01-09',132,1,0),(67,'2018-01-09',141,1,0),(67,'2018-01-11',91,1,0),(67,'2018-01-11',92,1,0),(67,'2018-01-11',101,1,0),(67,'2018-01-11',131,1,0),(67,'2018-01-11',132,1,0),(67,'2018-01-11',141,1,0),(67,'2018-01-12',131,1,0),(67,'2018-01-12',132,1,0),(67,'2018-01-12',141,1,0),(67,'2018-01-12',161,1,0),(67,'2018-01-12',162,1,0),(67,'2018-01-12',171,1,0),(67,'2018-01-13',91,1,0),(67,'2018-01-13',92,1,0),(67,'2018-01-13',101,1,0),(67,'2018-01-13',131,1,0),(67,'2018-01-13',132,1,0),(67,'2018-01-13',141,1,0),(67,'2018-01-14',91,1,0),(67,'2018-01-14',92,1,0),(67,'2018-01-14',101,1,0),(67,'2018-01-14',142,1,0),(67,'2018-01-14',151,1,0),(67,'2018-01-14',152,1,0),(67,'2018-01-15',91,1,0),(67,'2018-01-15',92,1,0),(67,'2018-01-15',101,1,0),(67,'2018-01-15',131,1,0),(67,'2018-01-15',132,1,0),(67,'2018-01-15',141,1,0),(67,'2018-01-16',91,1,0),(67,'2018-01-16',92,1,0),(67,'2018-01-16',101,1,0),(67,'2018-01-16',131,1,0),(67,'2018-01-16',132,1,0),(67,'2018-01-16',141,1,0),(67,'2018-01-18',91,1,0),(67,'2018-01-18',92,1,0),(67,'2018-01-18',101,1,0),(67,'2018-01-18',131,1,0),(67,'2018-01-18',132,1,0),(67,'2018-01-18',141,1,0),(67,'2018-01-19',131,1,0),(67,'2018-01-19',132,1,0),(67,'2018-01-19',141,1,0),(67,'2018-01-19',161,1,0),(67,'2018-01-19',162,1,0),(67,'2018-01-19',171,1,0),(67,'2018-01-19',231,1,0),(67,'2018-01-19',232,1,0),(67,'2018-01-19',241,1,0),(67,'2018-01-20',91,1,0),(67,'2018-01-20',92,1,0),(67,'2018-01-20',101,1,0),(67,'2018-01-20',131,1,0),(67,'2018-01-20',132,1,0),(67,'2018-01-20',141,1,0),(67,'2018-01-21',91,1,0),(67,'2018-01-21',92,1,0),(67,'2018-01-21',101,1,0),(67,'2018-01-21',142,1,0),(67,'2018-01-21',151,1,0),(67,'2018-01-21',152,1,0),(67,'2018-01-22',91,1,0),(67,'2018-01-22',92,1,0),(67,'2018-01-22',101,1,0),(67,'2018-01-22',131,1,0),(67,'2018-01-22',132,1,0),(67,'2018-01-22',141,1,0),(67,'2018-01-23',91,1,0),(67,'2018-01-23',92,1,0),(67,'2018-01-23',101,1,0),(67,'2018-01-23',131,1,0),(67,'2018-01-23',132,1,0),(67,'2018-01-23',141,1,0),(67,'2018-01-25',91,1,0),(67,'2018-01-25',92,1,0),(67,'2018-01-25',101,1,0),(67,'2018-01-25',131,1,0),(67,'2018-01-25',132,1,0),(67,'2018-01-25',141,1,0),(67,'2018-01-26',131,1,0),(67,'2018-01-26',132,1,0),(67,'2018-01-26',141,1,0),(67,'2018-01-26',161,1,0),(67,'2018-01-26',162,1,0),(67,'2018-01-26',171,1,0),(67,'2018-01-27',91,1,0),(67,'2018-01-27',92,1,0),(67,'2018-01-27',101,1,0),(67,'2018-01-27',131,1,0),(67,'2018-01-27',132,1,0),(67,'2018-01-27',141,1,0),(67,'2018-01-28',91,1,0),(67,'2018-01-28',92,1,0),(67,'2018-01-28',101,1,0),(67,'2018-01-28',142,1,0),(67,'2018-01-28',151,1,0),(67,'2018-01-28',152,1,0),(67,'2018-01-29',91,1,0),(67,'2018-01-29',92,1,0),(67,'2018-01-29',101,1,0),(67,'2018-01-29',131,1,0),(67,'2018-01-29',132,1,0),(67,'2018-01-29',141,1,0),(67,'2018-01-30',91,1,0),(67,'2018-01-30',92,1,0),(67,'2018-01-30',101,1,0),(67,'2018-01-30',131,1,0),(67,'2018-01-30',132,1,0),(67,'2018-01-30',141,1,0),(67,'2018-02-01',91,1,0),(67,'2018-02-01',92,1,0),(67,'2018-02-01',101,1,0),(67,'2018-02-01',131,1,0),(67,'2018-02-01',132,1,0),(67,'2018-02-01',141,1,0),(67,'2018-02-02',131,1,0),(67,'2018-02-02',132,1,0),(67,'2018-02-02',141,1,0),(67,'2018-02-02',161,1,0),(67,'2018-02-02',162,1,0),(67,'2018-02-02',171,1,0),(67,'2018-02-03',91,1,0),(67,'2018-02-03',92,1,0),(67,'2018-02-03',101,1,0),(67,'2018-02-03',131,1,0),(67,'2018-02-03',132,1,0),(67,'2018-02-03',141,1,0),(67,'2018-02-04',91,1,0),(67,'2018-02-04',92,1,0),(67,'2018-02-04',101,1,0),(67,'2018-02-04',142,1,0),(67,'2018-02-04',151,1,0),(67,'2018-02-04',152,1,0),(67,'2018-02-05',91,1,0),(67,'2018-02-05',92,1,0),(67,'2018-02-05',101,1,0),(67,'2018-02-05',131,1,0),(67,'2018-02-05',132,1,0),(67,'2018-02-05',141,1,0),(67,'2018-02-06',91,1,0),(67,'2018-02-06',92,1,0),(67,'2018-02-06',101,1,0),(67,'2018-02-06',131,1,0),(67,'2018-02-06',132,1,0),(67,'2018-02-06',141,1,0),(67,'2018-02-08',91,1,0),(67,'2018-02-08',92,1,0),(67,'2018-02-08',101,1,0),(67,'2018-02-08',131,1,0),(67,'2018-02-08',132,1,0),(67,'2018-02-08',141,1,0),(67,'2018-02-09',131,1,0),(67,'2018-02-09',132,1,0),(67,'2018-02-09',141,1,0),(67,'2018-02-09',161,1,0),(67,'2018-02-09',162,1,0),(67,'2018-02-09',171,1,0),(67,'2018-02-10',91,1,0),(67,'2018-02-10',92,1,0),(67,'2018-02-10',101,1,0),(67,'2018-02-10',131,1,0),(67,'2018-02-10',132,1,0),(67,'2018-02-10',141,1,0),(67,'2018-02-11',91,1,0),(67,'2018-02-11',92,1,0),(67,'2018-02-11',101,1,0),(67,'2018-02-11',142,1,0),(67,'2018-02-11',151,1,0),(67,'2018-02-11',152,1,0),(67,'2018-02-12',91,1,0),(67,'2018-02-12',92,1,0),(67,'2018-02-12',101,1,0),(67,'2018-02-12',131,1,0),(67,'2018-02-12',132,1,0),(67,'2018-02-12',141,1,0),(67,'2018-02-13',91,1,0),(67,'2018-02-13',92,1,0),(67,'2018-02-13',101,1,0),(67,'2018-02-13',131,1,0),(67,'2018-02-13',132,1,0),(67,'2018-02-13',141,1,0),(67,'2018-02-15',91,1,0),(67,'2018-02-15',92,1,0),(67,'2018-02-15',101,1,0),(67,'2018-02-15',131,1,0),(67,'2018-02-15',132,1,0),(67,'2018-02-15',141,1,0),(67,'2018-02-16',131,1,0),(67,'2018-02-16',132,1,0),(67,'2018-02-16',141,1,0),(67,'2018-02-16',161,1,0),(67,'2018-02-16',162,1,0),(67,'2018-02-16',171,1,0),(67,'2018-02-17',91,1,0),(67,'2018-02-17',92,1,0),(67,'2018-02-17',101,1,0),(67,'2018-02-17',131,1,0),(67,'2018-02-17',132,1,0),(67,'2018-02-17',141,1,0),(67,'2018-02-18',91,1,0),(67,'2018-02-18',92,1,0),(67,'2018-02-18',101,1,0),(67,'2018-02-18',142,1,0),(67,'2018-02-18',151,1,0),(67,'2018-02-18',152,1,0),(67,'2018-02-19',91,1,0),(67,'2018-02-19',92,1,0),(67,'2018-02-19',101,1,0),(67,'2018-02-19',131,1,0),(67,'2018-02-19',132,1,0),(67,'2018-02-19',141,1,0),(67,'2018-02-20',91,1,0),(67,'2018-02-20',92,1,0),(67,'2018-02-20',101,1,0),(67,'2018-02-20',131,1,0),(67,'2018-02-20',132,1,0),(67,'2018-02-20',141,1,0),(67,'2018-02-22',91,1,0),(67,'2018-02-22',92,1,0),(67,'2018-02-22',101,1,0),(67,'2018-02-22',131,1,0),(67,'2018-02-22',132,1,0),(67,'2018-02-22',141,1,0),(67,'2018-02-23',131,1,0),(67,'2018-02-23',132,1,0),(67,'2018-02-23',141,1,0),(67,'2018-02-23',161,1,0),(67,'2018-02-23',162,1,0),(67,'2018-02-23',171,1,0),(67,'2018-02-24',91,1,0),(67,'2018-02-24',92,1,0),(67,'2018-02-24',101,1,0),(67,'2018-02-24',131,1,0),(67,'2018-02-24',132,1,0),(67,'2018-02-24',141,1,0),(67,'2018-02-25',91,1,0),(67,'2018-02-25',92,1,0),(67,'2018-02-25',101,1,0),(67,'2018-02-25',142,1,0),(67,'2018-02-25',151,1,0),(67,'2018-02-25',152,1,0),(67,'2018-02-26',91,1,0),(67,'2018-02-26',92,1,0),(67,'2018-02-26',101,1,0),(67,'2018-02-26',131,1,0),(67,'2018-02-26',132,1,0),(67,'2018-02-26',141,1,0),(67,'2018-02-27',91,1,0),(67,'2018-02-27',92,1,0),(67,'2018-02-27',101,1,0),(67,'2018-02-27',131,1,0),(67,'2018-02-27',132,1,0),(67,'2018-02-27',141,1,0),(67,'2018-03-01',91,1,0),(67,'2018-03-01',92,1,0),(67,'2018-03-01',101,1,0),(67,'2018-03-01',131,1,0),(67,'2018-03-01',132,1,0),(67,'2018-03-01',141,1,0),(67,'2018-03-02',131,1,0),(67,'2018-03-02',132,1,0),(67,'2018-03-02',141,1,0),(67,'2018-03-02',161,1,0),(67,'2018-03-02',162,1,0),(67,'2018-03-02',171,1,0),(67,'2018-03-03',91,1,0),(67,'2018-03-03',92,1,0),(67,'2018-03-03',101,1,0),(67,'2018-03-03',131,1,0),(67,'2018-03-03',132,1,0),(67,'2018-03-03',141,1,0),(67,'2018-03-04',91,1,0),(67,'2018-03-04',92,1,0),(67,'2018-03-04',101,1,0),(67,'2018-03-04',142,1,0),(67,'2018-03-04',151,1,0),(67,'2018-03-04',152,1,0),(67,'2018-03-05',91,1,0),(67,'2018-03-05',92,1,0),(67,'2018-03-05',101,1,0),(67,'2018-03-05',131,1,0),(67,'2018-03-05',132,1,0),(67,'2018-03-05',141,1,0),(67,'2018-03-06',91,1,0),(67,'2018-03-06',92,1,0),(67,'2018-03-06',101,1,0),(67,'2018-03-06',131,1,0),(67,'2018-03-06',132,1,0),(67,'2018-03-06',141,1,0),(67,'2018-03-08',91,1,0),(67,'2018-03-08',92,1,0),(67,'2018-03-08',101,1,0),(67,'2018-03-08',131,1,0),(67,'2018-03-08',132,1,0),(67,'2018-03-08',141,1,0),(67,'2018-03-09',131,1,0),(67,'2018-03-09',132,1,0),(67,'2018-03-09',141,1,0),(67,'2018-03-09',161,1,0),(67,'2018-03-09',162,1,0),(67,'2018-03-09',171,1,0),(67,'2018-03-10',91,1,0),(67,'2018-03-10',92,1,0),(67,'2018-03-10',101,1,0),(67,'2018-03-10',131,1,0),(67,'2018-03-10',132,1,0),(67,'2018-03-10',141,1,0),(67,'2018-03-11',91,1,0),(67,'2018-03-11',92,1,0),(67,'2018-03-11',101,1,0),(67,'2018-03-11',142,1,0),(67,'2018-03-11',151,1,0),(67,'2018-03-11',152,1,0),(67,'2018-03-13',91,1,0),(67,'2018-03-13',92,1,0),(67,'2018-03-13',101,1,0),(67,'2018-03-13',131,1,0),(67,'2018-03-13',132,1,0),(67,'2018-03-13',141,1,0),(67,'2018-03-15',91,1,0),(67,'2018-03-15',92,1,0),(67,'2018-03-15',101,1,0),(67,'2018-03-15',131,1,0),(67,'2018-03-15',132,1,0),(67,'2018-03-15',141,1,0),(67,'2018-03-16',131,1,0),(67,'2018-03-16',132,1,0),(67,'2018-03-16',141,1,0),(67,'2018-03-16',161,1,0),(67,'2018-03-16',162,1,0),(67,'2018-03-16',171,1,0),(67,'2018-03-17',91,1,0),(67,'2018-03-17',92,1,0),(67,'2018-03-17',101,1,0),(67,'2018-03-17',131,1,0),(67,'2018-03-17',132,1,0),(67,'2018-03-17',141,1,0),(67,'2018-03-18',91,1,0),(67,'2018-03-18',92,1,0),(67,'2018-03-18',101,1,0),(67,'2018-03-18',142,1,0),(67,'2018-03-18',151,1,0),(67,'2018-03-18',152,1,0),(67,'2018-03-20',91,1,0),(67,'2018-03-20',92,1,0),(67,'2018-03-20',101,1,0),(67,'2018-03-20',131,1,0),(67,'2018-03-20',132,1,0),(67,'2018-03-20',141,1,0),(67,'2018-03-22',91,1,0),(67,'2018-03-22',92,1,0),(67,'2018-03-22',101,1,0),(67,'2018-03-22',131,1,0),(67,'2018-03-22',132,1,0),(67,'2018-03-22',141,1,0),(67,'2018-03-23',131,1,0),(67,'2018-03-23',132,1,0),(67,'2018-03-23',141,1,0),(67,'2018-03-23',161,1,0),(67,'2018-03-23',162,1,0),(67,'2018-03-23',171,1,0),(67,'2018-03-24',91,1,0),(67,'2018-03-24',92,1,0),(67,'2018-03-24',101,1,0),(67,'2018-03-24',131,1,0),(67,'2018-03-24',132,1,0),(67,'2018-03-24',141,1,0),(67,'2018-03-25',91,1,0),(67,'2018-03-25',92,1,0),(67,'2018-03-25',101,1,0),(67,'2018-03-25',142,1,0),(67,'2018-03-25',151,1,0),(67,'2018-03-25',152,1,0),(67,'2018-03-27',91,1,0),(67,'2018-03-27',92,1,0),(67,'2018-03-27',101,1,0),(67,'2018-03-27',131,1,0),(67,'2018-03-27',132,1,0),(67,'2018-03-27',141,1,0),(67,'2018-03-29',91,1,0),(67,'2018-03-29',92,1,0),(67,'2018-03-29',101,1,0),(67,'2018-03-29',131,1,0),(67,'2018-03-29',132,1,0),(67,'2018-03-29',141,1,0),(67,'2018-03-30',131,1,0),(67,'2018-03-30',132,1,0),(67,'2018-03-30',141,1,0),(67,'2018-03-30',161,1,0),(67,'2018-03-30',162,1,0),(67,'2018-03-30',171,1,0),(67,'2018-03-31',91,1,0),(67,'2018-03-31',92,1,0),(67,'2018-03-31',101,1,0),(67,'2018-03-31',131,1,0),(67,'2018-03-31',132,1,0),(67,'2018-03-31',141,1,0),(67,'2018-04-01',91,1,0),(67,'2018-04-01',92,1,0),(67,'2018-04-01',101,1,0),(67,'2018-04-01',142,1,0),(67,'2018-04-01',151,1,0),(67,'2018-04-01',152,1,0),(67,'2018-07-04',91,1,0),(67,'2018-07-04',92,1,0),(67,'2018-07-04',101,1,0),(67,'2018-07-04',142,1,0),(67,'2018-07-04',151,1,0),(67,'2018-07-04',152,1,0),(67,'2018-07-05',102,1,0),(67,'2018-07-05',111,1,0),(67,'2018-07-05',112,1,0),(67,'2018-07-05',142,1,0),(67,'2018-07-05',151,1,0),(67,'2018-07-05',152,1,0),(67,'2018-07-06',102,1,0),(67,'2018-07-06',111,1,0),(67,'2018-07-06',112,1,0),(67,'2018-07-06',142,1,0),(67,'2018-07-06',151,1,0),(67,'2018-07-06',152,1,0),(67,'2018-07-07',102,1,0),(67,'2018-07-07',111,1,0),(67,'2018-07-07',112,1,0),(67,'2018-07-07',142,1,0),(67,'2018-07-07',151,1,0),(67,'2018-07-07',152,1,0),(67,'2018-07-09',91,1,0),(67,'2018-07-09',92,1,0),(67,'2018-07-09',101,1,0),(67,'2018-07-09',142,1,0),(67,'2018-07-09',151,1,0),(67,'2018-07-09',152,1,0),(67,'2018-07-10',102,1,0),(67,'2018-07-10',111,1,0),(67,'2018-07-10',112,1,0),(67,'2018-07-10',142,1,0),(67,'2018-07-10',151,1,0),(67,'2018-07-10',152,1,0),(67,'2018-07-11',91,1,0),(67,'2018-07-11',92,1,0),(67,'2018-07-11',101,1,0),(67,'2018-07-11',142,1,0),(67,'2018-07-11',151,1,0),(67,'2018-07-11',152,1,0),(67,'2018-07-12',102,1,0),(67,'2018-07-12',111,1,0),(67,'2018-07-12',112,1,0),(67,'2018-07-12',142,1,0),(67,'2018-07-12',151,1,0),(67,'2018-07-12',152,1,0),(67,'2018-07-13',102,1,0),(67,'2018-07-13',111,1,0),(67,'2018-07-13',112,1,0),(67,'2018-07-13',142,1,0),(67,'2018-07-13',151,1,0),(67,'2018-07-13',152,1,0),(67,'2018-07-14',102,1,0),(67,'2018-07-14',111,1,0),(67,'2018-07-14',112,1,0),(67,'2018-07-14',142,1,0),(67,'2018-07-14',151,1,0),(67,'2018-07-14',152,1,0),(67,'2018-07-16',91,1,0),(67,'2018-07-16',92,1,0),(67,'2018-07-16',101,1,0),(67,'2018-07-16',142,1,0),(67,'2018-07-16',151,1,0),(67,'2018-07-16',152,1,0),(67,'2018-07-17',102,1,0),(67,'2018-07-17',111,1,0),(67,'2018-07-17',112,1,0),(67,'2018-07-17',142,1,0),(67,'2018-07-17',151,1,0),(67,'2018-07-17',152,1,0),(67,'2018-07-18',91,1,0),(67,'2018-07-18',92,1,0),(67,'2018-07-18',101,1,0),(67,'2018-07-18',142,1,0),(67,'2018-07-18',151,1,0),(67,'2018-07-18',152,1,0),(67,'2018-07-19',102,1,0),(67,'2018-07-19',111,1,0),(67,'2018-07-19',112,1,0),(67,'2018-07-19',142,1,0),(67,'2018-07-19',151,1,0),(67,'2018-07-19',152,1,0),(67,'2018-07-20',102,1,0),(67,'2018-07-20',111,1,0),(67,'2018-07-20',112,1,0),(67,'2018-07-20',142,1,0),(67,'2018-07-20',151,1,0),(67,'2018-07-20',152,1,0),(67,'2018-07-21',102,1,0),(67,'2018-07-21',111,1,0),(67,'2018-07-21',112,1,0),(67,'2018-07-21',142,1,0),(67,'2018-07-21',151,1,0),(67,'2018-07-21',152,1,0),(67,'2018-07-23',91,1,0),(67,'2018-07-23',92,1,0),(67,'2018-07-23',101,1,0),(67,'2018-07-23',142,1,0),(67,'2018-07-23',151,1,0),(67,'2018-07-23',152,1,0),(67,'2018-07-24',102,1,0),(67,'2018-07-24',111,1,0),(67,'2018-07-24',112,1,0),(67,'2018-07-24',142,1,0),(67,'2018-07-24',151,1,0),(67,'2018-07-24',152,1,0),(67,'2018-07-25',91,1,0),(67,'2018-07-25',92,1,0),(67,'2018-07-25',101,1,0),(67,'2018-07-25',142,1,0),(67,'2018-07-25',151,1,0),(67,'2018-07-25',152,1,0),(67,'2018-07-26',102,1,0),(67,'2018-07-26',111,1,0),(67,'2018-07-26',112,1,0),(67,'2018-07-26',142,1,0),(67,'2018-07-26',151,1,0),(67,'2018-07-26',152,1,0),(67,'2018-07-27',102,1,0),(67,'2018-07-27',111,1,0),(67,'2018-07-27',112,1,0),(67,'2018-07-27',142,1,0),(67,'2018-07-27',151,1,0),(67,'2018-07-27',152,1,0),(67,'2018-07-28',102,1,0),(67,'2018-07-28',111,1,0),(67,'2018-07-28',112,1,0),(67,'2018-07-28',142,1,0),(67,'2018-07-28',151,1,0),(67,'2018-07-28',152,1,0),(67,'2018-07-30',91,1,0),(67,'2018-07-30',92,1,0),(67,'2018-07-30',101,1,0),(67,'2018-07-30',142,1,0),(67,'2018-07-30',151,1,0),(67,'2018-07-30',152,1,0),(67,'2018-07-31',102,1,0),(67,'2018-07-31',111,1,0),(67,'2018-07-31',112,1,0),(67,'2018-07-31',142,1,0),(67,'2018-07-31',151,1,0),(67,'2018-07-31',152,1,0),(67,'2018-08-01',91,1,0),(67,'2018-08-01',92,1,0),(67,'2018-08-01',101,1,0),(67,'2018-08-01',142,1,0),(67,'2018-08-01',151,1,0),(67,'2018-08-01',152,1,0),(67,'2018-08-02',102,1,0),(67,'2018-08-02',111,1,0),(67,'2018-08-02',112,1,0),(67,'2018-08-02',142,1,0),(67,'2018-08-02',151,1,0),(67,'2018-08-02',152,1,0),(67,'2018-08-03',102,1,0),(67,'2018-08-03',111,1,0),(67,'2018-08-03',112,1,0),(67,'2018-08-03',142,1,0),(67,'2018-08-03',151,1,0),(67,'2018-08-03',152,1,0),(67,'2018-08-04',102,1,0),(67,'2018-08-04',111,1,0),(67,'2018-08-04',112,1,0),(67,'2018-08-04',142,1,0),(67,'2018-08-04',151,1,0),(67,'2018-08-04',152,1,0),(67,'2018-08-06',91,1,0),(67,'2018-08-06',92,1,0),(67,'2018-08-06',101,1,0),(67,'2018-08-06',142,1,0),(67,'2018-08-06',151,1,0),(67,'2018-08-06',152,1,0),(67,'2018-08-07',102,1,0),(67,'2018-08-07',111,1,0),(67,'2018-08-07',112,1,0),(67,'2018-08-07',142,1,0),(67,'2018-08-07',151,1,0),(67,'2018-08-07',152,1,0),(67,'2018-08-08',91,1,0),(67,'2018-08-08',92,1,0),(67,'2018-08-08',101,1,0),(67,'2018-08-08',142,1,0),(67,'2018-08-08',151,1,0),(67,'2018-08-08',152,1,0),(67,'2018-08-09',102,1,0),(67,'2018-08-09',111,1,0),(67,'2018-08-09',112,1,0),(67,'2018-08-09',142,1,0),(67,'2018-08-09',151,1,0),(67,'2018-08-09',152,1,0),(67,'2018-08-10',102,1,0),(67,'2018-08-10',111,1,0),(67,'2018-08-10',112,1,0),(67,'2018-08-10',142,1,0),(67,'2018-08-10',151,1,0),(67,'2018-08-10',152,1,0),(67,'2018-08-11',102,1,0),(67,'2018-08-11',111,1,0),(67,'2018-08-11',112,1,0),(67,'2018-08-11',142,1,0),(67,'2018-08-11',151,1,0),(67,'2018-08-11',152,1,0),(67,'2018-08-13',91,1,0),(67,'2018-08-13',92,1,0),(67,'2018-08-13',101,1,0),(67,'2018-08-13',142,1,0),(67,'2018-08-13',151,1,0),(67,'2018-08-13',152,1,0),(67,'2018-08-14',102,1,0),(67,'2018-08-14',111,1,0),(67,'2018-08-14',112,1,0),(67,'2018-08-14',142,1,0),(67,'2018-08-14',151,1,0),(67,'2018-08-14',152,1,0),(67,'2018-08-15',91,1,0),(67,'2018-08-15',92,1,0),(67,'2018-08-15',101,1,0),(67,'2018-08-15',142,1,0),(67,'2018-08-15',151,1,0),(67,'2018-08-15',152,1,0),(67,'2018-08-16',102,1,0),(67,'2018-08-16',111,1,0),(67,'2018-08-16',112,1,0),(67,'2018-08-16',142,1,0),(67,'2018-08-16',151,1,0),(67,'2018-08-16',152,1,0),(67,'2018-08-17',102,1,0),(67,'2018-08-17',111,1,0),(67,'2018-08-17',112,1,0),(67,'2018-08-17',142,1,0),(67,'2018-08-17',151,1,0),(67,'2018-08-17',152,1,0),(67,'2018-08-18',102,1,0),(67,'2018-08-18',111,1,0),(67,'2018-08-18',112,1,0),(67,'2018-08-18',142,1,0),(67,'2018-08-18',151,1,0),(67,'2018-08-18',152,1,0),(67,'2018-08-20',91,1,0),(67,'2018-08-20',92,1,0),(67,'2018-08-20',101,1,0),(67,'2018-08-20',142,1,0),(67,'2018-08-20',151,1,0),(67,'2018-08-20',152,1,0),(67,'2018-08-21',102,1,0),(67,'2018-08-21',111,1,0),(67,'2018-08-21',112,1,0),(67,'2018-08-21',142,1,0),(67,'2018-08-21',151,1,0),(67,'2018-08-21',152,1,0),(67,'2018-08-22',91,1,0),(67,'2018-08-22',92,1,0),(67,'2018-08-22',101,1,0),(67,'2018-08-22',142,1,0),(67,'2018-08-22',151,1,0),(67,'2018-08-22',152,1,0),(67,'2018-08-23',102,1,0),(67,'2018-08-23',111,1,0),(67,'2018-08-23',112,1,0),(67,'2018-08-23',142,1,0),(67,'2018-08-23',151,1,0),(67,'2018-08-23',152,1,0),(67,'2018-08-24',102,1,0),(67,'2018-08-24',111,1,0),(67,'2018-08-24',112,1,0),(67,'2018-08-24',142,1,0),(67,'2018-08-24',151,1,0),(67,'2018-08-24',152,1,0),(67,'2018-08-25',102,1,0),(67,'2018-08-25',111,1,0),(67,'2018-08-25',112,1,0),(67,'2018-08-25',142,1,0),(67,'2018-08-25',151,1,0),(67,'2018-08-25',152,1,0),(67,'2018-08-27',91,1,0),(67,'2018-08-27',92,1,0),(67,'2018-08-27',101,1,0),(67,'2018-08-27',142,1,0),(67,'2018-08-27',151,1,0),(67,'2018-08-27',152,1,0),(67,'2018-08-28',102,1,0),(67,'2018-08-28',111,1,0),(67,'2018-08-28',112,1,0),(67,'2018-08-28',142,1,0),(67,'2018-08-28',151,1,0),(67,'2018-08-28',152,1,0),(67,'2018-08-29',91,1,0),(67,'2018-08-29',92,1,0),(67,'2018-08-29',101,1,0),(67,'2018-08-29',142,1,0),(67,'2018-08-29',151,1,0),(67,'2018-08-29',152,1,0),(67,'2018-08-30',102,1,0),(67,'2018-08-30',111,1,0),(67,'2018-08-30',112,1,0),(67,'2018-08-30',142,1,0),(67,'2018-08-30',151,1,0),(67,'2018-08-30',152,1,0),(67,'2018-08-31',102,1,0),(67,'2018-08-31',111,1,0),(67,'2018-08-31',112,1,0),(67,'2018-08-31',142,1,0),(67,'2018-08-31',151,1,0),(67,'2018-08-31',152,1,0),(67,'2018-09-01',102,1,0),(67,'2018-09-01',111,1,0),(67,'2018-09-01',112,1,0),(67,'2018-09-01',142,1,0),(67,'2018-09-01',151,1,0),(67,'2018-09-01',152,1,0),(67,'2018-09-03',91,1,0),(67,'2018-09-03',92,1,0),(67,'2018-09-03',101,1,0),(67,'2018-09-03',142,1,0),(67,'2018-09-03',151,1,0),(67,'2018-09-03',152,1,0),(67,'2018-09-04',102,1,0),(67,'2018-09-04',111,1,0),(67,'2018-09-04',112,1,0),(67,'2018-09-04',142,1,0),(67,'2018-09-04',151,1,0),(67,'2018-09-04',152,1,0),(67,'2018-09-05',91,1,0),(67,'2018-09-05',92,1,0),(67,'2018-09-05',101,1,0),(67,'2018-09-05',142,1,0),(67,'2018-09-05',151,1,0),(67,'2018-09-05',152,1,0),(67,'2018-09-06',102,1,0),(67,'2018-09-06',111,1,0),(67,'2018-09-06',112,1,0),(67,'2018-09-06',142,1,0),(67,'2018-09-06',151,1,0),(67,'2018-09-06',152,1,0),(67,'2018-09-07',102,1,0),(67,'2018-09-07',111,1,0),(67,'2018-09-07',112,1,0),(67,'2018-09-07',142,1,0),(67,'2018-09-07',151,1,0),(67,'2018-09-07',152,1,0),(67,'2018-09-08',102,1,0),(67,'2018-09-08',111,1,0),(67,'2018-09-08',112,1,0),(67,'2018-09-08',142,1,0),(67,'2018-09-08',151,1,0),(67,'2018-09-08',152,1,0),(67,'2018-09-10',91,1,0),(67,'2018-09-10',92,1,0),(67,'2018-09-10',101,1,0),(67,'2018-09-10',142,1,0),(67,'2018-09-10',151,1,0),(67,'2018-09-10',152,1,0),(67,'2018-09-11',102,1,0),(67,'2018-09-11',111,1,0),(67,'2018-09-11',112,1,0),(67,'2018-09-11',142,1,0),(67,'2018-09-11',151,1,0),(67,'2018-09-11',152,1,0),(67,'2018-09-12',91,1,0),(67,'2018-09-12',92,1,0),(67,'2018-09-12',101,1,0),(67,'2018-09-12',142,1,0),(67,'2018-09-12',151,1,0),(67,'2018-09-12',152,1,0),(67,'2018-09-13',102,1,0),(67,'2018-09-13',111,1,0),(67,'2018-09-13',112,1,0),(67,'2018-09-13',142,1,0),(67,'2018-09-13',151,1,0),(67,'2018-09-13',152,1,0),(67,'2018-09-14',102,1,0),(67,'2018-09-14',111,1,0),(67,'2018-09-14',112,1,0),(67,'2018-09-14',142,1,0),(67,'2018-09-14',151,1,0),(67,'2018-09-14',152,1,0),(67,'2018-09-15',102,1,0),(67,'2018-09-15',111,1,0),(67,'2018-09-15',112,1,0),(67,'2018-09-15',142,1,0),(67,'2018-09-15',151,1,0),(67,'2018-09-15',152,1,0),(67,'2018-09-17',91,1,0),(67,'2018-09-17',92,1,0),(67,'2018-09-17',101,1,0),(67,'2018-09-17',142,1,0),(67,'2018-09-17',151,1,0),(67,'2018-09-17',152,1,0),(67,'2018-09-18',102,1,0),(67,'2018-09-18',111,1,0),(67,'2018-09-18',112,1,0),(67,'2018-09-18',142,1,0),(67,'2018-09-18',151,1,0),(67,'2018-09-18',152,1,0),(67,'2018-09-19',91,1,0),(67,'2018-09-19',92,1,0),(67,'2018-09-19',101,1,0),(67,'2018-09-19',142,1,0),(67,'2018-09-19',151,1,0),(67,'2018-09-19',152,1,0),(67,'2018-09-20',102,1,0),(67,'2018-09-20',111,1,0),(67,'2018-09-20',112,1,0),(67,'2018-09-20',142,1,0),(67,'2018-09-20',151,1,0),(67,'2018-09-20',152,1,0),(67,'2018-09-21',102,1,0),(67,'2018-09-21',111,1,0),(67,'2018-09-21',112,1,0),(67,'2018-09-21',142,1,0),(67,'2018-09-21',151,1,0),(67,'2018-09-21',152,1,0),(67,'2018-09-22',102,1,0),(67,'2018-09-22',111,1,0),(67,'2018-09-22',112,1,0),(67,'2018-09-22',142,1,0),(67,'2018-09-22',151,1,0),(67,'2018-09-22',152,1,0),(67,'2018-09-24',91,1,0),(67,'2018-09-24',92,1,0),(67,'2018-09-24',101,1,0),(67,'2018-09-24',142,1,0),(67,'2018-09-24',151,1,0),(67,'2018-09-24',152,1,0),(67,'2018-09-25',102,1,0),(67,'2018-09-25',111,1,0),(67,'2018-09-25',112,1,0),(67,'2018-09-25',142,1,0),(67,'2018-09-25',151,1,0),(67,'2018-09-25',152,1,0),(69,'2017-10-19',71,1,0),(69,'2017-10-19',72,1,0),(69,'2017-10-19',81,1,0),(69,'2017-10-19',82,1,0),(69,'2017-10-19',91,1,0),(69,'2017-10-19',92,1,0),(69,'2017-10-19',101,1,0),(69,'2017-10-19',102,1,0),(69,'2017-10-19',111,1,0),(69,'2017-10-19',112,1,0),(69,'2017-10-19',121,1,0),(69,'2017-10-19',122,1,0),(69,'2017-10-19',131,1,0),(69,'2017-10-19',132,1,0),(69,'2017-10-19',141,1,0),(69,'2017-10-19',142,1,0),(69,'2017-10-19',151,1,0),(69,'2017-10-19',152,1,0),(69,'2017-10-19',161,1,0),(69,'2017-10-19',162,1,0),(69,'2017-10-19',171,1,0),(69,'2017-10-19',172,1,0),(69,'2017-10-19',181,1,0),(69,'2017-10-19',182,1,0),(69,'2017-10-19',191,1,0),(69,'2017-10-19',192,1,0),(69,'2017-10-19',201,1,0),(69,'2017-10-19',202,1,0),(69,'2017-10-19',211,1,0),(69,'2017-10-19',212,1,0),(69,'2017-10-19',221,1,0),(69,'2017-10-19',222,1,0),(69,'2017-10-19',231,1,0),(69,'2017-10-19',232,1,0),(69,'2017-10-19',241,1,0),(69,'2017-10-20',71,1,0),(69,'2017-10-20',72,1,0),(69,'2017-10-20',81,1,0),(69,'2017-10-20',82,1,0),(69,'2017-10-20',91,1,0),(69,'2017-10-20',92,1,0),(69,'2017-10-20',101,1,0),(69,'2017-10-20',102,1,0),(69,'2017-10-20',111,1,0),(69,'2017-10-20',112,1,0),(69,'2017-10-20',121,1,0),(69,'2017-10-20',122,1,0),(69,'2017-10-20',131,1,0),(69,'2017-10-20',132,1,0),(69,'2017-10-20',141,1,0),(69,'2017-10-20',142,1,0),(69,'2017-10-20',151,1,0),(69,'2017-10-20',152,1,0),(69,'2017-10-20',161,1,0),(69,'2017-10-20',162,1,0),(69,'2017-10-20',171,1,0),(69,'2017-10-20',172,1,0),(69,'2017-10-20',181,1,0),(69,'2017-10-20',182,1,0),(69,'2017-10-20',191,1,0),(69,'2017-10-20',192,1,0),(69,'2017-10-20',201,1,0),(69,'2017-10-20',202,1,0),(69,'2017-10-20',211,1,0),(69,'2017-10-20',212,1,0),(69,'2017-10-20',221,1,0),(69,'2017-10-20',222,1,0),(69,'2017-10-20',231,1,0),(69,'2017-10-20',232,1,0),(69,'2017-10-20',241,1,0),(69,'2017-10-21',71,1,0),(69,'2017-10-21',72,1,0),(69,'2017-10-21',81,1,0),(69,'2017-10-21',82,1,0),(69,'2017-10-21',91,1,0),(69,'2017-10-21',92,1,0),(69,'2017-10-21',101,1,0),(69,'2017-10-21',102,1,0),(69,'2017-10-21',111,1,0),(69,'2017-10-21',112,1,0),(69,'2017-10-21',121,1,0),(69,'2017-10-21',122,1,0),(69,'2017-10-21',131,1,0),(69,'2017-10-21',132,1,0),(69,'2017-10-21',141,1,0),(69,'2017-10-21',142,1,0),(69,'2017-10-21',151,1,0),(69,'2017-10-21',152,1,0),(69,'2017-10-21',161,1,0),(69,'2017-10-21',162,1,0),(69,'2017-10-21',171,1,0),(69,'2017-10-21',172,1,0),(69,'2017-10-21',181,1,0),(69,'2017-10-21',182,1,0),(69,'2017-10-21',191,1,0),(69,'2017-10-21',192,1,0),(69,'2017-10-21',201,1,0),(69,'2017-10-21',202,1,0),(69,'2017-10-21',211,1,0),(69,'2017-10-21',212,1,0),(69,'2017-10-21',221,1,0),(69,'2017-10-21',222,1,0),(69,'2017-10-21',231,1,0),(69,'2017-10-21',232,1,0),(69,'2017-10-21',241,1,0),(69,'2017-10-22',71,1,0),(69,'2017-10-22',72,1,0),(69,'2017-10-22',81,1,0),(69,'2017-10-22',82,1,0),(69,'2017-10-22',91,1,0),(69,'2017-10-22',92,1,0),(69,'2017-10-22',101,1,0),(69,'2017-10-22',102,1,0),(69,'2017-10-22',111,1,0),(69,'2017-10-22',112,1,0),(69,'2017-10-22',121,1,0),(69,'2017-10-22',122,1,0),(69,'2017-10-22',131,1,0),(69,'2017-10-22',132,1,0),(69,'2017-10-22',141,1,0),(69,'2017-10-22',142,1,0),(69,'2017-10-22',151,1,0),(69,'2017-10-22',152,1,0),(69,'2017-10-22',161,1,0),(69,'2017-10-22',162,1,0),(69,'2017-10-22',171,1,0),(69,'2017-10-22',172,1,0),(69,'2017-10-22',181,1,0),(69,'2017-10-22',182,1,0),(69,'2017-10-22',191,1,0),(69,'2017-10-22',192,1,0),(69,'2017-10-22',201,1,0),(69,'2017-10-22',202,1,0),(69,'2017-10-22',211,1,0),(69,'2017-10-22',212,1,0),(69,'2017-10-22',221,1,0),(69,'2017-10-22',222,1,0),(69,'2017-10-22',231,1,0),(69,'2017-10-22',232,1,0),(69,'2017-10-22',241,1,0),(69,'2017-10-23',71,1,0),(69,'2017-10-23',72,1,0),(69,'2017-10-23',81,1,0),(69,'2017-10-23',82,1,0),(69,'2017-10-23',91,1,0),(69,'2017-10-23',92,1,0),(69,'2017-10-23',101,1,0),(69,'2017-10-23',102,1,0),(69,'2017-10-23',111,1,0),(69,'2017-10-23',112,1,0),(69,'2017-10-23',121,1,0),(69,'2017-10-23',122,1,0),(69,'2017-10-23',131,1,0),(69,'2017-10-23',132,1,0),(69,'2017-10-23',141,1,0),(69,'2017-10-23',142,1,0),(69,'2017-10-23',151,1,0),(69,'2017-10-23',152,1,0),(69,'2017-10-23',161,1,0),(69,'2017-10-23',162,1,0),(69,'2017-10-23',171,1,0),(69,'2017-10-23',172,1,0),(69,'2017-10-23',181,1,0),(69,'2017-10-23',182,1,0),(69,'2017-10-23',191,1,0),(69,'2017-10-23',192,1,0),(69,'2017-10-23',201,1,0),(69,'2017-10-23',202,1,0),(69,'2017-10-23',211,1,0),(69,'2017-10-23',212,1,0),(69,'2017-10-23',221,1,0),(69,'2017-10-23',222,1,0),(69,'2017-10-23',231,1,0),(69,'2017-10-23',232,1,0),(69,'2017-10-23',241,1,0),(69,'2017-10-24',71,1,0),(69,'2017-10-24',72,1,0),(69,'2017-10-24',81,1,0),(69,'2017-10-24',82,1,0),(69,'2017-10-24',91,1,0),(69,'2017-10-24',92,1,0),(69,'2017-10-24',101,1,0),(69,'2017-10-24',102,1,0),(69,'2017-10-24',111,1,0),(69,'2017-10-24',112,1,0),(69,'2017-10-24',121,1,0),(69,'2017-10-24',122,1,0),(69,'2017-10-24',131,1,0),(69,'2017-10-24',132,1,0),(69,'2017-10-24',141,1,0),(69,'2017-10-24',142,1,0),(69,'2017-10-24',151,1,0),(69,'2017-10-24',152,1,0),(69,'2017-10-24',161,1,0),(69,'2017-10-24',162,1,0),(69,'2017-10-24',171,1,0),(69,'2017-10-24',172,1,0),(69,'2017-10-24',181,1,0),(69,'2017-10-24',182,1,0),(69,'2017-10-24',191,1,0),(69,'2017-10-24',192,1,0),(69,'2017-10-24',201,1,0),(69,'2017-10-24',202,1,0),(69,'2017-10-24',211,1,0),(69,'2017-10-24',212,1,0),(69,'2017-10-24',221,1,0),(69,'2017-10-24',222,1,0),(69,'2017-10-24',231,1,0),(69,'2017-10-24',232,1,0),(69,'2017-10-24',241,1,0),(69,'2017-10-25',71,1,0),(69,'2017-10-25',72,1,0),(69,'2017-10-25',81,1,0),(69,'2017-10-25',82,1,0),(69,'2017-10-25',91,1,0),(69,'2017-10-25',92,1,0),(69,'2017-10-25',101,1,0),(69,'2017-10-25',102,1,0),(69,'2017-10-25',111,1,0),(69,'2017-10-25',112,1,0),(69,'2017-10-25',121,1,0),(69,'2017-10-25',122,1,0),(69,'2017-10-25',131,1,0),(69,'2017-10-25',132,1,0),(69,'2017-10-25',141,1,0),(69,'2017-10-25',142,1,0),(69,'2017-10-25',151,1,0),(69,'2017-10-25',152,1,0),(69,'2017-10-25',161,1,0),(69,'2017-10-25',162,1,0),(69,'2017-10-25',171,1,0),(69,'2017-10-25',172,1,0),(69,'2017-10-25',181,1,0),(69,'2017-10-25',182,1,0),(69,'2017-10-25',191,1,0),(69,'2017-10-25',192,1,0),(69,'2017-10-25',201,1,0),(69,'2017-10-25',202,1,0),(69,'2017-10-25',211,1,0),(69,'2017-10-25',212,1,0),(69,'2017-10-25',221,1,0),(69,'2017-10-25',222,1,0),(69,'2017-10-25',231,1,0),(69,'2017-10-25',232,1,0),(69,'2017-10-25',241,1,0),(69,'2017-10-26',71,1,0),(69,'2017-10-26',72,1,0),(69,'2017-10-26',81,1,0),(69,'2017-10-26',82,1,0),(69,'2017-10-26',91,1,0),(69,'2017-10-26',92,1,0),(69,'2017-10-26',101,1,0),(69,'2017-10-26',102,1,0),(69,'2017-10-26',111,1,0),(69,'2017-10-26',112,1,0),(69,'2017-10-26',121,1,0),(69,'2017-10-26',122,1,0),(69,'2017-10-26',131,1,0),(69,'2017-10-26',132,1,0),(69,'2017-10-26',141,1,0),(69,'2017-10-26',142,1,0),(69,'2017-10-26',151,1,0),(69,'2017-10-26',152,1,0),(69,'2017-10-26',161,1,0),(69,'2017-10-26',162,1,0),(69,'2017-10-26',171,1,0),(69,'2017-10-26',172,1,0),(69,'2017-10-26',181,1,0),(69,'2017-10-26',182,1,0),(69,'2017-10-26',191,1,0),(69,'2017-10-26',192,1,0),(69,'2017-10-26',201,1,0),(69,'2017-10-26',202,1,0),(69,'2017-10-26',211,1,0),(69,'2017-10-26',212,1,0),(69,'2017-10-26',221,1,0),(69,'2017-10-26',222,1,0),(69,'2017-10-26',231,1,0),(69,'2017-10-26',232,1,0),(69,'2017-10-26',241,1,0),(69,'2017-10-27',71,1,0),(69,'2017-10-27',72,1,0),(69,'2017-10-27',81,1,0),(69,'2017-10-27',82,1,0),(69,'2017-10-27',91,1,0),(69,'2017-10-27',92,1,0),(69,'2017-10-27',101,1,0),(69,'2017-10-27',102,1,0),(69,'2017-10-27',111,1,0),(69,'2017-10-27',112,1,0),(69,'2017-10-27',121,1,0),(69,'2017-10-27',122,1,0),(69,'2017-10-27',131,1,0),(69,'2017-10-27',132,1,0),(69,'2017-10-27',141,1,0),(69,'2017-10-27',142,1,0),(69,'2017-10-27',151,1,0),(69,'2017-10-27',152,1,0),(69,'2017-10-27',161,1,0),(69,'2017-10-27',162,1,0),(69,'2017-10-27',171,1,0),(69,'2017-10-27',172,1,0),(69,'2017-10-27',181,1,0),(69,'2017-10-27',182,1,0),(69,'2017-10-27',191,1,0),(69,'2017-10-27',192,1,0),(69,'2017-10-27',201,1,0),(69,'2017-10-27',202,1,0),(69,'2017-10-27',211,1,0),(69,'2017-10-27',212,1,0),(69,'2017-10-27',221,1,0),(69,'2017-10-27',222,1,0),(69,'2017-10-27',231,1,0),(69,'2017-10-27',232,1,0),(69,'2017-10-27',241,1,0),(69,'2017-10-28',71,1,0),(69,'2017-10-28',72,1,0),(69,'2017-10-28',81,1,0),(69,'2017-10-28',82,1,0),(69,'2017-10-28',91,1,0),(69,'2017-10-28',92,1,0),(69,'2017-10-28',101,1,0),(69,'2017-10-28',102,1,0),(69,'2017-10-28',111,1,0),(69,'2017-10-28',112,1,0),(69,'2017-10-28',121,1,0),(69,'2017-10-28',122,1,0),(69,'2017-10-28',131,1,0),(69,'2017-10-28',132,1,0),(69,'2017-10-28',141,1,0),(69,'2017-10-28',142,1,0),(69,'2017-10-28',151,1,0),(69,'2017-10-28',152,1,0),(69,'2017-10-28',161,1,0),(69,'2017-10-28',162,1,0),(69,'2017-10-28',171,1,0),(69,'2017-10-28',172,1,0),(69,'2017-10-28',181,1,0),(69,'2017-10-28',182,1,0),(69,'2017-10-28',191,1,0),(69,'2017-10-28',192,1,0),(69,'2017-10-28',201,1,0),(69,'2017-10-28',202,1,0),(69,'2017-10-28',211,1,0),(69,'2017-10-28',212,1,0),(69,'2017-10-28',221,1,0),(69,'2017-10-28',222,1,0),(69,'2017-10-28',231,1,0),(69,'2017-10-28',232,1,0),(69,'2017-10-28',241,1,0),(69,'2017-10-29',71,1,0),(69,'2017-10-29',72,1,0),(69,'2017-10-29',81,1,0),(69,'2017-10-29',82,1,0),(69,'2017-10-29',91,1,0),(69,'2017-10-29',92,1,0),(69,'2017-10-29',101,1,0),(69,'2017-10-29',102,1,0),(69,'2017-10-29',111,1,0),(69,'2017-10-29',112,1,0),(69,'2017-10-29',121,1,0),(69,'2017-10-29',122,1,0),(69,'2017-10-29',131,1,0),(69,'2017-10-29',132,1,0),(69,'2017-10-29',141,1,0),(69,'2017-10-29',142,1,0),(69,'2017-10-29',151,1,0),(69,'2017-10-29',152,1,0),(69,'2017-10-29',161,1,0),(69,'2017-10-29',162,1,0),(69,'2017-10-29',171,1,0),(69,'2017-10-29',172,1,0),(69,'2017-10-29',181,1,0),(69,'2017-10-29',182,1,0),(69,'2017-10-29',191,1,0),(69,'2017-10-29',192,1,0),(69,'2017-10-29',201,1,0),(69,'2017-10-29',202,1,0),(69,'2017-10-29',211,1,0),(69,'2017-10-29',212,1,0),(69,'2017-10-29',221,1,0),(69,'2017-10-29',222,1,0),(69,'2017-10-29',231,1,0),(69,'2017-10-29',232,1,0),(69,'2017-10-29',241,1,0),(69,'2017-10-30',71,1,0),(69,'2017-10-30',72,1,0),(69,'2017-10-30',81,1,0),(69,'2017-10-30',82,1,0),(69,'2017-10-30',91,1,0),(69,'2017-10-30',92,1,0),(69,'2017-10-30',101,1,0),(69,'2017-10-30',102,1,0),(69,'2017-10-30',111,1,0),(69,'2017-10-30',112,1,0),(69,'2017-10-30',121,1,0),(69,'2017-10-30',122,1,0),(69,'2017-10-30',131,1,0),(69,'2017-10-30',132,1,0),(69,'2017-10-30',141,1,0),(69,'2017-10-30',142,1,0),(69,'2017-10-30',151,1,0),(69,'2017-10-30',152,1,0),(69,'2017-10-30',161,1,0),(69,'2017-10-30',162,1,0),(69,'2017-10-30',171,1,0),(69,'2017-10-30',172,1,0),(69,'2017-10-30',181,1,0),(69,'2017-10-30',182,1,0),(69,'2017-10-30',191,1,0),(69,'2017-10-30',192,1,0),(69,'2017-10-30',201,1,0),(69,'2017-10-30',202,1,0),(69,'2017-10-30',211,1,0),(69,'2017-10-30',212,1,0),(69,'2017-10-30',221,1,0),(69,'2017-10-30',222,1,0),(69,'2017-10-30',231,1,0),(69,'2017-10-30',232,1,0),(69,'2017-10-30',241,1,0),(69,'2017-10-31',71,1,0),(69,'2017-10-31',72,1,0),(69,'2017-10-31',81,1,0),(69,'2017-10-31',82,1,0),(69,'2017-10-31',91,1,0),(69,'2017-10-31',92,1,0),(69,'2017-10-31',101,1,0),(69,'2017-10-31',102,1,0),(69,'2017-10-31',111,1,0),(69,'2017-10-31',112,1,0),(69,'2017-10-31',121,1,0),(69,'2017-10-31',122,1,0),(69,'2017-10-31',131,1,0),(69,'2017-10-31',132,1,0),(69,'2017-10-31',141,1,0),(69,'2017-10-31',142,1,0),(69,'2017-10-31',151,1,0),(69,'2017-10-31',152,1,0),(69,'2017-10-31',161,1,0),(69,'2017-10-31',162,1,0),(69,'2017-10-31',171,1,0),(69,'2017-10-31',172,1,0),(69,'2017-10-31',181,1,0),(69,'2017-10-31',182,1,0),(69,'2017-10-31',191,1,0),(69,'2017-10-31',192,1,0),(69,'2017-10-31',201,1,0),(69,'2017-10-31',202,1,0),(69,'2017-10-31',211,1,0),(69,'2017-10-31',212,1,0),(69,'2017-10-31',221,1,0),(69,'2017-10-31',222,1,0),(69,'2017-10-31',231,1,0),(69,'2017-10-31',232,1,0),(69,'2017-10-31',241,1,0),(69,'2017-11-01',72,1,0),(69,'2017-11-01',81,1,0),(69,'2017-11-01',82,1,0),(69,'2017-11-01',91,1,0),(69,'2017-11-01',92,1,0),(69,'2017-11-01',101,1,0),(69,'2017-11-01',102,1,0),(69,'2017-11-01',111,1,0),(69,'2017-11-01',112,1,0),(69,'2017-11-01',121,1,0),(69,'2017-11-01',122,1,0),(69,'2017-11-01',131,1,0),(69,'2017-11-01',132,1,0),(69,'2017-11-01',141,1,0),(69,'2017-11-01',142,1,0),(69,'2017-11-01',151,1,0),(69,'2017-11-01',152,1,0),(69,'2017-11-01',161,1,0),(69,'2017-11-01',162,1,0),(69,'2017-11-01',171,1,0),(69,'2017-11-01',172,1,0),(69,'2017-11-01',181,1,0),(69,'2017-11-01',182,1,0),(69,'2017-11-01',191,1,0),(69,'2017-11-01',192,1,0),(69,'2017-11-01',201,1,0),(69,'2017-11-01',202,1,0),(69,'2017-11-01',211,1,0),(69,'2017-11-01',212,1,0),(69,'2017-11-01',221,1,0),(69,'2017-11-01',222,1,0),(69,'2017-11-01',231,1,0),(69,'2017-11-01',232,1,0),(69,'2017-11-01',241,1,0),(69,'2017-11-02',71,1,0),(69,'2017-11-02',72,1,0),(69,'2017-11-02',81,1,0),(69,'2017-11-02',82,1,0),(69,'2017-11-02',91,1,0),(69,'2017-11-02',92,1,0),(69,'2017-11-02',101,1,0),(69,'2017-11-02',102,1,0),(69,'2017-11-02',111,1,0),(69,'2017-11-02',112,1,0),(69,'2017-11-02',121,1,0),(69,'2017-11-02',122,1,0),(69,'2017-11-02',131,1,0),(69,'2017-11-02',132,1,0),(69,'2017-11-02',141,1,0),(69,'2017-11-02',142,1,0),(69,'2017-11-02',151,1,0),(69,'2017-11-02',152,1,0),(69,'2017-11-02',161,1,0),(69,'2017-11-02',162,1,0),(69,'2017-11-02',171,1,0),(69,'2017-11-02',172,1,0),(69,'2017-11-02',181,1,0),(69,'2017-11-02',182,1,0),(69,'2017-11-02',191,1,0),(69,'2017-11-02',192,1,0),(69,'2017-11-02',201,1,0),(69,'2017-11-02',202,1,0),(69,'2017-11-02',211,1,0),(69,'2017-11-02',212,1,0),(69,'2017-11-02',221,1,0),(69,'2017-11-02',222,1,0),(69,'2017-11-02',231,1,0),(69,'2017-11-02',232,1,0),(69,'2017-11-02',241,1,0),(69,'2017-11-03',71,1,0),(69,'2017-11-03',72,1,0),(69,'2017-11-03',81,1,0),(69,'2017-11-03',82,1,0),(69,'2017-11-03',91,1,0),(69,'2017-11-03',92,1,0),(69,'2017-11-03',101,1,0),(69,'2017-11-03',102,1,0),(69,'2017-11-03',111,1,0),(69,'2017-11-03',112,1,0),(69,'2017-11-03',121,1,0),(69,'2017-11-03',122,1,0),(69,'2017-11-03',131,1,0),(69,'2017-11-03',132,1,0),(69,'2017-11-03',141,1,0),(69,'2017-11-03',142,1,0),(69,'2017-11-03',151,1,0),(69,'2017-11-03',152,1,0),(69,'2017-11-03',161,1,0),(69,'2017-11-03',162,1,0),(69,'2017-11-03',171,1,0),(69,'2017-11-03',172,1,0),(69,'2017-11-03',181,1,0),(69,'2017-11-03',182,1,0),(69,'2017-11-03',191,1,0),(69,'2017-11-03',192,1,0),(69,'2017-11-03',201,1,0),(69,'2017-11-03',202,1,0),(69,'2017-11-03',211,1,0),(69,'2017-11-03',212,1,0),(69,'2017-11-03',221,1,0),(69,'2017-11-03',222,1,0),(69,'2017-11-03',231,1,0),(69,'2017-11-03',232,1,0),(69,'2017-11-03',241,1,0),(69,'2017-11-04',71,1,0),(69,'2017-11-04',72,1,0),(69,'2017-11-04',81,1,0),(69,'2017-11-04',82,1,0),(69,'2017-11-04',91,1,0),(69,'2017-11-04',92,1,0),(69,'2017-11-04',101,1,0),(69,'2017-11-04',102,1,0),(69,'2017-11-04',111,1,0),(69,'2017-11-04',112,1,0),(69,'2017-11-04',121,1,0),(69,'2017-11-04',122,1,0),(69,'2017-11-04',131,1,0),(69,'2017-11-04',132,1,0),(69,'2017-11-04',141,1,0),(69,'2017-11-04',142,1,0),(69,'2017-11-04',151,1,0),(69,'2017-11-04',152,1,0),(69,'2017-11-04',161,1,0),(69,'2017-11-04',162,1,0),(69,'2017-11-04',171,1,0),(69,'2017-11-04',172,1,0),(69,'2017-11-04',181,1,0),(69,'2017-11-04',182,1,0),(69,'2017-11-04',191,1,0),(69,'2017-11-04',192,1,0),(69,'2017-11-04',201,1,0),(69,'2017-11-04',202,1,0),(69,'2017-11-04',211,1,0),(69,'2017-11-04',212,1,0),(69,'2017-11-04',221,1,0),(69,'2017-11-04',222,1,0),(69,'2017-11-04',231,1,0),(69,'2017-11-04',232,1,0),(69,'2017-11-04',241,1,0),(69,'2017-11-05',71,1,0),(69,'2017-11-05',72,1,0),(69,'2017-11-05',81,1,0),(69,'2017-11-05',82,1,0),(69,'2017-11-05',91,1,0),(69,'2017-11-05',92,1,0),(69,'2017-11-05',101,1,0),(69,'2017-11-05',102,1,0),(69,'2017-11-05',111,1,0),(69,'2017-11-05',112,1,0),(69,'2017-11-05',121,1,0),(69,'2017-11-05',122,1,0),(69,'2017-11-05',131,1,0),(69,'2017-11-05',132,1,0),(69,'2017-11-05',141,1,0),(69,'2017-11-05',142,1,0),(69,'2017-11-05',151,1,0),(69,'2017-11-05',152,1,0),(69,'2017-11-05',161,1,0),(69,'2017-11-05',162,1,0),(69,'2017-11-05',171,1,0),(69,'2017-11-05',172,1,0),(69,'2017-11-05',181,1,0),(69,'2017-11-05',182,1,0),(69,'2017-11-05',191,1,0),(69,'2017-11-05',192,1,0),(69,'2017-11-05',201,1,0),(69,'2017-11-05',202,1,0),(69,'2017-11-05',211,1,0),(69,'2017-11-05',212,1,0),(69,'2017-11-05',221,1,0),(69,'2017-11-05',222,1,0),(69,'2017-11-05',231,1,0),(69,'2017-11-05',232,1,0),(69,'2017-11-05',241,1,0),(69,'2017-11-06',71,1,0),(69,'2017-11-06',72,1,0),(69,'2017-11-06',81,1,0),(69,'2017-11-06',82,1,0),(69,'2017-11-06',91,1,0),(69,'2017-11-06',92,1,0),(69,'2017-11-06',101,1,0),(69,'2017-11-06',102,1,0),(69,'2017-11-06',111,1,0),(69,'2017-11-06',112,1,0),(69,'2017-11-06',121,1,0),(69,'2017-11-06',122,1,0),(69,'2017-11-06',131,1,0),(69,'2017-11-06',132,1,0),(69,'2017-11-06',141,1,0),(69,'2017-11-06',142,1,0),(69,'2017-11-06',151,1,0),(69,'2017-11-06',152,1,0),(69,'2017-11-06',161,1,0),(69,'2017-11-06',162,1,0),(69,'2017-11-06',171,1,0),(69,'2017-11-06',172,1,0),(69,'2017-11-06',181,1,0),(69,'2017-11-06',182,1,0),(69,'2017-11-06',191,1,0),(69,'2017-11-06',192,1,0),(69,'2017-11-06',201,1,0),(69,'2017-11-06',202,1,0),(69,'2017-11-06',211,1,0),(69,'2017-11-06',212,1,0),(69,'2017-11-06',221,1,0),(69,'2017-11-06',222,1,0),(69,'2017-11-06',231,1,0),(69,'2017-11-06',232,1,0),(69,'2017-11-06',241,1,0),(69,'2017-11-07',71,1,0),(69,'2017-11-07',72,1,0),(69,'2017-11-07',81,1,0),(69,'2017-11-07',82,1,0),(69,'2017-11-07',91,1,0),(69,'2017-11-07',92,1,0),(69,'2017-11-07',101,1,0),(69,'2017-11-07',102,1,0),(69,'2017-11-07',111,1,0),(69,'2017-11-07',112,1,0),(69,'2017-11-07',121,1,0),(69,'2017-11-07',122,1,0),(69,'2017-11-07',131,1,0),(69,'2017-11-07',132,1,0),(69,'2017-11-07',141,1,0),(69,'2017-11-07',142,1,0),(69,'2017-11-07',151,1,0),(69,'2017-11-07',152,1,0),(69,'2017-11-07',161,1,0),(69,'2017-11-07',162,1,0),(69,'2017-11-07',171,1,0),(69,'2017-11-07',172,1,0),(69,'2017-11-07',181,1,0),(69,'2017-11-07',182,1,0),(69,'2017-11-07',191,1,0),(69,'2017-11-07',192,1,0),(69,'2017-11-07',201,1,0),(69,'2017-11-07',202,1,0),(69,'2017-11-07',211,1,0),(69,'2017-11-07',212,1,0),(69,'2017-11-07',221,1,0),(69,'2017-11-07',222,1,0),(69,'2017-11-07',231,1,0),(69,'2017-11-07',232,1,0),(69,'2017-11-07',241,1,0),(69,'2017-11-08',71,1,0),(69,'2017-11-08',72,1,0),(69,'2017-11-08',81,1,0),(69,'2017-11-08',82,1,0),(69,'2017-11-08',91,1,0),(69,'2017-11-08',92,1,0),(69,'2017-11-08',101,1,0),(69,'2017-11-08',102,1,0),(69,'2017-11-08',111,1,0),(69,'2017-11-08',112,1,0),(69,'2017-11-08',121,1,0),(69,'2017-11-08',122,1,0),(69,'2017-11-08',131,1,0),(69,'2017-11-08',132,1,0),(69,'2017-11-08',141,1,0),(69,'2017-11-08',142,1,0),(69,'2017-11-08',151,1,0),(69,'2017-11-08',152,1,0),(69,'2017-11-08',161,1,0),(69,'2017-11-08',162,1,0),(69,'2017-11-08',171,1,0),(69,'2017-11-08',172,1,0),(69,'2017-11-08',181,1,0),(69,'2017-11-08',182,1,0),(69,'2017-11-08',191,1,0),(69,'2017-11-08',192,1,0),(69,'2017-11-08',201,1,0),(69,'2017-11-08',202,1,0),(69,'2017-11-08',211,1,0),(69,'2017-11-08',212,1,0),(69,'2017-11-08',221,1,0),(69,'2017-11-08',222,1,0),(69,'2017-11-08',231,1,0),(69,'2017-11-08',232,1,0),(69,'2017-11-08',241,1,0),(69,'2017-11-09',71,1,0),(69,'2017-11-09',72,1,0),(69,'2017-11-09',81,1,0),(69,'2017-11-09',82,1,0),(69,'2017-11-09',91,1,0),(69,'2017-11-09',92,1,0),(69,'2017-11-09',101,1,0),(69,'2017-11-09',102,1,0),(69,'2017-11-09',111,1,0),(69,'2017-11-09',112,1,0),(69,'2017-11-09',121,1,0),(69,'2017-11-09',122,1,0),(69,'2017-11-09',131,1,0),(69,'2017-11-09',132,1,0),(69,'2017-11-09',141,1,0),(69,'2017-11-09',142,1,0),(69,'2017-11-09',151,1,0),(69,'2017-11-09',152,1,0),(69,'2017-11-09',161,1,0),(69,'2017-11-09',162,1,0),(69,'2017-11-09',171,1,0),(69,'2017-11-09',172,1,0),(69,'2017-11-09',181,1,0),(69,'2017-11-09',182,1,0),(69,'2017-11-09',191,1,0),(69,'2017-11-09',192,1,0),(69,'2017-11-09',201,1,0),(69,'2017-11-09',202,1,0),(69,'2017-11-09',211,1,0),(69,'2017-11-09',212,1,0),(69,'2017-11-09',221,1,0),(69,'2017-11-09',222,1,0),(69,'2017-11-09',231,1,0),(69,'2017-11-09',232,1,0),(69,'2017-11-09',241,1,0),(69,'2017-11-10',71,1,0),(69,'2017-11-10',72,1,0),(69,'2017-11-10',81,1,0),(69,'2017-11-10',82,1,0),(69,'2017-11-10',91,1,0),(69,'2017-11-10',92,1,0),(69,'2017-11-10',101,1,0),(69,'2017-11-10',102,1,0),(69,'2017-11-10',111,1,0),(69,'2017-11-10',112,1,0),(69,'2017-11-10',121,1,0),(69,'2017-11-10',122,1,0),(69,'2017-11-10',131,1,0),(69,'2017-11-10',132,1,0),(69,'2017-11-10',141,1,0),(69,'2017-11-10',142,1,0),(69,'2017-11-10',151,1,0),(69,'2017-11-10',152,1,0),(69,'2017-11-10',161,1,0),(69,'2017-11-10',162,1,0),(69,'2017-11-10',171,1,0),(69,'2017-11-10',172,1,0),(69,'2017-11-10',181,1,0),(69,'2017-11-10',182,1,0),(69,'2017-11-10',191,1,0),(69,'2017-11-10',192,1,0),(69,'2017-11-10',201,1,0),(69,'2017-11-10',202,1,0),(69,'2017-11-10',211,1,0),(69,'2017-11-10',212,1,0),(69,'2017-11-10',221,1,0),(69,'2017-11-10',222,1,0),(69,'2017-11-10',231,1,0),(69,'2017-11-10',232,1,0),(69,'2017-11-10',241,1,0),(69,'2017-11-11',71,1,0),(69,'2017-11-11',72,1,0),(69,'2017-11-11',81,1,0),(69,'2017-11-11',82,1,0),(69,'2017-11-11',91,1,0),(69,'2017-11-11',92,1,0),(69,'2017-11-11',101,1,0),(69,'2017-11-11',102,1,0),(69,'2017-11-11',111,1,0),(69,'2017-11-11',112,1,0),(69,'2017-11-11',121,1,0),(69,'2017-11-11',122,1,0),(69,'2017-11-11',131,1,0),(69,'2017-11-11',132,1,0),(69,'2017-11-11',141,1,0),(69,'2017-11-11',142,1,0),(69,'2017-11-11',151,1,0),(69,'2017-11-11',152,1,0),(69,'2017-11-11',161,1,0),(69,'2017-11-11',162,1,0),(69,'2017-11-11',171,1,0),(69,'2017-11-11',172,1,0),(69,'2017-11-11',181,1,0),(69,'2017-11-11',182,1,0),(69,'2017-11-11',191,1,0),(69,'2017-11-11',192,1,0),(69,'2017-11-11',201,1,0),(69,'2017-11-11',202,1,0),(69,'2017-11-11',211,1,0),(69,'2017-11-11',212,1,0),(69,'2017-11-11',221,1,0),(69,'2017-11-11',222,1,0),(69,'2017-11-11',231,1,0),(69,'2017-11-11',232,1,0),(69,'2017-11-11',241,1,0),(69,'2017-11-12',71,1,0),(69,'2017-11-12',72,1,0),(69,'2017-11-12',81,1,0),(69,'2017-11-12',82,1,0),(69,'2017-11-12',91,1,0),(69,'2017-11-12',92,1,0),(69,'2017-11-12',101,1,0),(69,'2017-11-12',102,1,0),(69,'2017-11-12',111,1,0),(69,'2017-11-12',112,1,0),(69,'2017-11-12',121,1,0),(69,'2017-11-12',122,1,0),(69,'2017-11-12',131,1,0),(69,'2017-11-12',132,1,0),(69,'2017-11-12',141,1,0),(69,'2017-11-12',142,1,0),(69,'2017-11-12',151,1,0),(69,'2017-11-12',152,1,0),(69,'2017-11-12',161,1,0),(69,'2017-11-12',162,1,0),(69,'2017-11-12',171,1,0),(69,'2017-11-12',172,1,0),(69,'2017-11-12',181,1,0),(69,'2017-11-12',182,1,0),(69,'2017-11-12',191,1,0),(69,'2017-11-12',192,1,0),(69,'2017-11-12',201,1,0),(69,'2017-11-12',202,1,0),(69,'2017-11-12',211,1,0),(69,'2017-11-12',212,1,0),(69,'2017-11-12',221,1,0),(69,'2017-11-12',222,1,0),(69,'2017-11-12',231,1,0),(69,'2017-11-12',232,1,0),(69,'2017-11-12',241,1,0),(69,'2017-11-13',71,1,0),(69,'2017-11-13',72,1,0),(69,'2017-11-13',81,1,0),(69,'2017-11-13',82,1,0),(69,'2017-11-13',91,1,0),(69,'2017-11-13',92,1,0),(69,'2017-11-13',101,1,0),(69,'2017-11-13',102,1,0),(69,'2017-11-13',111,1,0),(69,'2017-11-13',112,1,0),(69,'2017-11-13',121,1,0),(69,'2017-11-13',122,1,0),(69,'2017-11-13',131,1,0),(69,'2017-11-13',132,1,0),(69,'2017-11-13',141,1,0),(69,'2017-11-13',142,1,0),(69,'2017-11-13',151,1,0),(69,'2017-11-13',152,1,0),(69,'2017-11-13',161,1,0),(69,'2017-11-13',162,1,0),(69,'2017-11-13',171,1,0),(69,'2017-11-13',172,1,0),(69,'2017-11-13',181,1,0),(69,'2017-11-13',182,1,0),(69,'2017-11-13',191,1,0),(69,'2017-11-13',192,1,0),(69,'2017-11-13',201,1,0),(69,'2017-11-13',202,1,0),(69,'2017-11-13',211,1,0),(69,'2017-11-13',212,1,0),(69,'2017-11-13',221,1,0),(69,'2017-11-13',222,1,0),(69,'2017-11-13',231,1,0),(69,'2017-11-13',232,1,0),(69,'2017-11-13',241,1,0),(69,'2017-11-14',71,1,0),(69,'2017-11-14',72,1,0),(69,'2017-11-14',81,1,0),(69,'2017-11-14',82,1,0),(69,'2017-11-14',91,1,0),(69,'2017-11-14',92,1,0),(69,'2017-11-14',101,1,0),(69,'2017-11-14',102,1,0),(69,'2017-11-14',111,1,0),(69,'2017-11-14',112,1,0),(69,'2017-11-14',121,1,0),(69,'2017-11-14',122,1,0),(69,'2017-11-14',131,1,0),(69,'2017-11-14',132,1,0),(69,'2017-11-14',141,1,0),(69,'2017-11-14',142,1,0),(69,'2017-11-14',151,1,0),(69,'2017-11-14',152,1,0),(69,'2017-11-14',161,1,0),(69,'2017-11-14',162,1,0),(69,'2017-11-14',171,1,0),(69,'2017-11-14',172,1,0),(69,'2017-11-14',181,1,0),(69,'2017-11-14',182,1,0),(69,'2017-11-14',191,1,0),(69,'2017-11-14',192,1,0),(69,'2017-11-14',201,1,0),(69,'2017-11-14',202,1,0),(69,'2017-11-14',211,1,0),(69,'2017-11-14',212,1,0),(69,'2017-11-14',221,1,0),(69,'2017-11-14',222,1,0),(69,'2017-11-14',231,1,0),(69,'2017-11-14',232,1,0),(69,'2017-11-14',241,1,0),(69,'2017-11-15',71,1,0),(69,'2017-11-15',72,1,0),(69,'2017-11-15',81,1,0),(69,'2017-11-15',82,1,0),(69,'2017-11-15',91,1,0),(69,'2017-11-15',92,1,0),(69,'2017-11-15',101,1,0),(69,'2017-11-15',102,1,0),(69,'2017-11-15',111,1,0),(69,'2017-11-15',112,1,0),(69,'2017-11-15',121,1,0),(69,'2017-11-15',122,1,0),(69,'2017-11-15',131,1,0),(69,'2017-11-15',132,1,0),(69,'2017-11-15',141,1,0),(69,'2017-11-15',142,1,0),(69,'2017-11-15',151,1,0),(69,'2017-11-15',152,1,0),(69,'2017-11-15',161,1,0),(69,'2017-11-15',162,1,0),(69,'2017-11-15',171,1,0),(69,'2017-11-15',172,1,0),(69,'2017-11-15',181,1,0),(69,'2017-11-15',182,1,0),(69,'2017-11-15',191,1,0),(69,'2017-11-15',192,1,0),(69,'2017-11-15',201,1,0),(69,'2017-11-15',202,1,0),(69,'2017-11-15',211,1,0),(69,'2017-11-15',212,1,0),(69,'2017-11-15',221,1,0),(69,'2017-11-15',222,1,0),(69,'2017-11-15',231,1,0),(69,'2017-11-15',232,1,0),(69,'2017-11-15',241,1,0),(69,'2017-11-16',71,1,0),(69,'2017-11-16',72,1,0),(69,'2017-11-16',81,1,0),(69,'2017-11-16',82,1,0),(69,'2017-11-16',91,1,0),(69,'2017-11-16',92,1,0),(69,'2017-11-16',101,1,0),(69,'2017-11-16',102,1,0),(69,'2017-11-16',111,1,0),(69,'2017-11-16',112,1,0),(69,'2017-11-16',121,1,0),(69,'2017-11-16',122,1,0),(69,'2017-11-16',131,1,0),(69,'2017-11-16',132,1,0),(69,'2017-11-16',141,1,0),(69,'2017-11-16',142,1,0),(69,'2017-11-16',151,1,0),(69,'2017-11-16',152,1,0),(69,'2017-11-16',161,1,0),(69,'2017-11-16',162,1,0),(69,'2017-11-16',171,1,0),(69,'2017-11-16',172,1,0),(69,'2017-11-16',181,1,0),(69,'2017-11-16',182,1,0),(69,'2017-11-16',191,1,0),(69,'2017-11-16',192,1,0),(69,'2017-11-16',201,1,0),(69,'2017-11-16',202,1,0),(69,'2017-11-16',211,1,0),(69,'2017-11-16',212,1,0),(69,'2017-11-16',221,1,0),(69,'2017-11-16',222,1,0),(69,'2017-11-16',231,1,0),(69,'2017-11-16',232,1,0),(69,'2017-11-16',241,1,0),(69,'2017-11-17',71,1,0),(69,'2017-11-17',72,1,0),(69,'2017-11-17',81,1,0),(69,'2017-11-17',82,1,0),(69,'2017-11-17',91,1,0),(69,'2017-11-17',92,1,0),(69,'2017-11-17',101,1,0),(69,'2017-11-17',102,1,0),(69,'2017-11-17',111,1,0),(69,'2017-11-17',112,1,0),(69,'2017-11-17',121,1,0),(69,'2017-11-17',122,1,0),(69,'2017-11-17',131,1,0),(69,'2017-11-17',132,1,0),(69,'2017-11-18',71,1,0),(69,'2017-11-18',72,1,0),(69,'2017-11-18',81,1,0),(69,'2017-11-18',82,1,0),(69,'2017-11-18',91,1,0),(69,'2017-11-18',92,1,0),(69,'2017-11-18',101,1,0),(69,'2017-11-18',102,1,0),(69,'2017-11-18',111,1,0),(69,'2017-11-18',112,1,0),(69,'2017-11-18',121,1,0),(69,'2017-11-18',122,1,0),(69,'2017-11-18',131,1,0),(69,'2017-11-18',132,1,0),(69,'2017-11-19',71,1,0),(69,'2017-11-19',72,1,0),(69,'2017-11-19',81,1,0),(69,'2017-11-19',82,1,0),(69,'2017-11-19',91,1,0),(69,'2017-11-19',92,1,0),(69,'2017-11-19',101,1,0),(69,'2017-11-19',102,1,0),(69,'2017-11-19',111,1,0),(69,'2017-11-19',112,1,0),(69,'2017-11-19',121,1,0),(69,'2017-11-19',122,1,0),(69,'2017-11-19',131,1,0),(69,'2017-11-19',132,1,0),(69,'2017-11-20',71,1,0),(69,'2017-11-20',72,1,0),(69,'2017-11-20',81,1,0),(69,'2017-11-20',82,1,0),(69,'2017-11-20',91,1,0),(69,'2017-11-20',92,1,0),(69,'2017-11-20',101,1,0),(69,'2017-11-20',102,1,0),(69,'2017-11-20',111,1,0),(69,'2017-11-20',112,1,0),(69,'2017-11-20',121,1,0),(69,'2017-11-20',122,1,0),(69,'2017-11-20',131,1,0),(69,'2017-11-20',132,1,0),(69,'2017-11-21',71,1,0),(69,'2017-11-21',72,1,0),(69,'2017-11-21',81,1,0),(69,'2017-11-21',82,1,0),(69,'2017-11-21',91,1,0),(69,'2017-11-21',92,1,0),(69,'2017-11-21',101,1,0),(69,'2017-11-21',102,1,0),(69,'2017-11-21',111,1,0),(69,'2017-11-21',112,1,0),(69,'2017-11-21',121,1,0),(69,'2017-11-21',122,1,0),(69,'2017-11-21',131,1,0),(69,'2017-11-21',132,1,0),(69,'2017-11-24',71,1,0),(69,'2017-11-24',72,1,0),(69,'2017-11-24',81,1,0),(69,'2017-11-24',82,1,0),(69,'2017-11-24',91,1,0),(69,'2017-11-24',92,1,0),(69,'2017-11-24',101,1,0),(69,'2017-11-24',102,1,0),(69,'2017-11-24',111,1,0),(69,'2017-11-24',112,1,0),(69,'2017-11-24',121,1,0),(69,'2017-11-24',122,1,0),(69,'2017-11-24',131,1,0),(69,'2017-11-24',132,1,0),(69,'2017-11-25',71,1,0),(69,'2017-11-25',72,1,0),(69,'2017-11-25',81,1,0),(69,'2017-11-25',82,1,0),(69,'2017-11-25',91,1,0),(69,'2017-11-25',92,1,0),(69,'2017-11-25',101,1,0),(69,'2017-11-25',102,1,0),(69,'2017-11-25',111,1,0),(69,'2017-11-25',112,1,0),(69,'2017-11-25',121,1,0),(69,'2017-11-25',122,1,0),(69,'2017-11-25',131,1,0),(69,'2017-11-25',132,1,0),(69,'2017-11-26',71,1,0),(69,'2017-11-26',72,1,0),(69,'2017-11-26',81,1,0),(69,'2017-11-26',82,1,0),(69,'2017-11-26',91,1,0),(69,'2017-11-26',92,1,0),(69,'2017-11-26',101,1,0),(69,'2017-11-26',102,1,0),(69,'2017-11-26',111,1,0),(69,'2017-11-26',112,1,0),(69,'2017-11-26',121,1,0),(69,'2017-11-26',122,1,0),(69,'2017-11-26',131,1,0),(69,'2017-11-26',132,1,0),(69,'2017-11-27',71,1,0),(69,'2017-11-27',72,1,0),(69,'2017-11-27',81,1,0),(69,'2017-11-27',82,1,0),(69,'2017-11-27',91,1,0),(69,'2017-11-27',92,1,0),(69,'2017-11-27',101,1,0),(69,'2017-11-27',102,1,0),(69,'2017-11-27',111,1,0),(69,'2017-11-27',112,1,0),(69,'2017-11-27',121,1,0),(69,'2017-11-27',122,1,0),(69,'2017-11-27',131,1,0),(69,'2017-11-27',132,1,0),(69,'2017-11-28',71,1,0),(69,'2017-11-28',72,1,0),(69,'2017-11-28',81,1,0),(69,'2017-11-28',82,1,0),(69,'2017-11-28',91,1,0),(69,'2017-11-28',92,1,0),(69,'2017-11-28',101,1,0),(69,'2017-11-28',102,1,0),(69,'2017-11-28',111,1,0),(69,'2017-11-28',112,1,0),(69,'2017-11-28',121,1,0),(69,'2017-11-28',122,1,0),(69,'2017-11-28',131,1,0),(69,'2017-11-28',132,1,0),(69,'2017-11-29',71,1,0),(69,'2017-11-29',72,1,0),(69,'2017-11-29',81,1,0),(69,'2017-11-29',82,1,0),(69,'2017-11-29',91,1,0),(69,'2017-11-30',72,1,0),(69,'2017-11-30',81,1,0),(69,'2017-11-30',82,1,0),(69,'2017-11-30',91,1,0),(69,'2017-11-30',92,1,0),(69,'2017-12-01',71,1,0),(69,'2017-12-01',72,1,0),(69,'2017-12-01',81,1,0),(69,'2017-12-01',82,1,0),(69,'2017-12-01',91,1,0),(69,'2017-12-01',92,1,0),(69,'2017-12-01',101,1,0),(69,'2017-12-01',102,1,0),(69,'2017-12-01',111,1,0),(69,'2017-12-01',112,1,0),(69,'2017-12-01',121,1,0),(69,'2017-12-01',122,1,0),(69,'2017-12-01',131,1,0),(69,'2017-12-01',132,1,0),(69,'2017-12-02',71,1,0),(69,'2017-12-02',72,1,0),(69,'2017-12-02',91,1,0),(69,'2017-12-02',92,1,0),(69,'2017-12-02',101,1,0),(69,'2017-12-02',102,1,0),(69,'2017-12-02',111,1,0),(69,'2017-12-02',112,1,0),(69,'2017-12-02',121,1,0),(69,'2017-12-02',122,1,0),(69,'2017-12-02',131,1,0),(69,'2017-12-02',132,1,0),(69,'2017-12-03',71,1,0),(69,'2017-12-03',72,1,0),(69,'2017-12-03',81,1,0),(69,'2017-12-03',91,1,0),(69,'2017-12-03',92,1,0),(69,'2017-12-03',101,1,0),(69,'2017-12-03',102,1,0),(69,'2017-12-03',111,1,0),(69,'2017-12-03',112,1,0),(69,'2017-12-03',121,1,0),(69,'2017-12-03',122,1,0),(69,'2017-12-03',131,1,0),(69,'2017-12-03',132,1,0),(69,'2017-12-05',71,1,0),(69,'2017-12-05',72,1,0),(69,'2017-12-05',81,1,0),(69,'2017-12-05',82,1,0),(69,'2017-12-05',91,1,0),(69,'2017-12-05',92,1,0),(69,'2017-12-05',101,1,0),(69,'2017-12-05',102,1,0),(69,'2017-12-05',111,1,0),(69,'2017-12-05',112,1,0),(69,'2017-12-05',121,1,0),(69,'2017-12-05',122,1,0),(69,'2017-12-05',131,1,0),(69,'2017-12-05',132,1,0),(69,'2017-12-08',71,1,0),(69,'2017-12-08',72,1,0),(69,'2017-12-08',81,1,0),(69,'2017-12-08',82,1,0),(69,'2017-12-08',91,1,0),(69,'2017-12-08',92,1,0),(69,'2017-12-08',101,1,0),(69,'2017-12-08',102,1,0),(69,'2017-12-08',111,1,0),(69,'2017-12-08',112,1,0),(69,'2017-12-08',121,1,0),(69,'2017-12-08',122,1,0),(69,'2017-12-08',131,1,0),(69,'2017-12-08',132,1,0),(69,'2017-12-09',71,1,0),(69,'2017-12-09',72,1,0),(69,'2017-12-09',81,1,0),(69,'2017-12-09',82,1,0),(69,'2017-12-09',91,1,0),(69,'2017-12-09',92,1,0),(69,'2017-12-09',101,1,0),(69,'2017-12-09',102,1,0),(69,'2017-12-09',111,1,0),(69,'2017-12-09',112,1,0),(69,'2017-12-09',121,1,0),(69,'2017-12-09',122,1,0),(69,'2017-12-09',131,1,0),(69,'2017-12-09',132,1,0),(69,'2017-12-10',71,1,0),(69,'2017-12-10',72,1,0),(69,'2017-12-10',81,1,0),(69,'2017-12-10',82,1,0),(69,'2017-12-10',91,1,0),(69,'2017-12-10',92,1,0),(69,'2017-12-10',101,1,0),(69,'2017-12-10',102,1,0),(69,'2017-12-10',111,1,0),(69,'2017-12-10',112,1,0),(69,'2017-12-10',121,1,0),(69,'2017-12-10',122,1,0),(69,'2017-12-10',131,1,0),(69,'2017-12-10',132,1,0),(69,'2017-12-11',92,1,0),(69,'2017-12-11',101,1,0),(69,'2017-12-11',102,1,0),(69,'2017-12-11',111,1,0),(69,'2017-12-11',112,1,0),(69,'2017-12-11',121,1,0),(69,'2017-12-11',122,1,0),(69,'2017-12-11',131,1,0),(69,'2017-12-11',132,1,0),(69,'2017-12-12',71,1,0),(69,'2017-12-12',72,1,0),(69,'2017-12-12',81,1,0),(69,'2017-12-12',82,1,0),(69,'2017-12-12',91,1,0),(69,'2017-12-12',92,1,0),(69,'2017-12-12',101,1,0),(69,'2017-12-12',102,1,0),(69,'2017-12-12',111,1,0),(69,'2017-12-12',112,1,0),(69,'2017-12-12',121,1,0),(69,'2017-12-12',122,1,0),(69,'2017-12-12',131,1,0),(69,'2017-12-12',132,1,0),(69,'2017-12-13',71,1,0),(69,'2017-12-13',72,1,0),(69,'2017-12-13',81,1,0),(69,'2017-12-13',82,1,0),(69,'2017-12-13',91,1,0),(69,'2017-12-13',92,1,0),(69,'2017-12-13',101,1,0),(69,'2017-12-13',102,1,0),(69,'2017-12-13',111,1,0),(69,'2017-12-13',112,1,0),(69,'2017-12-13',121,1,0),(69,'2017-12-13',122,1,0),(69,'2017-12-13',131,1,0),(69,'2017-12-13',132,1,0),(69,'2017-12-13',141,1,0),(69,'2017-12-13',142,1,0),(69,'2017-12-13',151,1,0),(69,'2017-12-13',152,1,0),(69,'2017-12-13',161,1,0),(69,'2017-12-14',71,1,0),(69,'2017-12-14',72,1,0),(69,'2017-12-14',81,1,0),(69,'2017-12-14',82,1,0),(69,'2017-12-14',91,1,0),(69,'2017-12-14',92,1,0),(69,'2017-12-14',101,1,0),(69,'2017-12-14',102,1,0),(69,'2017-12-14',111,1,0),(69,'2017-12-14',112,1,0),(69,'2017-12-14',121,1,0),(69,'2017-12-14',122,1,0),(69,'2017-12-14',131,1,0),(69,'2017-12-14',132,1,0),(69,'2017-12-14',141,1,0),(69,'2017-12-14',142,1,0),(69,'2017-12-14',151,1,0),(69,'2017-12-14',152,1,0),(69,'2017-12-14',161,1,0),(69,'2017-12-15',71,1,0),(69,'2017-12-15',72,1,0),(69,'2017-12-15',81,1,0),(69,'2017-12-15',82,1,0),(69,'2017-12-15',91,1,0),(69,'2017-12-15',92,1,0),(69,'2017-12-15',101,1,0),(69,'2017-12-15',102,1,0),(69,'2017-12-15',111,1,0),(69,'2017-12-15',112,1,0),(69,'2017-12-15',121,1,0),(69,'2017-12-15',122,1,0),(69,'2017-12-15',131,1,0),(69,'2017-12-15',132,1,0),(69,'2017-12-15',141,1,0),(69,'2017-12-15',142,1,0),(69,'2017-12-15',151,1,0),(69,'2017-12-15',152,1,0),(69,'2017-12-15',161,1,0),(69,'2017-12-16',71,1,0),(69,'2017-12-16',72,1,0),(69,'2017-12-16',81,1,0),(69,'2017-12-16',82,1,0),(69,'2017-12-16',91,1,0),(69,'2017-12-16',92,1,0),(69,'2017-12-16',101,1,0),(69,'2017-12-16',102,1,0),(69,'2017-12-16',111,1,0),(69,'2017-12-16',112,1,0),(69,'2017-12-16',121,1,0),(69,'2017-12-16',122,1,0),(69,'2017-12-16',131,1,0),(69,'2017-12-16',132,1,0),(69,'2017-12-16',141,1,0),(69,'2017-12-16',142,1,0),(69,'2017-12-16',151,1,0),(69,'2017-12-16',152,1,0),(69,'2017-12-16',161,1,0),(69,'2017-12-20',71,1,0),(69,'2017-12-20',72,1,0),(69,'2017-12-20',81,1,0),(69,'2017-12-20',82,1,0),(69,'2017-12-20',91,1,0),(69,'2017-12-22',71,1,0),(69,'2017-12-22',72,1,0),(69,'2017-12-22',81,1,0),(69,'2017-12-23',71,1,0),(69,'2017-12-23',72,1,0),(69,'2017-12-23',81,1,0),(69,'2017-12-23',82,1,0),(69,'2017-12-23',91,1,0),(69,'2017-12-23',92,1,0),(69,'2017-12-23',101,1,0),(69,'2017-12-23',102,1,0),(69,'2017-12-23',111,1,0),(69,'2017-12-23',112,1,0),(69,'2017-12-23',121,1,0),(69,'2017-12-23',122,1,0),(69,'2017-12-23',131,1,0),(69,'2017-12-23',132,1,0),(69,'2017-12-23',141,1,0),(69,'2017-12-23',142,1,0),(69,'2017-12-23',151,1,0),(69,'2017-12-23',152,1,0),(69,'2017-12-23',161,1,0),(69,'2017-12-30',71,1,0),(69,'2017-12-30',72,1,0),(69,'2017-12-30',81,1,0),(69,'2017-12-30',82,1,0),(69,'2017-12-30',91,1,0),(69,'2017-12-30',92,1,0),(69,'2017-12-30',101,1,0),(69,'2017-12-30',102,1,0),(69,'2017-12-30',111,1,0),(69,'2017-12-30',112,1,0),(69,'2017-12-30',121,1,0),(69,'2017-12-30',122,1,0),(69,'2017-12-30',131,1,0),(69,'2017-12-30',132,1,0),(69,'2017-12-30',141,1,0),(69,'2017-12-30',142,1,0),(69,'2017-12-30',151,1,0),(69,'2017-12-30',152,1,0),(69,'2017-12-30',161,1,0),(69,'2018-01-05',71,1,0),(69,'2018-01-05',72,1,0),(69,'2018-01-06',71,1,0),(69,'2018-01-06',72,1,0),(69,'2018-01-06',81,1,0),(69,'2018-01-06',82,1,0),(69,'2018-01-06',91,1,0),(69,'2018-01-06',92,1,0),(69,'2018-01-06',101,1,0),(69,'2018-01-06',102,1,0),(69,'2018-01-06',111,1,0),(69,'2018-01-06',112,1,0),(69,'2018-01-06',121,1,0),(69,'2018-01-06',122,1,0),(69,'2018-01-06',131,1,0),(69,'2018-01-06',132,1,0),(69,'2018-01-06',141,1,0),(69,'2018-01-06',142,1,0),(69,'2018-01-06',151,1,0),(69,'2018-01-06',152,1,0),(69,'2018-01-06',161,1,0),(69,'2018-02-15',121,1,0),(69,'2018-02-15',122,1,0),(69,'2018-02-15',131,1,0),(71,'2017-10-18',71,1,0),(71,'2017-10-18',72,1,0),(71,'2017-10-18',81,1,0),(71,'2017-10-18',82,1,0),(71,'2017-10-18',91,1,0),(71,'2017-10-18',92,1,0),(71,'2017-10-18',101,1,0),(71,'2017-10-18',102,1,0),(71,'2017-10-18',111,1,0),(71,'2017-10-18',112,1,0),(71,'2017-10-18',121,1,0),(71,'2017-10-18',122,1,0),(71,'2017-10-18',131,1,0),(71,'2017-10-18',132,1,0),(71,'2017-10-18',141,1,0),(71,'2017-10-18',142,1,0),(71,'2017-10-18',151,1,0),(71,'2017-10-18',152,1,0),(71,'2017-10-18',161,1,0),(71,'2017-10-18',162,1,0),(71,'2017-10-18',171,1,0),(71,'2017-10-18',172,1,0),(71,'2017-10-18',181,1,0),(71,'2017-10-18',182,1,0),(71,'2017-10-18',191,1,0),(71,'2017-10-18',192,1,0),(71,'2017-10-18',201,1,0),(71,'2017-10-18',202,1,0),(71,'2017-10-18',211,1,0),(71,'2017-10-18',212,1,0),(71,'2017-10-18',221,1,0),(71,'2017-10-18',222,1,0),(71,'2017-10-18',231,1,0),(71,'2017-10-18',232,1,0),(71,'2017-10-18',241,1,0),(71,'2017-10-19',71,1,0),(71,'2017-10-19',72,1,0),(71,'2017-10-19',81,1,0),(71,'2017-10-19',82,1,0),(71,'2017-10-19',91,1,0),(71,'2017-10-19',92,1,0),(71,'2017-10-19',101,1,0),(71,'2017-10-19',102,1,0),(71,'2017-10-19',111,1,0),(71,'2017-10-19',112,1,0),(71,'2017-10-19',121,1,0),(71,'2017-10-19',122,1,0),(71,'2017-10-19',131,1,0),(71,'2017-10-19',132,1,0),(71,'2017-10-19',141,1,0),(71,'2017-10-19',142,1,0),(71,'2017-10-19',151,1,0),(71,'2017-10-19',152,1,0),(71,'2017-10-19',161,1,0),(71,'2017-10-19',162,1,0),(71,'2017-10-19',171,1,0),(71,'2017-10-19',172,1,0),(71,'2017-10-19',181,1,0),(71,'2017-10-19',182,1,0),(71,'2017-10-19',191,1,0),(71,'2017-10-19',192,1,0),(71,'2017-10-19',201,1,0),(71,'2017-10-19',202,1,0),(71,'2017-10-19',211,1,0),(71,'2017-10-19',212,1,0),(71,'2017-10-19',221,1,0),(71,'2017-10-19',222,1,0),(71,'2017-10-19',231,1,0),(71,'2017-10-19',232,1,0),(71,'2017-10-19',241,1,0),(71,'2017-10-20',71,1,0),(71,'2017-10-20',72,1,0),(71,'2017-10-20',81,1,0),(71,'2017-10-20',82,1,0),(71,'2017-10-20',91,1,0),(71,'2017-10-20',92,1,0),(71,'2017-10-20',101,1,0),(71,'2017-10-20',102,1,0),(71,'2017-10-20',111,1,0),(71,'2017-10-20',112,1,0),(71,'2017-10-20',121,1,0),(71,'2017-10-20',122,1,0),(71,'2017-10-20',131,1,0),(71,'2017-10-20',132,1,0),(71,'2017-10-20',141,1,0),(71,'2017-10-20',142,1,0),(71,'2017-10-20',151,1,0),(71,'2017-10-20',152,1,0),(71,'2017-10-20',161,1,0),(71,'2017-10-20',162,1,0),(71,'2017-10-20',171,1,0),(71,'2017-10-20',172,1,0),(71,'2017-10-20',181,1,0),(71,'2017-10-20',182,1,0),(71,'2017-10-20',191,1,0),(71,'2017-10-20',192,1,0),(71,'2017-10-20',201,1,0),(71,'2017-10-20',202,1,0),(71,'2017-10-20',211,1,0),(71,'2017-10-20',212,1,0),(71,'2017-10-20',221,1,0),(71,'2017-10-20',222,1,0),(71,'2017-10-20',231,1,0),(71,'2017-10-20',232,1,0),(71,'2017-10-20',241,1,0),(71,'2017-10-21',71,1,0),(71,'2017-10-21',72,1,0),(71,'2017-10-21',81,1,0),(71,'2017-10-21',82,1,0),(71,'2017-10-21',91,1,0),(71,'2017-10-21',92,1,0),(71,'2017-10-21',101,1,0),(71,'2017-10-21',102,1,0),(71,'2017-10-21',111,1,0),(71,'2017-10-21',112,1,0),(71,'2017-10-21',121,1,0),(71,'2017-10-21',122,1,0),(71,'2017-10-21',131,1,0),(71,'2017-10-21',132,1,0),(71,'2017-10-21',141,1,0),(71,'2017-10-21',142,1,0),(71,'2017-10-21',151,1,0),(71,'2017-10-21',152,1,0),(71,'2017-10-21',161,1,0),(71,'2017-10-21',162,1,0),(71,'2017-10-21',171,1,0),(71,'2017-10-21',172,1,0),(71,'2017-10-21',181,1,0),(71,'2017-10-21',182,1,0),(71,'2017-10-21',191,1,0),(71,'2017-10-21',192,1,0),(71,'2017-10-21',201,1,0),(71,'2017-10-21',202,1,0),(71,'2017-10-21',211,1,0),(71,'2017-10-21',212,1,0),(71,'2017-10-21',221,1,0),(71,'2017-10-21',222,1,0),(71,'2017-10-21',231,1,0),(71,'2017-10-21',232,1,0),(71,'2017-10-21',241,1,0),(71,'2017-10-22',71,1,0),(71,'2017-10-22',72,1,0),(71,'2017-10-22',81,1,0),(71,'2017-10-22',82,1,0),(71,'2017-10-22',91,1,0),(71,'2017-10-22',92,1,0),(71,'2017-10-22',101,1,0),(71,'2017-10-22',102,1,0),(71,'2017-10-22',111,1,0),(71,'2017-10-22',112,1,0),(71,'2017-10-22',121,1,0),(71,'2017-10-22',122,1,0),(71,'2017-10-22',131,1,0),(71,'2017-10-22',132,1,0),(71,'2017-10-22',141,1,0),(71,'2017-10-22',142,1,0),(71,'2017-10-22',151,1,0),(71,'2017-10-22',152,1,0),(71,'2017-10-22',161,1,0),(71,'2017-10-22',162,1,0),(71,'2017-10-22',171,1,0),(71,'2017-10-22',172,1,0),(71,'2017-10-22',181,1,0),(71,'2017-10-22',182,1,0),(71,'2017-10-22',191,1,0),(71,'2017-10-22',192,1,0),(71,'2017-10-22',201,1,0),(71,'2017-10-22',202,1,0),(71,'2017-10-22',211,1,0),(71,'2017-10-22',212,1,0),(71,'2017-10-22',221,1,0),(71,'2017-10-22',222,1,0),(71,'2017-10-22',231,1,0),(71,'2017-10-22',232,1,0),(71,'2017-10-22',241,1,0),(71,'2017-10-23',71,1,0),(71,'2017-10-23',72,1,0),(71,'2017-10-23',81,1,0),(71,'2017-10-23',82,1,0),(71,'2017-10-23',91,1,0),(71,'2017-10-23',92,1,0),(71,'2017-10-23',101,1,0),(71,'2017-10-23',102,1,0),(71,'2017-10-23',111,1,0),(71,'2017-10-23',112,1,0),(71,'2017-10-23',121,1,0),(71,'2017-10-23',122,1,0),(71,'2017-10-23',131,1,0),(71,'2017-10-23',132,1,0),(71,'2017-10-23',141,1,0),(71,'2017-10-23',142,1,0),(71,'2017-10-23',151,1,0),(71,'2017-10-23',152,1,0),(71,'2017-10-23',161,1,0),(71,'2017-10-23',162,1,0),(71,'2017-10-23',171,1,0),(71,'2017-10-23',172,1,0),(71,'2017-10-23',181,1,0),(71,'2017-10-23',182,1,0),(71,'2017-10-23',191,1,0),(71,'2017-10-23',192,1,0),(71,'2017-10-23',201,1,0),(71,'2017-10-23',202,1,0),(71,'2017-10-23',211,1,0),(71,'2017-10-23',212,1,0),(71,'2017-10-23',221,1,0),(71,'2017-10-23',222,1,0),(71,'2017-10-23',231,1,0),(71,'2017-10-23',232,1,0),(71,'2017-10-23',241,1,0),(71,'2017-10-24',71,1,0),(71,'2017-10-24',72,1,0),(71,'2017-10-24',81,1,0),(71,'2017-10-24',82,1,0),(71,'2017-10-24',91,1,0),(71,'2017-10-24',92,1,0),(71,'2017-10-24',101,1,0),(71,'2017-10-24',102,1,0),(71,'2017-10-24',111,1,0),(71,'2017-10-24',112,1,0),(71,'2017-10-24',121,1,0),(71,'2017-10-24',122,1,0),(71,'2017-10-24',131,1,0),(71,'2017-10-24',132,1,0),(71,'2017-10-24',141,1,0),(71,'2017-10-24',142,1,0),(71,'2017-10-24',151,1,0),(71,'2017-10-24',152,1,0),(71,'2017-10-24',161,1,0),(71,'2017-10-24',162,1,0),(71,'2017-10-24',171,1,0),(71,'2017-10-24',172,1,0),(71,'2017-10-24',181,1,0),(71,'2017-10-24',182,1,0),(71,'2017-10-24',191,1,0),(71,'2017-10-24',192,1,0),(71,'2017-10-24',201,1,0),(71,'2017-10-24',202,1,0),(71,'2017-10-24',211,1,0),(71,'2017-10-24',212,1,0),(71,'2017-10-24',221,1,0),(71,'2017-10-24',222,1,0),(71,'2017-10-24',231,1,0),(71,'2017-10-24',232,1,0),(71,'2017-10-24',241,1,0),(71,'2017-10-25',71,1,0),(71,'2017-10-25',72,1,0),(71,'2017-10-25',81,1,0),(71,'2017-10-25',82,1,0),(71,'2017-10-25',91,1,0),(71,'2017-10-25',92,1,0),(71,'2017-10-25',101,1,0),(71,'2017-10-25',102,1,0),(71,'2017-10-25',111,1,0),(71,'2017-10-25',112,1,0),(71,'2017-10-25',121,1,0),(71,'2017-10-25',122,1,0),(71,'2017-10-25',131,1,0),(71,'2017-10-25',132,1,0),(71,'2017-10-25',141,1,0),(71,'2017-10-25',142,1,0),(71,'2017-10-25',151,1,0),(71,'2017-10-25',152,1,0),(71,'2017-10-25',161,1,0),(71,'2017-10-25',162,1,0),(71,'2017-10-25',171,1,0),(71,'2017-10-25',172,1,0),(71,'2017-10-25',181,1,0),(71,'2017-10-25',182,1,0),(71,'2017-10-25',191,1,0),(71,'2017-10-25',192,1,0),(71,'2017-10-25',201,1,0),(71,'2017-10-25',202,1,0),(71,'2017-10-25',211,1,0),(71,'2017-10-25',212,1,0),(71,'2017-10-25',221,1,0),(71,'2017-10-25',222,1,0),(71,'2017-10-25',231,1,0),(71,'2017-10-25',232,1,0),(71,'2017-10-25',241,1,0),(71,'2017-10-26',71,1,0),(71,'2017-10-26',72,1,0),(71,'2017-10-26',81,1,0),(71,'2017-10-26',82,1,0),(71,'2017-10-26',91,1,0),(71,'2017-10-26',92,1,0),(71,'2017-10-26',101,1,0),(71,'2017-10-26',102,1,0),(71,'2017-10-26',111,1,0),(71,'2017-10-26',112,1,0),(71,'2017-10-26',121,1,0),(71,'2017-10-26',122,1,0),(71,'2017-10-26',131,1,0),(71,'2017-10-26',132,1,0),(71,'2017-10-26',141,1,0),(71,'2017-10-26',142,1,0),(71,'2017-10-26',151,1,0),(71,'2017-10-26',152,1,0),(71,'2017-10-26',161,1,0),(71,'2017-10-26',162,1,0),(71,'2017-10-26',171,1,0),(71,'2017-10-26',172,1,0),(71,'2017-10-26',181,1,0),(71,'2017-10-26',182,1,0),(71,'2017-10-26',191,1,0),(71,'2017-10-26',192,1,0),(71,'2017-10-26',201,1,0),(71,'2017-10-26',202,1,0),(71,'2017-10-26',211,1,0),(71,'2017-10-26',212,1,0),(71,'2017-10-26',221,1,0),(71,'2017-10-26',222,1,0),(71,'2017-10-26',231,1,0),(71,'2017-10-26',232,1,0),(71,'2017-10-26',241,1,0),(71,'2017-10-27',71,1,0),(71,'2017-10-27',72,1,0),(71,'2017-10-27',81,1,0),(71,'2017-10-27',82,1,0),(71,'2017-10-27',91,1,0),(71,'2017-10-27',92,1,0),(71,'2017-10-27',101,1,0),(71,'2017-10-27',102,1,0),(71,'2017-10-27',111,1,0),(71,'2017-10-27',112,1,0),(71,'2017-10-27',121,1,0),(71,'2017-10-27',122,1,0),(71,'2017-10-27',131,1,0),(71,'2017-10-27',132,1,0),(71,'2017-10-27',141,1,0),(71,'2017-10-27',142,1,0),(71,'2017-10-27',151,1,0),(71,'2017-10-27',152,1,0),(71,'2017-10-27',161,1,0),(71,'2017-10-27',162,1,0),(71,'2017-10-27',171,1,0),(71,'2017-10-27',172,1,0),(71,'2017-10-27',181,1,0),(71,'2017-10-27',182,1,0),(71,'2017-10-27',191,1,0),(71,'2017-10-27',192,1,0),(71,'2017-10-27',201,1,0),(71,'2017-10-27',202,1,0),(71,'2017-10-27',211,1,0),(71,'2017-10-27',212,1,0),(71,'2017-10-27',221,1,0),(71,'2017-10-27',222,1,0),(71,'2017-10-27',231,1,0),(71,'2017-10-27',232,1,0),(71,'2017-10-27',241,1,0),(71,'2017-10-28',71,1,0),(71,'2017-10-28',72,1,0),(71,'2017-10-28',81,1,0),(71,'2017-10-28',82,1,0),(71,'2017-10-28',91,1,0),(71,'2017-10-28',92,1,0),(71,'2017-10-28',101,1,0),(71,'2017-10-28',102,1,0),(71,'2017-10-28',111,1,0),(71,'2017-10-28',112,1,0),(71,'2017-10-28',121,1,0),(71,'2017-10-28',122,1,0),(71,'2017-10-28',131,1,0),(71,'2017-10-28',132,1,0),(71,'2017-10-28',141,1,0),(71,'2017-10-28',142,1,0),(71,'2017-10-28',151,1,0),(71,'2017-10-28',152,1,0),(71,'2017-10-28',161,1,0),(71,'2017-10-28',162,1,0),(71,'2017-10-28',171,1,0),(71,'2017-10-28',172,1,0),(71,'2017-10-28',181,1,0),(71,'2017-10-28',182,1,0),(71,'2017-10-28',191,1,0),(71,'2017-10-28',192,1,0),(71,'2017-10-28',201,1,0),(71,'2017-10-28',202,1,0),(71,'2017-10-28',211,1,0),(71,'2017-10-28',212,1,0),(71,'2017-10-28',221,1,0),(71,'2017-10-28',222,1,0),(71,'2017-10-28',231,1,0),(71,'2017-10-28',232,1,0),(71,'2017-10-28',241,1,0),(71,'2017-10-29',71,1,0),(71,'2017-10-29',72,1,0),(71,'2017-10-29',81,1,0),(71,'2017-10-29',82,1,0),(71,'2017-10-29',91,1,0),(71,'2017-10-29',92,1,0),(71,'2017-10-29',101,1,0),(71,'2017-10-29',102,1,0),(71,'2017-10-29',111,1,0),(71,'2017-10-29',112,1,0),(71,'2017-10-29',121,1,0),(71,'2017-10-29',122,1,0),(71,'2017-10-29',131,1,0),(71,'2017-10-29',132,1,0),(71,'2017-10-29',141,1,0),(71,'2017-10-29',142,1,0),(71,'2017-10-29',151,1,0),(71,'2017-10-29',152,1,0),(71,'2017-10-29',161,1,0),(71,'2017-10-29',162,1,0),(71,'2017-10-29',171,1,0),(71,'2017-10-29',172,1,0),(71,'2017-10-29',181,1,0),(71,'2017-10-29',182,1,0),(71,'2017-10-29',191,1,0),(71,'2017-10-29',192,1,0),(71,'2017-10-29',201,1,0),(71,'2017-10-29',202,1,0),(71,'2017-10-29',211,1,0),(71,'2017-10-29',212,1,0),(71,'2017-10-29',221,1,0),(71,'2017-10-29',222,1,0),(71,'2017-10-29',231,1,0),(71,'2017-10-29',232,1,0),(71,'2017-10-29',241,1,0),(71,'2017-10-30',71,1,0),(71,'2017-10-30',72,1,0),(71,'2017-10-30',81,1,0),(71,'2017-10-30',82,1,0),(71,'2017-10-30',91,1,0),(71,'2017-10-30',92,1,0),(71,'2017-10-30',101,1,0),(71,'2017-10-30',102,1,0),(71,'2017-10-30',111,1,0),(71,'2017-10-30',112,1,0),(71,'2017-10-30',121,1,0),(71,'2017-10-30',122,1,0),(71,'2017-10-30',131,1,0),(71,'2017-10-30',132,1,0),(71,'2017-10-30',141,1,0),(71,'2017-10-30',142,1,0),(71,'2017-10-30',151,1,0),(71,'2017-10-30',152,1,0),(71,'2017-10-30',161,1,0),(71,'2017-10-30',162,1,0),(71,'2017-10-30',171,1,0),(71,'2017-10-30',172,1,0),(71,'2017-10-30',181,1,0),(71,'2017-10-30',182,1,0),(71,'2017-10-30',191,1,0),(71,'2017-10-30',192,1,0),(71,'2017-10-30',201,1,0),(71,'2017-10-30',202,1,0),(71,'2017-10-30',211,1,0),(71,'2017-10-30',212,1,0),(71,'2017-10-30',221,1,0),(71,'2017-10-30',222,1,0),(71,'2017-10-30',231,1,0),(71,'2017-10-30',232,1,0),(71,'2017-10-30',241,1,0),(71,'2017-10-31',71,1,0),(71,'2017-10-31',72,1,0),(71,'2017-10-31',81,1,0),(71,'2017-10-31',82,1,0),(71,'2017-10-31',91,1,0),(71,'2017-10-31',92,1,0),(71,'2017-10-31',101,1,0),(71,'2017-10-31',102,1,0),(71,'2017-10-31',111,1,0),(71,'2017-10-31',112,1,0),(71,'2017-10-31',121,1,0),(71,'2017-10-31',122,1,0),(71,'2017-10-31',131,1,0),(71,'2017-10-31',132,1,0),(71,'2017-10-31',141,1,0),(71,'2017-10-31',142,1,0),(71,'2017-10-31',151,1,0),(71,'2017-10-31',152,1,0),(71,'2017-10-31',161,1,0),(71,'2017-10-31',162,1,0),(71,'2017-10-31',171,1,0),(71,'2017-10-31',172,1,0),(71,'2017-10-31',181,1,0),(71,'2017-10-31',182,1,0),(71,'2017-10-31',191,1,0),(71,'2017-10-31',192,1,0),(71,'2017-10-31',201,1,0),(71,'2017-10-31',202,1,0),(71,'2017-10-31',211,1,0),(71,'2017-10-31',212,1,0),(71,'2017-10-31',221,1,0),(71,'2017-10-31',222,1,0),(71,'2017-10-31',231,1,0),(71,'2017-10-31',232,1,0),(71,'2017-10-31',241,1,0),(71,'2017-11-01',71,1,0),(71,'2017-11-01',72,1,0),(71,'2017-11-01',81,1,0),(71,'2017-11-01',82,1,0),(71,'2017-11-01',91,1,0),(71,'2017-11-01',92,1,0),(71,'2017-11-01',101,1,0),(71,'2017-11-01',102,1,0),(71,'2017-11-01',111,1,0),(71,'2017-11-01',112,1,0),(71,'2017-11-01',121,1,0),(71,'2017-11-01',122,1,0),(71,'2017-11-01',131,1,0),(71,'2017-11-01',132,1,0),(71,'2017-11-01',141,1,0),(71,'2017-11-01',142,1,0),(71,'2017-11-01',151,1,0),(71,'2017-11-01',152,1,0),(71,'2017-11-01',161,1,0),(71,'2017-11-01',162,1,0),(71,'2017-11-01',171,1,0),(71,'2017-11-01',172,1,0),(71,'2017-11-01',181,1,0),(71,'2017-11-01',182,1,0),(71,'2017-11-01',191,1,0),(71,'2017-11-01',192,1,0),(71,'2017-11-01',201,1,0),(71,'2017-11-01',202,1,0),(71,'2017-11-01',211,1,0),(71,'2017-11-01',212,1,0),(71,'2017-11-01',221,1,0),(71,'2017-11-01',222,1,0),(71,'2017-11-01',231,1,0),(71,'2017-11-01',232,1,0),(71,'2017-11-01',241,1,0),(71,'2017-11-02',71,1,0),(71,'2017-11-02',72,1,0),(71,'2017-11-02',81,1,0),(71,'2017-11-02',82,1,0),(71,'2017-11-02',91,1,0),(71,'2017-11-02',92,1,0),(71,'2017-11-02',101,1,0),(71,'2017-11-02',102,1,0),(71,'2017-11-02',111,1,0),(71,'2017-11-02',112,1,0),(71,'2017-11-02',121,1,0),(71,'2017-11-02',122,1,0),(71,'2017-11-02',131,1,0),(71,'2017-11-02',132,1,0),(71,'2017-11-02',141,1,0),(71,'2017-11-02',142,1,0),(71,'2017-11-02',151,1,0),(71,'2017-11-02',152,1,0),(71,'2017-11-02',161,1,0),(71,'2017-11-02',162,1,0),(71,'2017-11-02',171,1,0),(71,'2017-11-02',172,1,0),(71,'2017-11-02',181,1,0),(71,'2017-11-02',182,1,0),(71,'2017-11-02',191,1,0),(71,'2017-11-02',192,1,0),(71,'2017-11-02',201,1,0),(71,'2017-11-02',202,1,0),(71,'2017-11-02',211,1,0),(71,'2017-11-02',212,1,0),(71,'2017-11-02',221,1,0),(71,'2017-11-02',222,1,0),(71,'2017-11-02',231,1,0),(71,'2017-11-02',232,1,0),(71,'2017-11-02',241,1,0),(71,'2017-11-03',71,1,0),(71,'2017-11-03',72,1,0),(71,'2017-11-03',81,1,0),(71,'2017-11-03',82,1,0),(71,'2017-11-03',91,1,0),(71,'2017-11-03',92,1,0),(71,'2017-11-03',101,1,0),(71,'2017-11-03',102,1,0),(71,'2017-11-03',111,1,0),(71,'2017-11-03',112,1,0),(71,'2017-11-03',121,1,0),(71,'2017-11-03',122,1,0),(71,'2017-11-03',131,1,0),(71,'2017-11-03',132,1,0),(71,'2017-11-03',141,1,0),(71,'2017-11-03',142,1,0),(71,'2017-11-03',151,1,0),(71,'2017-11-03',152,1,0),(71,'2017-11-03',161,1,0),(71,'2017-11-03',162,1,0),(71,'2017-11-03',171,1,0),(71,'2017-11-03',172,1,0),(71,'2017-11-03',181,1,0),(71,'2017-11-03',182,1,0),(71,'2017-11-03',191,1,0),(71,'2017-11-03',192,1,0),(71,'2017-11-03',201,1,0),(71,'2017-11-03',202,1,0),(71,'2017-11-03',211,1,0),(71,'2017-11-03',212,1,0),(71,'2017-11-03',221,1,0),(71,'2017-11-03',222,1,0),(71,'2017-11-03',231,1,0),(71,'2017-11-03',232,1,0),(71,'2017-11-03',241,1,0),(71,'2017-11-04',71,1,0),(71,'2017-11-04',72,1,0),(71,'2017-11-04',81,1,0),(71,'2017-11-04',82,1,0),(71,'2017-11-04',91,1,0),(71,'2017-11-04',92,1,0),(71,'2017-11-04',101,1,0),(71,'2017-11-04',102,1,0),(71,'2017-11-04',111,1,0),(71,'2017-11-04',112,1,0),(71,'2017-11-04',121,1,0),(71,'2017-11-04',122,1,0),(71,'2017-11-04',131,1,0),(71,'2017-11-04',132,1,0),(71,'2017-11-04',141,1,0),(71,'2017-11-04',142,1,0),(71,'2017-11-04',151,1,0),(71,'2017-11-04',152,1,0),(71,'2017-11-04',161,1,0),(71,'2017-11-04',162,1,0),(71,'2017-11-04',171,1,0),(71,'2017-11-04',172,1,0),(71,'2017-11-04',181,1,0),(71,'2017-11-04',182,1,0),(71,'2017-11-04',191,1,0),(71,'2017-11-04',192,1,0),(71,'2017-11-04',201,1,0),(71,'2017-11-04',202,1,0),(71,'2017-11-04',211,1,0),(71,'2017-11-04',212,1,0),(71,'2017-11-04',221,1,0),(71,'2017-11-04',222,1,0),(71,'2017-11-04',231,1,0),(71,'2017-11-04',232,1,0),(71,'2017-11-04',241,1,0),(71,'2017-11-05',71,1,0),(71,'2017-11-05',72,1,0),(71,'2017-11-05',81,1,0),(71,'2017-11-05',82,1,0),(71,'2017-11-05',91,1,0),(71,'2017-11-05',92,1,0),(71,'2017-11-05',101,1,0),(71,'2017-11-05',102,1,0),(71,'2017-11-05',111,1,0),(71,'2017-11-05',112,1,0),(71,'2017-11-05',121,1,0),(71,'2017-11-05',122,1,0),(71,'2017-11-05',131,1,0),(71,'2017-11-05',132,1,0),(71,'2017-11-05',141,1,0),(71,'2017-11-05',142,1,0),(71,'2017-11-05',151,1,0),(71,'2017-11-05',152,1,0),(71,'2017-11-05',161,1,0),(71,'2017-11-05',162,1,0),(71,'2017-11-05',171,1,0),(71,'2017-11-05',172,1,0),(71,'2017-11-05',181,1,0),(71,'2017-11-05',182,1,0),(71,'2017-11-05',191,1,0),(71,'2017-11-05',192,1,0),(71,'2017-11-05',201,1,0),(71,'2017-11-05',202,1,0),(71,'2017-11-05',211,1,0),(71,'2017-11-05',212,1,0),(71,'2017-11-05',221,1,0),(71,'2017-11-05',222,1,0),(71,'2017-11-05',231,1,0),(71,'2017-11-05',232,1,0),(71,'2017-11-05',241,1,0),(71,'2017-11-06',71,1,0),(71,'2017-11-06',72,1,0),(71,'2017-11-06',81,1,0),(71,'2017-11-06',82,1,0),(71,'2017-11-06',91,1,0),(71,'2017-11-06',92,1,0),(71,'2017-11-06',101,1,0),(71,'2017-11-06',102,1,0),(71,'2017-11-06',111,1,0),(71,'2017-11-06',112,1,0),(71,'2017-11-06',121,1,0),(71,'2017-11-06',122,1,0),(71,'2017-11-06',131,1,0),(71,'2017-11-06',132,1,0),(71,'2017-11-06',141,1,0),(71,'2017-11-06',142,1,0),(71,'2017-11-06',151,1,0),(71,'2017-11-06',152,1,0),(71,'2017-11-06',161,1,0),(71,'2017-11-06',162,1,0),(71,'2017-11-06',171,1,0),(71,'2017-11-06',172,1,0),(71,'2017-11-06',181,1,0),(71,'2017-11-06',182,1,0),(71,'2017-11-06',191,1,0),(71,'2017-11-06',192,1,0),(71,'2017-11-06',201,1,0),(71,'2017-11-06',202,1,0),(71,'2017-11-06',211,1,0),(71,'2017-11-06',212,1,0),(71,'2017-11-06',221,1,0),(71,'2017-11-06',222,1,0),(71,'2017-11-06',231,1,0),(71,'2017-11-06',232,1,0),(71,'2017-11-06',241,1,0),(71,'2017-11-07',71,1,0),(71,'2017-11-07',72,1,0),(71,'2017-11-07',81,1,0),(71,'2017-11-07',82,1,0),(71,'2017-11-07',91,1,0),(71,'2017-11-07',92,1,0),(71,'2017-11-07',101,1,0),(71,'2017-11-07',102,1,0),(71,'2017-11-07',111,1,0),(71,'2017-11-07',112,1,0),(71,'2017-11-07',121,1,0),(71,'2017-11-07',122,1,0),(71,'2017-11-07',131,1,0),(71,'2017-11-07',132,1,0),(71,'2017-11-07',141,1,0),(71,'2017-11-07',142,1,0),(71,'2017-11-07',151,1,0),(71,'2017-11-07',152,1,0),(71,'2017-11-07',161,1,0),(71,'2017-11-07',162,1,0),(71,'2017-11-07',171,1,0),(71,'2017-11-07',172,1,0),(71,'2017-11-07',181,1,0),(71,'2017-11-07',182,1,0),(71,'2017-11-07',191,1,0),(71,'2017-11-07',192,1,0),(71,'2017-11-07',201,1,0),(71,'2017-11-07',202,1,0),(71,'2017-11-07',211,1,0),(71,'2017-11-07',212,1,0),(71,'2017-11-07',221,1,0),(71,'2017-11-07',222,1,0),(71,'2017-11-07',231,1,0),(71,'2017-11-07',232,1,0),(71,'2017-11-07',241,1,0),(71,'2017-11-08',71,1,0),(71,'2017-11-08',72,1,0),(71,'2017-11-08',81,1,0),(71,'2017-11-08',82,1,0),(71,'2017-11-08',91,1,0),(71,'2017-11-08',92,1,0),(71,'2017-11-08',101,1,0),(71,'2017-11-08',102,1,0),(71,'2017-11-08',111,1,0),(71,'2017-11-08',112,1,0),(71,'2017-11-08',121,1,0),(71,'2017-11-08',122,1,0),(71,'2017-11-08',131,1,0),(71,'2017-11-08',132,1,0),(71,'2017-11-08',141,1,0),(71,'2017-11-08',142,1,0),(71,'2017-11-08',151,1,0),(71,'2017-11-08',152,1,0),(71,'2017-11-08',161,1,0),(71,'2017-11-08',162,1,0),(71,'2017-11-08',171,1,0),(71,'2017-11-08',172,1,0),(71,'2017-11-08',181,1,0),(71,'2017-11-08',182,1,0),(71,'2017-11-08',191,1,0),(71,'2017-11-08',192,1,0),(71,'2017-11-08',201,1,0),(71,'2017-11-08',202,1,0),(71,'2017-11-08',211,1,0),(71,'2017-11-08',212,1,0),(71,'2017-11-08',221,1,0),(71,'2017-11-08',222,1,0),(71,'2017-11-08',231,1,0),(71,'2017-11-08',232,1,0),(71,'2017-11-08',241,1,0),(71,'2017-11-09',71,1,0),(71,'2017-11-09',72,1,0),(71,'2017-11-09',81,1,0),(71,'2017-11-09',82,1,0),(71,'2017-11-09',91,1,0),(71,'2017-11-09',92,1,0),(71,'2017-11-09',101,1,0),(71,'2017-11-09',102,1,0),(71,'2017-11-09',111,1,0),(71,'2017-11-09',112,1,0),(71,'2017-11-09',121,1,0),(71,'2017-11-09',122,1,0),(71,'2017-11-09',131,1,0),(71,'2017-11-09',132,1,0),(71,'2017-11-09',141,1,0),(71,'2017-11-09',142,1,0),(71,'2017-11-09',151,1,0),(71,'2017-11-09',152,1,0),(71,'2017-11-09',161,1,0),(71,'2017-11-09',162,1,0),(71,'2017-11-09',171,1,0),(71,'2017-11-09',172,1,0),(71,'2017-11-09',181,1,0),(71,'2017-11-09',182,1,0),(71,'2017-11-09',191,1,0),(71,'2017-11-09',192,1,0),(71,'2017-11-09',201,1,0),(71,'2017-11-09',202,1,0),(71,'2017-11-09',211,1,0),(71,'2017-11-09',212,1,0),(71,'2017-11-09',221,1,0),(71,'2017-11-09',222,1,0),(71,'2017-11-09',231,1,0),(71,'2017-11-09',232,1,0),(71,'2017-11-09',241,1,0),(71,'2017-11-10',71,1,0),(71,'2017-11-10',72,1,0),(71,'2017-11-10',81,1,0),(71,'2017-11-10',82,1,0),(71,'2017-11-10',91,1,0),(71,'2017-11-10',92,1,0),(71,'2017-11-10',101,1,0),(71,'2017-11-10',102,1,0),(71,'2017-11-10',111,1,0),(71,'2017-11-10',112,1,0),(71,'2017-11-10',121,1,0),(71,'2017-11-10',122,1,0),(71,'2017-11-10',131,1,0),(71,'2017-11-10',132,1,0),(71,'2017-11-10',141,1,0),(71,'2017-11-10',142,1,0),(71,'2017-11-10',151,1,0),(71,'2017-11-10',152,1,0),(71,'2017-11-10',161,1,0),(71,'2017-11-10',162,1,0),(71,'2017-11-10',171,1,0),(71,'2017-11-10',172,1,0),(71,'2017-11-10',181,1,0),(71,'2017-11-10',182,1,0),(71,'2017-11-10',191,1,0),(71,'2017-11-10',192,1,0),(71,'2017-11-10',201,1,0),(71,'2017-11-10',202,1,0),(71,'2017-11-10',211,1,0),(71,'2017-11-10',212,1,0),(71,'2017-11-10',221,1,0),(71,'2017-11-10',222,1,0),(71,'2017-11-10',231,1,0),(71,'2017-11-10',232,1,0),(71,'2017-11-10',241,1,0),(71,'2017-11-11',71,1,0),(71,'2017-11-11',72,1,0),(71,'2017-11-11',81,1,0),(71,'2017-11-11',82,1,0),(71,'2017-11-11',91,1,0),(71,'2017-11-11',92,1,0),(71,'2017-11-11',101,1,0),(71,'2017-11-11',102,1,0),(71,'2017-11-11',111,1,0),(71,'2017-11-11',112,1,0),(71,'2017-11-11',121,1,0),(71,'2017-11-11',122,1,0),(71,'2017-11-11',131,1,0),(71,'2017-11-11',132,1,0),(71,'2017-11-11',141,1,0),(71,'2017-11-11',142,1,0),(71,'2017-11-11',151,1,0),(71,'2017-11-11',152,1,0),(71,'2017-11-11',161,1,0),(71,'2017-11-11',162,1,0),(71,'2017-11-11',171,1,0),(71,'2017-11-11',172,1,0),(71,'2017-11-11',181,1,0),(71,'2017-11-11',182,1,0),(71,'2017-11-11',191,1,0),(71,'2017-11-11',192,1,0),(71,'2017-11-11',201,1,0),(71,'2017-11-11',202,1,0),(71,'2017-11-11',211,1,0),(71,'2017-11-11',212,1,0),(71,'2017-11-11',221,1,0),(71,'2017-11-11',222,1,0),(71,'2017-11-11',231,1,0),(71,'2017-11-11',232,1,0),(71,'2017-11-11',241,1,0),(71,'2017-11-12',71,1,0),(71,'2017-11-12',72,1,0),(71,'2017-11-12',81,1,0),(71,'2017-11-12',82,1,0),(71,'2017-11-12',91,1,0),(71,'2017-11-12',92,1,0),(71,'2017-11-12',101,1,0),(71,'2017-11-12',102,1,0),(71,'2017-11-12',111,1,0),(71,'2017-11-12',112,1,0),(71,'2017-11-12',121,1,0),(71,'2017-11-12',122,1,0),(71,'2017-11-12',131,1,0),(71,'2017-11-12',132,1,0),(71,'2017-11-12',141,1,0),(71,'2017-11-12',142,1,0),(71,'2017-11-12',151,1,0),(71,'2017-11-12',152,1,0),(71,'2017-11-12',161,1,0),(71,'2017-11-12',162,1,0),(71,'2017-11-12',171,1,0),(71,'2017-11-12',172,1,0),(71,'2017-11-12',181,1,0),(71,'2017-11-12',182,1,0),(71,'2017-11-12',191,1,0),(71,'2017-11-12',192,1,0),(71,'2017-11-12',201,1,0),(71,'2017-11-12',202,1,0),(71,'2017-11-12',211,1,0),(71,'2017-11-12',212,1,0),(71,'2017-11-12',221,1,0),(71,'2017-11-12',222,1,0),(71,'2017-11-12',231,1,0),(71,'2017-11-12',232,1,0),(71,'2017-11-12',241,1,0),(71,'2017-11-13',71,1,0),(71,'2017-11-13',72,1,0),(71,'2017-11-13',81,1,0),(71,'2017-11-13',82,1,0),(71,'2017-11-13',91,1,0),(71,'2017-11-13',92,1,0),(71,'2017-11-13',101,1,0),(71,'2017-11-13',102,1,0),(71,'2017-11-13',111,1,0),(71,'2017-11-13',112,1,0),(71,'2017-11-13',121,1,0),(71,'2017-11-13',122,1,0),(71,'2017-11-13',131,1,0),(71,'2017-11-13',132,1,0),(71,'2017-11-13',141,1,0),(71,'2017-11-13',142,1,0),(71,'2017-11-13',151,1,0),(71,'2017-11-13',152,1,0),(71,'2017-11-13',161,1,0),(71,'2017-11-13',162,1,0),(71,'2017-11-13',171,1,0),(71,'2017-11-13',172,1,0),(71,'2017-11-13',181,1,0),(71,'2017-11-13',182,1,0),(71,'2017-11-13',191,1,0),(71,'2017-11-13',192,1,0),(71,'2017-11-13',201,1,0),(71,'2017-11-13',202,1,0),(71,'2017-11-13',211,1,0),(71,'2017-11-13',212,1,0),(71,'2017-11-13',221,1,0),(71,'2017-11-13',222,1,0),(71,'2017-11-13',231,1,0),(71,'2017-11-13',232,1,0),(71,'2017-11-13',241,1,0),(71,'2017-11-14',71,1,0),(71,'2017-11-14',72,1,0),(71,'2017-11-14',81,1,0),(71,'2017-11-14',82,1,0),(71,'2017-11-14',91,1,0),(71,'2017-11-14',92,1,0),(71,'2017-11-14',101,1,0),(71,'2017-11-14',102,1,0),(71,'2017-11-14',111,1,0),(71,'2017-11-14',112,1,0),(71,'2017-11-14',121,1,0),(71,'2017-11-14',122,1,0),(71,'2017-11-14',131,1,0),(71,'2017-11-14',132,1,0),(71,'2017-11-14',141,1,0),(71,'2017-11-14',142,1,0),(71,'2017-11-14',151,1,0),(71,'2017-11-14',152,1,0),(71,'2017-11-14',161,1,0),(71,'2017-11-14',162,1,0),(71,'2017-11-14',171,1,0),(71,'2017-11-14',172,1,0),(71,'2017-11-14',181,1,0),(71,'2017-11-14',182,1,0),(71,'2017-11-14',191,1,0),(71,'2017-11-14',192,1,0),(71,'2017-11-14',201,1,0),(71,'2017-11-14',202,1,0),(71,'2017-11-14',211,1,0),(71,'2017-11-14',212,1,0),(71,'2017-11-14',221,1,0),(71,'2017-11-14',222,1,0),(71,'2017-11-14',231,1,0),(71,'2017-11-14',232,1,0),(71,'2017-11-14',241,1,0),(77,'2017-11-13',71,1,0),(77,'2017-11-13',72,1,0),(77,'2017-11-13',81,1,0),(77,'2017-11-13',82,1,0),(77,'2017-11-13',91,1,0),(77,'2017-11-13',92,1,0),(77,'2017-11-13',101,1,0),(77,'2017-11-13',102,1,0),(77,'2017-11-13',111,1,0),(77,'2017-11-13',112,1,0),(77,'2017-11-13',121,1,0),(77,'2017-11-13',122,1,0),(77,'2017-11-13',131,1,0),(77,'2017-11-13',132,1,0),(77,'2017-11-13',141,1,0),(77,'2017-11-15',71,1,0),(77,'2017-11-15',72,1,0),(77,'2017-11-15',81,1,0),(77,'2017-11-15',82,1,0),(77,'2017-11-15',91,1,0),(77,'2017-11-15',92,1,0),(77,'2017-11-15',101,1,0),(77,'2017-11-15',102,1,0),(77,'2017-11-15',111,1,0),(77,'2017-11-15',112,1,0),(77,'2017-11-15',121,1,0),(77,'2017-11-15',122,1,0),(77,'2017-11-15',131,1,0),(77,'2017-11-15',132,1,0),(77,'2017-11-15',141,1,0),(77,'2017-11-15',142,1,0),(77,'2017-11-15',151,1,0),(77,'2017-11-15',152,1,0),(77,'2017-11-15',161,1,0),(77,'2017-11-15',162,1,0),(77,'2017-11-15',171,1,0),(77,'2017-11-15',172,1,0),(77,'2017-11-15',181,1,0),(77,'2017-11-16',71,1,0),(77,'2017-11-16',72,1,0),(77,'2017-11-16',81,1,0),(77,'2017-11-16',82,1,0),(77,'2017-11-16',91,1,0),(77,'2017-11-16',92,1,0),(77,'2017-11-16',101,1,0),(77,'2017-11-16',102,1,0),(77,'2017-11-16',111,1,0),(77,'2017-11-16',112,1,0),(77,'2017-11-16',121,1,0),(77,'2017-11-16',122,1,0),(77,'2017-11-16',131,1,0),(77,'2017-11-16',132,1,0),(77,'2017-11-16',141,1,0),(77,'2017-11-16',142,1,0),(77,'2017-11-16',151,1,0),(77,'2017-11-16',152,1,0),(77,'2017-11-16',161,1,0),(77,'2017-11-16',162,1,0),(77,'2017-11-16',171,1,0),(77,'2017-11-16',172,1,0),(77,'2017-11-16',181,1,0),(77,'2017-11-20',71,1,0),(77,'2017-11-20',72,1,0),(77,'2017-11-20',81,1,0),(77,'2017-11-20',82,1,0),(77,'2017-11-20',91,1,0),(77,'2017-11-20',92,1,0),(77,'2017-11-20',101,1,0),(77,'2017-11-20',102,1,0),(77,'2017-11-20',111,1,0),(77,'2017-11-20',112,1,0),(77,'2017-11-20',121,1,0),(77,'2017-11-20',122,1,0),(77,'2017-11-20',131,1,0),(77,'2017-11-20',132,1,0),(77,'2017-11-20',141,1,0),(77,'2017-11-25',71,1,0),(77,'2017-11-25',72,1,0),(77,'2017-11-25',81,1,0),(77,'2017-11-25',82,1,0),(77,'2017-11-25',91,1,0),(77,'2017-11-25',92,1,0),(77,'2017-11-25',101,1,0),(77,'2017-11-25',102,1,0),(77,'2017-11-25',111,1,0),(77,'2017-11-25',112,1,0),(77,'2017-11-25',121,1,0),(77,'2017-11-25',122,1,0),(77,'2017-11-25',131,1,0),(77,'2017-11-25',132,1,0),(77,'2017-11-25',141,1,0),(77,'2017-11-28',71,1,0),(77,'2017-11-28',72,1,0),(77,'2017-11-28',81,1,0),(77,'2017-11-28',82,1,0),(77,'2017-11-28',91,1,0),(77,'2017-11-28',92,1,0),(77,'2017-11-28',101,1,0),(77,'2017-11-28',102,1,0),(77,'2017-11-28',111,1,0),(77,'2017-11-28',112,1,0),(77,'2017-11-28',121,1,0),(77,'2017-11-28',122,1,0),(77,'2017-11-28',131,1,0),(77,'2017-11-28',132,1,0),(77,'2017-11-28',141,1,0),(77,'2017-11-29',71,1,0),(77,'2017-11-29',72,1,0),(77,'2017-11-29',81,1,0),(77,'2017-11-29',82,1,0),(77,'2017-11-29',91,1,0),(77,'2017-11-29',92,1,0),(77,'2017-11-29',101,1,0),(77,'2017-11-29',102,1,0),(77,'2017-11-29',111,1,0),(77,'2017-11-29',112,1,0),(77,'2017-11-29',121,1,0),(77,'2017-11-29',122,1,0),(77,'2017-11-29',131,1,0),(77,'2017-11-29',132,1,0),(77,'2017-11-29',141,1,0),(77,'2017-11-29',142,1,0),(77,'2017-11-29',151,1,0),(77,'2017-11-29',152,1,0),(77,'2017-11-29',161,1,0),(77,'2017-11-29',162,1,0),(77,'2017-11-29',171,1,0),(77,'2017-11-29',172,1,0),(77,'2017-11-29',181,1,0),(77,'2017-11-30',71,1,0),(77,'2017-11-30',72,1,0),(77,'2017-11-30',81,1,0),(77,'2017-11-30',82,1,0),(77,'2017-11-30',91,1,0),(77,'2017-11-30',92,1,0),(77,'2017-11-30',101,1,0),(77,'2017-11-30',102,1,0),(77,'2017-11-30',111,1,0),(77,'2017-11-30',112,1,0),(77,'2017-11-30',121,1,0),(77,'2017-11-30',122,1,0),(77,'2017-11-30',131,1,0),(77,'2017-11-30',132,1,0),(77,'2017-11-30',141,1,0),(77,'2017-11-30',142,1,0),(77,'2017-11-30',151,1,0),(77,'2017-11-30',152,1,0),(77,'2017-11-30',161,1,0),(77,'2017-11-30',162,1,0),(77,'2017-11-30',171,1,0),(77,'2017-11-30',172,1,0),(77,'2017-11-30',181,1,0),(77,'2017-12-01',71,1,0),(77,'2017-12-01',72,1,0),(77,'2017-12-01',81,1,0),(77,'2017-12-01',82,1,0),(77,'2017-12-01',91,1,0),(77,'2017-12-01',92,1,0),(77,'2017-12-01',101,1,0),(77,'2017-12-01',102,1,0),(77,'2017-12-01',111,1,0),(77,'2017-12-01',112,1,0),(77,'2017-12-01',121,1,0),(77,'2017-12-01',122,1,0),(77,'2017-12-01',131,1,0),(77,'2017-12-01',132,1,0),(77,'2017-12-01',141,1,0),(77,'2017-12-01',142,1,0),(77,'2017-12-01',151,1,0),(77,'2017-12-01',152,1,0),(77,'2017-12-01',161,1,0),(77,'2017-12-03',71,1,0),(77,'2017-12-03',72,1,0),(77,'2017-12-03',81,1,0),(77,'2017-12-03',82,1,0),(77,'2017-12-03',91,1,0),(77,'2017-12-03',92,1,0),(77,'2017-12-03',101,1,0),(77,'2017-12-03',102,1,0),(77,'2017-12-03',111,1,0),(77,'2017-12-03',112,1,0),(77,'2017-12-03',121,1,0),(77,'2017-12-03',122,1,0),(77,'2017-12-03',131,1,0),(77,'2017-12-03',132,1,0),(77,'2017-12-03',141,1,0),(77,'2017-12-03',142,1,0),(77,'2017-12-03',151,1,0),(77,'2017-12-03',152,1,0),(77,'2017-12-03',161,1,0),(77,'2017-12-03',162,1,0),(77,'2017-12-03',171,1,0),(77,'2017-12-03',172,1,0),(77,'2017-12-03',181,1,0),(77,'2017-12-04',71,1,0),(77,'2017-12-04',72,1,0),(77,'2017-12-04',81,1,0),(77,'2017-12-04',82,1,0),(77,'2017-12-04',91,1,0),(77,'2017-12-04',92,1,0),(77,'2017-12-04',101,1,0),(77,'2017-12-04',102,1,0),(77,'2017-12-04',111,1,0),(77,'2017-12-04',112,1,0),(77,'2017-12-04',121,1,0),(77,'2017-12-04',122,1,0),(77,'2017-12-04',131,1,0),(77,'2017-12-04',132,1,0),(77,'2017-12-04',141,1,0),(77,'2017-12-06',71,1,0),(77,'2017-12-06',72,1,0),(77,'2017-12-06',81,1,0),(77,'2017-12-06',82,1,0),(77,'2017-12-06',91,1,0),(77,'2017-12-06',92,1,0),(77,'2017-12-06',101,1,0),(77,'2017-12-06',102,1,0),(77,'2017-12-06',111,1,0),(77,'2017-12-06',112,1,0),(77,'2017-12-06',121,1,0),(77,'2017-12-06',122,1,0),(77,'2017-12-06',131,1,0),(77,'2017-12-06',132,1,0),(77,'2017-12-06',141,1,0),(77,'2017-12-06',142,1,0),(77,'2017-12-06',151,1,0),(77,'2017-12-06',152,1,0),(77,'2017-12-06',161,1,0),(77,'2017-12-06',162,1,0),(77,'2017-12-06',171,1,0),(77,'2017-12-06',172,1,0),(77,'2017-12-06',181,1,0),(77,'2017-12-07',71,1,0),(77,'2017-12-07',72,1,0),(77,'2017-12-07',81,1,0),(77,'2017-12-07',82,1,0),(77,'2017-12-07',91,1,0),(77,'2017-12-07',92,1,0),(77,'2017-12-07',101,1,0),(77,'2017-12-07',102,1,0),(77,'2017-12-07',111,1,0),(77,'2017-12-07',112,1,0),(77,'2017-12-07',121,1,0),(77,'2017-12-07',122,1,0),(77,'2017-12-07',131,1,0),(77,'2017-12-07',132,1,0),(77,'2017-12-07',141,1,0),(77,'2017-12-07',142,1,0),(77,'2017-12-07',151,1,0),(77,'2017-12-07',152,1,0),(77,'2017-12-07',161,1,0),(77,'2017-12-07',162,1,0),(77,'2017-12-07',171,1,0),(77,'2017-12-07',172,1,0),(77,'2017-12-07',181,1,0),(77,'2017-12-10',71,1,0),(77,'2017-12-10',72,1,0),(77,'2017-12-10',81,1,0),(77,'2017-12-10',82,1,0),(77,'2017-12-10',91,1,0),(77,'2017-12-10',92,1,0),(77,'2017-12-10',101,1,0),(77,'2017-12-10',102,1,0),(77,'2017-12-10',111,1,0),(77,'2017-12-10',112,1,0),(77,'2017-12-10',121,1,0),(77,'2017-12-10',122,1,0),(77,'2017-12-10',131,1,0),(77,'2017-12-10',132,1,0),(77,'2017-12-10',141,1,0),(77,'2017-12-10',142,1,0),(77,'2017-12-10',151,1,0),(77,'2017-12-10',152,1,0),(77,'2017-12-10',161,1,0),(77,'2017-12-10',162,1,0),(77,'2017-12-10',171,1,0),(77,'2017-12-10',172,1,0),(77,'2017-12-10',181,1,0),(77,'2017-12-17',71,1,0),(77,'2017-12-17',72,1,0),(77,'2017-12-17',81,1,0),(77,'2017-12-17',82,1,0),(77,'2017-12-17',91,1,0),(77,'2017-12-17',92,1,0),(77,'2017-12-17',101,1,0),(77,'2017-12-17',102,1,0),(77,'2017-12-17',111,1,0),(77,'2017-12-17',112,1,0),(77,'2017-12-17',121,1,0),(77,'2017-12-17',122,1,0),(77,'2017-12-17',131,1,0),(77,'2017-12-17',132,1,0),(77,'2017-12-17',141,1,0),(77,'2017-12-17',142,1,0),(77,'2017-12-17',151,1,0),(77,'2017-12-17',152,1,0),(77,'2017-12-17',161,1,0),(77,'2017-12-17',162,1,0),(77,'2017-12-17',171,1,0),(77,'2017-12-17',172,1,0),(77,'2017-12-17',181,1,0),(77,'2017-12-20',71,1,0),(77,'2017-12-20',72,1,0),(77,'2017-12-20',81,1,0),(77,'2017-12-20',82,1,0),(77,'2017-12-20',91,1,0),(77,'2017-12-20',92,1,0),(77,'2017-12-20',101,1,0),(77,'2017-12-20',102,1,0),(77,'2017-12-20',111,1,0),(77,'2017-12-20',112,1,0),(77,'2017-12-20',121,1,0),(77,'2017-12-20',122,1,0),(77,'2017-12-20',131,1,0),(77,'2017-12-20',132,1,0),(77,'2017-12-20',141,1,0),(77,'2017-12-20',142,1,0),(77,'2017-12-20',151,1,0),(77,'2017-12-20',152,1,0),(77,'2017-12-20',161,1,0),(77,'2017-12-20',162,1,0),(77,'2017-12-20',171,1,0),(77,'2017-12-20',172,1,0),(77,'2017-12-20',181,1,0),(77,'2017-12-21',71,1,0),(77,'2017-12-21',72,1,0),(77,'2017-12-21',81,1,0),(77,'2017-12-21',82,1,0),(77,'2017-12-21',91,1,0),(77,'2017-12-21',92,1,0),(77,'2017-12-21',101,1,0),(77,'2017-12-21',102,1,0),(77,'2017-12-21',111,1,0),(77,'2017-12-21',112,1,0),(77,'2017-12-21',121,1,0),(77,'2017-12-21',122,1,0),(77,'2017-12-21',131,1,0),(77,'2017-12-21',132,1,0),(77,'2017-12-21',141,1,0),(77,'2017-12-21',142,1,0),(77,'2017-12-21',151,1,0),(77,'2017-12-21',152,1,0),(77,'2017-12-21',161,1,0),(77,'2017-12-21',162,1,0),(77,'2017-12-21',171,1,0),(77,'2017-12-21',172,1,0),(77,'2017-12-21',181,1,0),(77,'2017-12-22',71,1,0),(77,'2017-12-22',72,1,0),(77,'2017-12-22',81,1,0),(77,'2017-12-22',82,1,0),(77,'2017-12-22',91,1,0),(77,'2017-12-22',92,1,0),(77,'2017-12-22',101,1,0),(77,'2017-12-22',102,1,0),(77,'2017-12-22',111,1,0),(77,'2017-12-22',112,1,0),(77,'2017-12-22',121,1,0),(77,'2017-12-22',122,1,0),(77,'2017-12-22',131,1,0),(77,'2017-12-22',132,1,0),(77,'2017-12-22',141,1,0),(77,'2017-12-22',142,1,0),(77,'2017-12-22',151,1,0),(77,'2017-12-22',152,1,0),(77,'2017-12-22',161,1,0),(77,'2017-12-22',162,1,0),(77,'2017-12-22',171,1,0),(77,'2017-12-22',172,1,0),(77,'2017-12-22',181,1,0),(77,'2017-12-23',71,1,0),(77,'2017-12-23',72,1,0),(77,'2017-12-23',81,1,0),(77,'2017-12-23',82,1,0),(77,'2017-12-23',91,1,0),(77,'2017-12-23',92,1,0),(77,'2017-12-23',101,1,0),(77,'2017-12-23',102,1,0),(77,'2017-12-23',111,1,0),(77,'2017-12-23',112,1,0),(77,'2017-12-23',121,1,0),(77,'2017-12-23',122,1,0),(77,'2017-12-23',131,1,0),(77,'2017-12-23',132,1,0),(77,'2017-12-23',141,1,0),(77,'2017-12-23',142,1,0),(77,'2017-12-23',151,1,0),(77,'2017-12-23',152,1,0),(77,'2017-12-23',161,1,0),(77,'2017-12-23',162,1,0),(77,'2017-12-23',171,1,0),(77,'2017-12-23',172,1,0),(77,'2017-12-23',181,1,0),(77,'2017-12-24',71,1,0),(77,'2017-12-24',72,1,0),(77,'2017-12-24',81,1,0),(77,'2017-12-24',82,1,0),(77,'2017-12-24',91,1,0),(77,'2017-12-24',92,1,0),(77,'2017-12-24',101,1,0),(77,'2017-12-24',102,1,0),(77,'2017-12-24',111,1,0),(77,'2017-12-24',112,1,0),(77,'2017-12-24',121,1,0),(77,'2017-12-24',122,1,0),(77,'2017-12-24',131,1,0),(77,'2017-12-24',132,1,0),(77,'2017-12-24',141,1,0),(77,'2017-12-24',142,1,0),(77,'2017-12-24',151,1,0),(77,'2017-12-24',152,1,0),(77,'2017-12-24',161,1,0),(77,'2017-12-24',162,1,0),(77,'2017-12-24',171,1,0),(77,'2017-12-24',172,1,0),(77,'2017-12-24',181,1,0),(77,'2018-01-05',71,1,0),(77,'2018-01-05',72,1,0),(77,'2018-01-05',81,1,0),(77,'2018-01-05',82,1,0),(77,'2018-01-05',91,1,0),(77,'2018-01-05',92,1,0),(77,'2018-01-05',101,1,0),(77,'2018-01-05',102,1,0),(77,'2018-01-05',111,1,0),(77,'2018-01-05',112,1,0),(77,'2018-01-05',121,1,0),(77,'2018-01-05',122,1,0),(77,'2018-01-05',131,1,0),(77,'2018-01-05',132,1,0),(77,'2018-01-05',141,1,0),(77,'2018-01-05',142,1,0),(77,'2018-01-05',151,1,0),(77,'2018-01-05',152,1,0),(77,'2018-01-05',161,1,0),(77,'2018-01-05',162,1,0),(77,'2018-01-05',171,1,0),(77,'2018-01-05',172,1,0),(77,'2018-01-05',181,1,0),(77,'2018-01-06',141,1,0),(77,'2018-01-06',142,1,0),(77,'2018-01-06',151,1,0),(77,'2018-01-06',152,1,0),(77,'2018-01-06',161,1,0),(77,'2018-01-06',162,1,0),(77,'2018-01-06',171,1,0),(77,'2018-01-07',101,1,0),(77,'2018-01-07',102,1,0),(77,'2018-01-07',111,1,0),(77,'2018-01-07',112,1,0),(77,'2018-01-07',121,1,0),(77,'2018-01-07',122,1,0),(77,'2018-01-07',131,1,0),(77,'2018-01-07',132,1,0),(77,'2018-01-07',141,1,0),(77,'2018-01-07',142,1,0),(77,'2018-01-07',151,1,0),(77,'2018-01-07',152,1,0),(77,'2018-01-07',161,1,0),(77,'2018-01-07',162,1,0),(77,'2018-01-07',171,1,0),(77,'2018-01-10',121,1,0),(77,'2018-01-10',122,1,0),(77,'2018-01-10',131,1,0),(77,'2018-01-10',132,1,0),(77,'2018-01-10',141,1,0),(77,'2018-01-10',142,1,0),(77,'2018-01-10',151,1,0),(77,'2018-01-10',152,1,0),(77,'2018-01-10',161,1,0),(77,'2018-01-11',141,1,0),(77,'2018-01-11',142,1,0),(77,'2018-01-11',151,1,0),(77,'2018-01-11',152,1,0),(77,'2018-01-11',161,1,0),(77,'2018-01-11',162,1,0),(77,'2018-01-11',171,1,0),(77,'2018-01-12',101,1,0),(77,'2018-01-12',102,1,0),(77,'2018-01-12',111,1,0),(77,'2018-01-12',112,1,0),(77,'2018-01-12',121,1,0),(77,'2018-01-12',122,1,0),(77,'2018-01-12',131,1,0),(77,'2018-01-12',132,1,0),(77,'2018-01-12',141,1,0),(77,'2018-01-12',142,1,0),(77,'2018-01-12',151,1,0),(77,'2018-01-12',152,1,0),(77,'2018-01-12',161,1,0),(77,'2018-01-12',162,1,0),(77,'2018-01-12',171,1,0),(77,'2018-01-12',172,1,0),(77,'2018-01-12',181,1,0),(77,'2018-01-14',101,1,0),(77,'2018-01-14',102,1,0),(77,'2018-01-14',111,1,0),(77,'2018-01-14',112,1,0),(77,'2018-01-14',121,1,0),(77,'2018-01-14',122,1,0),(77,'2018-01-14',131,1,0),(77,'2018-01-14',132,1,0),(77,'2018-01-14',141,1,0),(77,'2018-01-14',142,1,0),(77,'2018-01-14',151,1,0),(77,'2018-01-14',152,1,0),(77,'2018-01-14',161,1,0),(77,'2018-01-14',162,1,0),(77,'2018-01-14',171,1,0),(77,'2018-01-21',101,1,0),(77,'2018-01-21',102,1,0),(77,'2018-01-21',111,1,0),(77,'2018-01-21',112,1,0),(77,'2018-01-21',121,1,0),(77,'2018-01-21',122,1,0),(77,'2018-01-21',131,1,0),(77,'2018-01-21',132,1,0),(77,'2018-01-21',141,1,0),(77,'2018-01-21',142,1,0),(77,'2018-01-21',151,1,0),(77,'2018-01-21',152,1,0),(77,'2018-01-21',161,1,0),(77,'2018-01-21',162,1,0),(77,'2018-01-21',171,1,0),(77,'2018-01-28',101,1,0),(77,'2018-01-28',102,1,0),(77,'2018-01-28',111,1,0),(77,'2018-01-28',112,1,0),(77,'2018-01-28',121,1,0),(77,'2018-01-28',122,1,0),(77,'2018-01-28',131,1,0),(77,'2018-01-28',132,1,0),(77,'2018-01-28',141,1,0),(77,'2018-01-28',142,1,0),(77,'2018-01-28',151,1,0),(77,'2018-01-28',152,1,0),(77,'2018-01-28',161,1,0),(77,'2018-01-28',162,1,0),(77,'2018-01-28',171,1,0),(77,'2018-03-10',71,1,0),(77,'2018-03-10',72,1,0),(77,'2018-03-10',81,1,0),(77,'2018-03-10',82,1,0),(77,'2018-03-10',91,1,0),(77,'2018-03-10',92,1,0),(77,'2018-03-10',101,1,0),(77,'2018-03-10',102,1,0),(77,'2018-03-10',111,1,0),(77,'2018-03-10',112,1,0),(77,'2018-03-10',121,1,0),(77,'2018-03-10',122,1,0),(77,'2018-03-10',131,1,0),(77,'2018-03-10',132,1,0),(77,'2018-03-10',141,1,0),(77,'2018-03-10',142,1,0),(77,'2018-03-10',151,1,0),(77,'2018-03-10',152,1,0),(77,'2018-03-10',161,1,0),(77,'2018-03-10',162,1,0),(77,'2018-03-10',171,1,0),(77,'2018-03-10',172,1,0),(77,'2018-03-10',181,1,0),(77,'2018-03-11',71,1,0),(77,'2018-03-11',72,1,0),(77,'2018-03-11',81,1,0),(77,'2018-03-11',82,1,0),(77,'2018-03-11',91,1,0),(77,'2018-03-11',92,1,0),(77,'2018-03-11',101,1,0),(77,'2018-03-11',102,1,0),(77,'2018-03-11',111,1,0),(77,'2018-03-11',112,1,0),(77,'2018-03-11',121,1,0),(77,'2018-03-11',122,1,0),(77,'2018-03-11',131,1,0),(77,'2018-03-11',132,1,0),(77,'2018-03-11',141,1,0),(77,'2018-03-11',142,1,0),(77,'2018-03-11',151,1,0),(77,'2018-03-11',152,1,0),(77,'2018-03-11',161,1,0),(77,'2018-03-11',162,1,0),(77,'2018-03-11',171,1,0),(77,'2018-03-11',172,1,0),(77,'2018-03-11',181,1,0),(77,'2018-03-12',71,1,0),(77,'2018-03-12',72,1,0),(77,'2018-03-12',81,1,0),(77,'2018-03-12',82,1,0),(77,'2018-03-12',91,1,0),(77,'2018-03-12',92,1,0),(77,'2018-03-12',101,1,0),(77,'2018-03-12',102,1,0),(77,'2018-03-12',111,1,0),(77,'2018-03-12',112,1,0),(77,'2018-03-12',121,1,0),(77,'2018-03-12',122,1,0),(77,'2018-03-12',131,1,0),(77,'2018-03-12',132,1,0),(77,'2018-03-12',141,1,0),(77,'2018-03-12',142,1,0),(77,'2018-03-12',151,1,0),(77,'2018-03-12',152,1,0),(77,'2018-03-12',161,1,0),(77,'2018-03-12',162,1,0),(77,'2018-03-12',171,1,0),(77,'2018-03-12',172,1,0),(77,'2018-03-12',181,1,0),(77,'2018-03-13',71,1,0),(77,'2018-03-13',72,1,0),(77,'2018-03-13',81,1,0),(77,'2018-03-13',82,1,0),(77,'2018-03-13',91,1,0),(77,'2018-03-13',92,1,0),(77,'2018-03-13',101,1,0),(77,'2018-03-13',102,1,0),(77,'2018-03-13',111,1,0),(77,'2018-03-13',112,1,0),(77,'2018-03-13',121,1,0),(77,'2018-03-13',122,1,0),(77,'2018-03-13',131,1,0),(77,'2018-03-13',132,1,0),(77,'2018-03-13',141,1,0),(77,'2018-03-13',142,1,0),(77,'2018-03-13',151,1,0),(77,'2018-03-13',152,1,0),(77,'2018-03-13',161,1,0),(77,'2018-03-13',162,1,0),(77,'2018-03-13',171,1,0),(77,'2018-03-13',172,1,0),(77,'2018-03-13',181,1,0),(77,'2018-03-14',71,1,0),(77,'2018-03-14',72,1,0),(77,'2018-03-14',81,1,0),(77,'2018-03-14',82,1,0),(77,'2018-03-14',91,1,0),(77,'2018-03-14',92,1,0),(77,'2018-03-14',101,1,0),(77,'2018-03-14',102,1,0),(77,'2018-03-14',111,1,0),(77,'2018-03-14',112,1,0),(77,'2018-03-14',121,1,0),(77,'2018-03-14',122,1,0),(77,'2018-03-14',131,1,0),(77,'2018-03-14',132,1,0),(77,'2018-03-14',141,1,0),(77,'2018-03-15',71,1,0),(77,'2018-03-15',72,1,0),(77,'2018-03-15',81,1,0),(77,'2018-03-15',82,1,0),(77,'2018-03-15',91,1,0),(77,'2018-03-15',92,1,0),(77,'2018-03-15',101,1,0),(77,'2018-03-15',102,1,0),(77,'2018-03-15',181,1,0),(77,'2018-03-15',182,1,0),(77,'2018-03-15',191,1,0),(77,'2018-03-15',192,1,0),(77,'2018-03-15',201,1,0),(77,'2018-03-15',202,1,0),(77,'2018-03-15',211,1,0),(77,'2018-03-17',71,1,0),(77,'2018-03-17',72,1,0),(77,'2018-03-17',81,1,0),(77,'2018-03-17',82,1,0),(77,'2018-03-17',91,1,0),(77,'2018-03-17',92,1,0),(77,'2018-03-17',101,1,0),(77,'2018-03-17',102,1,0),(77,'2018-03-17',111,1,0),(77,'2018-03-17',112,1,0),(77,'2018-03-17',121,1,0),(77,'2018-03-17',122,1,0),(77,'2018-03-17',131,1,0),(77,'2018-03-17',132,1,0),(77,'2018-03-17',141,1,0),(77,'2018-03-17',142,1,0),(77,'2018-03-17',151,1,0),(77,'2018-03-17',152,1,0),(77,'2018-03-17',161,1,0),(77,'2018-03-17',162,1,0),(77,'2018-03-17',171,1,0),(77,'2018-03-17',172,1,0),(77,'2018-03-17',181,1,0),(77,'2018-03-17',182,1,0),(77,'2018-03-17',191,1,0),(77,'2018-03-17',192,1,0),(77,'2018-03-17',201,1,0),(77,'2018-03-18',71,1,0),(77,'2018-03-18',72,1,0),(77,'2018-03-18',81,1,0),(77,'2018-03-18',82,1,0),(77,'2018-03-18',91,1,0),(77,'2018-03-18',92,1,0),(77,'2018-03-18',101,1,0),(77,'2018-03-18',102,1,0),(77,'2018-03-18',111,1,0),(77,'2018-03-18',112,1,0),(77,'2018-03-18',121,1,0),(77,'2018-03-18',122,1,0),(77,'2018-03-18',131,1,0),(77,'2018-03-18',132,1,0),(77,'2018-03-18',141,1,0),(77,'2018-03-18',142,1,0),(77,'2018-03-18',151,1,0),(77,'2018-03-18',152,1,0),(77,'2018-03-18',161,1,0),(77,'2018-03-18',162,1,0),(77,'2018-03-18',171,1,0),(77,'2018-03-18',172,1,0),(77,'2018-03-18',181,1,0),(77,'2018-03-18',182,1,0),(77,'2018-03-18',191,1,0),(77,'2018-03-18',192,1,0),(77,'2018-03-18',201,1,0),(77,'2018-03-19',71,1,0),(77,'2018-03-19',72,1,0),(77,'2018-03-19',81,1,0),(77,'2018-03-19',82,1,0),(77,'2018-03-19',91,1,0),(77,'2018-03-19',92,1,0),(77,'2018-03-19',101,1,0),(77,'2018-03-19',102,1,0),(77,'2018-03-19',111,1,0),(77,'2018-03-19',112,1,0),(77,'2018-03-19',121,1,0),(77,'2018-03-19',122,1,0),(77,'2018-03-19',131,1,0),(77,'2018-03-19',132,1,0),(77,'2018-03-19',141,1,0),(77,'2018-03-19',142,1,0),(77,'2018-03-19',151,1,0),(77,'2018-03-20',71,1,0),(77,'2018-03-20',72,1,0),(77,'2018-03-20',81,1,0),(77,'2018-03-20',82,1,0),(77,'2018-03-20',91,1,0),(77,'2018-03-20',92,1,0),(77,'2018-03-20',101,1,0),(77,'2018-03-20',102,1,0),(77,'2018-03-20',111,1,0),(77,'2018-03-20',112,1,0),(77,'2018-03-20',121,1,0),(77,'2018-03-20',122,1,0),(77,'2018-03-20',131,1,0),(77,'2018-03-20',132,1,0),(77,'2018-03-20',141,1,0),(77,'2018-03-20',142,1,0),(77,'2018-03-20',151,1,0),(77,'2018-03-20',152,1,0),(77,'2018-03-20',161,1,0),(77,'2018-03-20',162,1,0),(77,'2018-03-20',171,1,0),(77,'2018-03-20',172,1,0),(77,'2018-03-20',181,1,0),(77,'2018-03-20',182,1,0),(77,'2018-03-20',191,1,0),(77,'2018-03-20',192,1,0),(77,'2018-03-20',201,1,0),(77,'2018-03-21',71,1,0),(77,'2018-03-21',72,1,0),(77,'2018-03-21',81,1,0),(77,'2018-03-21',82,1,0),(77,'2018-03-21',91,1,0),(77,'2018-03-21',92,1,0),(77,'2018-03-21',101,1,0),(77,'2018-03-21',102,1,0),(77,'2018-03-21',111,1,0),(77,'2018-03-21',112,1,0),(77,'2018-03-21',121,1,0),(77,'2018-03-21',122,1,0),(77,'2018-03-21',131,1,0),(77,'2018-03-21',132,1,0),(77,'2018-03-21',141,1,0),(77,'2018-03-21',142,1,0),(77,'2018-03-21',151,1,0),(77,'2018-03-21',152,1,0),(77,'2018-03-21',161,1,0),(77,'2018-03-21',162,1,0),(77,'2018-03-21',171,1,0),(77,'2018-03-21',172,1,0),(77,'2018-03-21',181,1,0),(77,'2018-03-21',182,1,0),(77,'2018-03-21',191,1,0),(77,'2018-03-21',192,1,0),(77,'2018-03-21',201,1,0),(77,'2018-03-22',71,1,0),(77,'2018-03-22',72,1,0),(77,'2018-03-22',81,1,0),(77,'2018-03-22',82,1,0),(77,'2018-03-22',91,1,0),(77,'2018-03-22',92,1,0),(77,'2018-03-22',101,1,0),(77,'2018-03-22',102,1,0),(77,'2018-03-22',111,1,0),(77,'2018-03-22',112,1,0),(77,'2018-03-22',121,1,0),(77,'2018-03-22',161,1,0),(77,'2018-03-22',162,1,0),(77,'2018-03-22',171,1,0),(77,'2018-03-22',172,1,0),(77,'2018-03-22',181,1,0),(77,'2018-03-22',182,1,0),(77,'2018-03-22',191,1,0),(77,'2018-03-22',192,1,0),(77,'2018-03-22',201,1,0),(77,'2018-03-22',202,1,0),(77,'2018-03-22',211,1,0),(77,'2018-03-24',71,1,0),(77,'2018-03-24',72,1,0),(77,'2018-03-24',81,1,0),(77,'2018-03-24',82,1,0),(77,'2018-03-24',91,1,0),(77,'2018-03-24',92,1,0),(77,'2018-03-24',101,1,0),(77,'2018-03-24',102,1,0),(77,'2018-03-24',111,1,0),(77,'2018-03-24',112,1,0),(77,'2018-03-24',121,1,0),(77,'2018-03-24',122,1,0),(77,'2018-03-24',131,1,0),(77,'2018-03-24',132,1,0),(77,'2018-03-24',141,1,0),(77,'2018-03-26',71,1,0),(77,'2018-03-26',72,1,0),(77,'2018-03-26',81,1,0),(77,'2018-03-26',82,1,0),(77,'2018-03-26',91,1,0),(77,'2018-03-26',92,1,0),(77,'2018-03-26',101,1,0),(77,'2018-03-26',102,1,0),(77,'2018-03-26',111,1,0),(77,'2018-03-26',112,1,0),(77,'2018-03-26',121,1,0),(77,'2018-03-26',122,1,0),(77,'2018-03-26',131,1,0),(77,'2018-03-26',132,1,0),(77,'2018-03-26',141,1,0),(77,'2018-03-26',142,1,0),(77,'2018-03-26',151,1,0),(77,'2018-03-26',152,1,0),(77,'2018-03-26',161,1,0),(77,'2018-03-26',162,1,0),(77,'2018-03-26',171,1,0),(77,'2018-03-26',172,1,0),(77,'2018-03-26',181,1,0),(77,'2018-03-26',182,1,0),(77,'2018-03-26',191,1,0),(77,'2018-03-26',192,1,0),(77,'2018-03-26',201,1,0),(77,'2018-03-27',71,1,0),(77,'2018-03-27',72,1,0),(77,'2018-03-27',81,1,0),(77,'2018-03-27',82,1,0),(77,'2018-03-27',91,1,0),(77,'2018-03-27',92,1,0),(77,'2018-03-27',101,1,0),(77,'2018-03-27',102,1,0),(77,'2018-03-27',111,1,0),(77,'2018-03-27',112,1,0),(77,'2018-03-27',121,1,0),(77,'2018-03-27',122,1,0),(77,'2018-03-27',131,1,0),(77,'2018-03-27',132,1,0),(77,'2018-03-27',141,1,0),(77,'2018-03-27',142,1,0),(77,'2018-03-27',151,1,0),(77,'2018-03-27',152,1,0),(77,'2018-03-27',161,1,0),(77,'2018-03-27',162,1,0),(77,'2018-03-27',171,1,0),(77,'2018-03-27',172,1,0),(77,'2018-03-27',181,1,0),(77,'2018-03-27',182,1,0),(77,'2018-03-27',191,1,0),(77,'2018-03-27',192,1,0),(77,'2018-03-27',201,1,0),(77,'2018-03-28',71,1,0),(77,'2018-03-28',72,1,0),(77,'2018-03-28',81,1,0),(77,'2018-03-28',82,1,0),(77,'2018-03-28',91,1,0),(77,'2018-03-28',92,1,0),(77,'2018-03-28',101,1,0),(77,'2018-03-28',102,1,0),(77,'2018-03-28',111,1,0),(77,'2018-03-28',112,1,0),(77,'2018-03-28',121,1,0),(77,'2018-03-28',122,1,0),(77,'2018-03-28',131,1,0),(77,'2018-03-28',132,1,0),(77,'2018-03-28',141,1,0),(77,'2018-03-28',142,1,0),(77,'2018-03-28',151,1,0),(77,'2018-03-28',152,1,0),(77,'2018-03-28',161,1,0),(77,'2018-03-28',162,1,0),(77,'2018-03-28',171,1,0),(77,'2018-03-28',172,1,0),(77,'2018-03-28',181,1,0),(77,'2018-03-28',182,1,0),(77,'2018-03-28',191,1,0),(77,'2018-03-28',192,1,0),(77,'2018-03-28',201,1,0),(77,'2018-03-29',71,1,0),(77,'2018-03-29',72,1,0),(77,'2018-03-29',81,1,0),(77,'2018-03-29',82,1,0),(77,'2018-03-29',91,1,0),(77,'2018-03-29',92,1,0),(77,'2018-03-29',101,1,0),(77,'2018-03-29',102,1,0),(77,'2018-03-29',111,1,0),(77,'2018-03-29',112,1,0),(77,'2018-03-29',121,1,0),(77,'2018-03-29',122,1,0),(77,'2018-03-29',131,1,0),(77,'2018-03-29',132,1,0),(77,'2018-03-29',141,1,0),(77,'2018-03-29',142,1,0),(77,'2018-03-29',151,1,0),(77,'2018-03-29',152,1,0),(77,'2018-03-29',161,1,0),(77,'2018-03-29',162,1,0),(77,'2018-03-29',171,1,0),(77,'2018-03-29',172,1,0),(77,'2018-03-29',181,1,0),(77,'2018-03-29',182,1,0),(77,'2018-03-29',191,1,0),(77,'2018-03-29',192,1,0),(77,'2018-03-29',201,1,0),(77,'2018-03-31',71,1,0),(77,'2018-03-31',72,1,0),(77,'2018-03-31',81,1,0),(77,'2018-03-31',82,1,0),(77,'2018-03-31',91,1,0),(77,'2018-03-31',92,1,0),(77,'2018-03-31',101,1,0),(77,'2018-03-31',102,1,0),(77,'2018-03-31',111,1,0),(77,'2018-03-31',112,1,0),(77,'2018-03-31',121,1,0),(77,'2018-03-31',122,1,0),(77,'2018-03-31',131,1,0),(77,'2018-03-31',132,1,0),(77,'2018-03-31',141,1,0),(77,'2018-03-31',142,1,0),(77,'2018-03-31',151,1,0),(77,'2018-03-31',152,1,0),(77,'2018-03-31',161,1,0),(77,'2018-03-31',162,1,0),(77,'2018-03-31',171,1,0),(77,'2018-03-31',172,1,0),(77,'2018-03-31',181,1,0),(77,'2018-03-31',182,1,0),(77,'2018-03-31',191,1,0),(77,'2018-03-31',192,1,0),(77,'2018-03-31',201,1,0),(77,'2018-09-07',71,1,0),(77,'2018-09-07',72,1,0),(77,'2018-09-07',81,1,0),(77,'2018-09-07',82,1,0),(77,'2018-09-07',91,1,0),(77,'2018-09-07',92,1,0),(77,'2018-09-07',121,1,0),(77,'2018-09-07',122,1,0),(77,'2018-09-07',131,1,0),(77,'2018-09-07',132,1,0),(77,'2018-09-07',202,1,0),(77,'2018-09-07',211,1,0),(77,'2018-09-07',212,1,0),(77,'2018-09-07',221,1,0),(77,'2018-09-07',222,1,0),(77,'2018-09-07',231,1,0),(77,'2018-09-07',232,1,0),(77,'2018-09-07',241,1,0),(77,'2018-09-08',71,1,0),(77,'2018-09-08',72,1,0),(77,'2018-09-08',81,1,0),(77,'2018-09-08',82,1,0),(77,'2018-09-08',91,1,0),(77,'2018-09-08',92,1,0),(77,'2018-09-08',101,1,0),(77,'2018-09-08',102,1,0),(77,'2018-09-08',111,1,0),(77,'2018-09-08',112,1,0),(77,'2018-09-08',121,1,0),(77,'2018-09-08',122,1,0),(77,'2018-09-08',131,1,0),(77,'2018-09-08',132,1,0),(77,'2018-09-08',182,1,0),(77,'2018-09-08',191,1,0),(77,'2018-09-08',192,1,0),(77,'2018-09-08',201,1,0),(77,'2018-09-08',202,1,0),(77,'2018-09-08',211,1,0),(77,'2018-09-08',212,1,0),(77,'2018-09-08',221,1,0),(77,'2018-09-08',222,1,0),(77,'2018-09-08',231,1,0),(77,'2018-09-08',232,1,0),(77,'2018-09-08',241,1,0),(77,'2018-09-09',71,1,0),(77,'2018-09-09',72,1,0),(77,'2018-09-09',81,1,0),(77,'2018-09-09',82,1,0),(77,'2018-09-09',91,1,0),(77,'2018-09-09',92,1,0),(77,'2018-09-09',101,1,0),(77,'2018-09-09',102,1,0),(77,'2018-09-09',111,1,0),(77,'2018-09-09',112,1,0),(77,'2018-09-09',121,1,0),(77,'2018-09-09',122,1,0),(77,'2018-09-09',131,1,0),(77,'2018-09-09',132,1,0),(77,'2018-09-09',141,1,0),(77,'2018-09-09',142,1,0),(77,'2018-09-09',151,1,0),(77,'2018-09-09',152,1,0),(77,'2018-09-09',161,1,0),(77,'2018-09-09',162,1,0),(77,'2018-09-09',171,1,0),(77,'2018-09-09',172,1,0),(77,'2018-09-09',181,1,0),(77,'2018-09-09',182,1,0),(77,'2018-09-09',191,1,0),(77,'2018-09-09',192,1,0),(77,'2018-09-09',201,1,0),(77,'2018-09-09',202,1,0),(77,'2018-09-09',211,1,0),(77,'2018-09-09',212,1,0),(77,'2018-09-09',221,1,0),(77,'2018-09-09',222,1,0),(77,'2018-09-09',231,1,0),(77,'2018-09-09',232,1,0),(77,'2018-09-09',241,1,0),(77,'2018-09-10',71,1,0),(77,'2018-09-10',72,1,0),(77,'2018-09-10',81,1,0),(77,'2018-09-10',82,1,0),(77,'2018-09-10',91,1,0),(77,'2018-09-10',92,1,0),(77,'2018-09-10',141,1,0),(77,'2018-09-10',142,1,0),(77,'2018-09-10',151,1,0),(77,'2018-09-10',152,1,0),(77,'2018-09-10',161,1,0),(77,'2018-09-10',162,1,0),(77,'2018-09-10',171,1,0),(77,'2018-09-10',172,1,0),(77,'2018-09-10',181,1,0),(77,'2018-09-10',182,1,0),(77,'2018-09-10',191,1,0),(77,'2018-09-10',192,1,0),(77,'2018-09-10',201,1,0),(77,'2018-09-10',202,1,0),(77,'2018-09-10',211,1,0),(77,'2018-09-10',212,1,0),(77,'2018-09-10',221,1,0),(77,'2018-09-10',222,1,0),(77,'2018-09-10',231,1,0),(77,'2018-09-10',232,1,0),(77,'2018-09-10',241,1,0),(77,'2018-09-11',71,1,0),(77,'2018-09-11',72,1,0),(77,'2018-09-11',81,1,0),(77,'2018-09-11',82,1,0),(77,'2018-09-11',91,1,0),(77,'2018-09-11',92,1,0),(77,'2018-09-11',101,1,0),(77,'2018-09-11',102,1,0),(77,'2018-09-11',111,1,0),(77,'2018-09-11',112,1,0),(77,'2018-09-11',121,1,0),(77,'2018-09-11',122,1,0),(77,'2018-09-11',131,1,0),(77,'2018-09-11',132,1,0),(77,'2018-09-11',141,1,0),(77,'2018-09-11',142,1,0),(77,'2018-09-11',151,1,0),(77,'2018-09-11',152,1,0),(77,'2018-09-11',161,1,0),(77,'2018-09-11',162,1,0),(77,'2018-09-11',171,1,0),(77,'2018-09-11',172,1,0),(77,'2018-09-11',181,1,0),(77,'2018-09-11',182,1,0),(77,'2018-09-11',191,1,0),(77,'2018-09-11',192,1,0),(77,'2018-09-11',201,1,0),(77,'2018-09-11',202,1,0),(77,'2018-09-11',211,1,0),(77,'2018-09-11',212,1,0),(77,'2018-09-11',221,1,0),(77,'2018-09-11',222,1,0),(77,'2018-09-11',231,1,0),(77,'2018-09-11',232,1,0),(77,'2018-09-11',241,1,0),(77,'2018-09-12',71,1,0),(77,'2018-09-12',72,1,0),(77,'2018-09-12',81,1,0),(77,'2018-09-12',82,1,0),(77,'2018-09-12',91,1,0),(77,'2018-09-12',92,1,0),(77,'2018-09-12',101,1,0),(77,'2018-09-12',102,1,0),(77,'2018-09-12',111,1,0),(77,'2018-09-12',112,1,0),(77,'2018-09-12',121,1,0),(77,'2018-09-12',122,1,0),(77,'2018-09-12',131,1,0),(77,'2018-09-12',132,1,0),(77,'2018-09-12',141,1,0),(77,'2018-09-12',142,1,0),(77,'2018-09-12',151,1,0),(77,'2018-09-12',152,1,0),(77,'2018-09-12',161,1,0),(77,'2018-09-12',162,1,0),(77,'2018-09-12',171,1,0),(77,'2018-09-12',172,1,0),(77,'2018-09-12',181,1,0),(77,'2018-09-12',182,1,0),(77,'2018-09-12',191,1,0),(77,'2018-09-12',192,1,0),(77,'2018-09-12',201,1,0),(77,'2018-09-12',202,1,0),(77,'2018-09-12',211,1,0),(77,'2018-09-12',212,1,0),(77,'2018-09-12',221,1,0),(77,'2018-09-12',222,1,0),(77,'2018-09-12',231,1,0),(77,'2018-09-12',232,1,0),(77,'2018-09-12',241,1,0),(77,'2018-09-13',71,1,0),(77,'2018-09-13',72,1,0),(77,'2018-09-13',81,1,0),(77,'2018-09-13',82,1,0),(77,'2018-09-13',91,1,0),(77,'2018-09-13',92,1,0),(77,'2018-09-13',101,1,0),(77,'2018-09-13',102,1,0),(77,'2018-09-13',111,1,0),(77,'2018-09-13',112,1,0),(77,'2018-09-13',121,1,0),(77,'2018-09-13',122,1,0),(77,'2018-09-13',131,1,0),(77,'2018-09-13',132,1,0),(77,'2018-09-13',141,1,0),(77,'2018-09-13',142,1,0),(77,'2018-09-13',151,1,0),(77,'2018-09-13',152,1,0),(77,'2018-09-13',161,1,0),(77,'2018-09-13',162,1,0),(77,'2018-09-13',171,1,0),(77,'2018-09-13',172,1,0),(77,'2018-09-13',181,1,0),(77,'2018-09-13',182,1,0),(77,'2018-09-13',191,1,0),(77,'2018-09-13',192,1,0),(77,'2018-09-13',201,1,0),(77,'2018-09-13',202,1,0),(77,'2018-09-13',211,1,0),(77,'2018-09-13',212,1,0),(77,'2018-09-13',221,1,0),(77,'2018-09-13',222,1,0),(77,'2018-09-13',231,1,0),(77,'2018-09-13',232,1,0),(77,'2018-09-13',241,1,0),(77,'2018-09-14',71,1,0),(77,'2018-09-14',72,1,0),(77,'2018-09-14',81,1,0),(77,'2018-09-14',82,1,0),(77,'2018-09-14',91,1,0),(77,'2018-09-14',92,1,0),(77,'2018-09-14',101,1,0),(77,'2018-09-14',102,1,0),(77,'2018-09-14',111,1,0),(77,'2018-09-14',112,1,0),(77,'2018-09-14',121,1,0),(77,'2018-09-14',122,1,0),(77,'2018-09-14',131,1,0),(77,'2018-09-14',132,1,0),(77,'2018-09-14',141,1,0),(77,'2018-09-14',142,1,0),(77,'2018-09-14',151,1,0),(77,'2018-09-14',152,1,0),(77,'2018-09-14',161,1,0),(77,'2018-09-14',162,1,0),(77,'2018-09-14',171,1,0),(77,'2018-09-14',172,1,0),(77,'2018-09-14',181,1,0),(77,'2018-09-14',182,1,0),(77,'2018-09-14',191,1,0),(77,'2018-09-14',192,1,0),(77,'2018-09-14',201,1,0),(77,'2018-09-14',202,1,0),(77,'2018-09-14',211,1,0),(77,'2018-09-14',212,1,0),(77,'2018-09-14',221,1,0),(77,'2018-09-14',222,1,0),(77,'2018-09-14',231,1,0),(77,'2018-09-14',232,1,0),(77,'2018-09-14',241,1,0),(77,'2018-09-15',71,1,0),(77,'2018-09-15',72,1,0),(77,'2018-09-15',81,1,0),(77,'2018-09-15',82,1,0),(77,'2018-09-15',91,1,0),(77,'2018-09-15',92,1,0),(77,'2018-09-15',101,1,0),(77,'2018-09-15',102,1,0),(77,'2018-09-15',111,1,0),(77,'2018-09-15',112,1,0),(77,'2018-09-15',121,1,0),(77,'2018-09-15',122,1,0),(77,'2018-09-15',131,1,0),(77,'2018-09-15',132,1,0),(77,'2018-09-15',141,1,0),(77,'2018-09-15',142,1,0),(77,'2018-09-15',151,1,0),(77,'2018-09-15',152,1,0),(77,'2018-09-15',161,1,0),(77,'2018-09-15',162,1,0),(77,'2018-09-15',171,1,0),(77,'2018-09-15',172,1,0),(77,'2018-09-15',181,1,0),(77,'2018-09-15',182,1,0),(77,'2018-09-15',191,1,0),(77,'2018-09-15',192,1,0),(77,'2018-09-15',201,1,0),(77,'2018-09-15',202,1,0),(77,'2018-09-15',211,1,0),(77,'2018-09-15',212,1,0),(77,'2018-09-15',221,1,0),(77,'2018-09-15',222,1,0),(77,'2018-09-15',231,1,0),(77,'2018-09-15',232,1,0),(77,'2018-09-15',241,1,0),(77,'2018-09-16',71,1,0),(77,'2018-09-16',72,1,0),(77,'2018-09-16',81,1,0),(77,'2018-09-16',82,1,0),(77,'2018-09-16',91,1,0),(77,'2018-09-16',92,1,0),(77,'2018-09-16',101,1,0),(77,'2018-09-16',102,1,0),(77,'2018-09-16',111,1,0),(77,'2018-09-16',112,1,0),(77,'2018-09-16',121,1,0),(77,'2018-09-16',122,1,0),(77,'2018-09-16',131,1,0),(77,'2018-09-16',132,1,0),(77,'2018-09-16',141,1,0),(77,'2018-09-16',142,1,0),(77,'2018-09-16',151,1,0),(77,'2018-09-16',152,1,0),(77,'2018-09-16',161,1,0),(77,'2018-09-16',162,1,0),(77,'2018-09-16',171,1,0),(77,'2018-09-16',172,1,0),(77,'2018-09-16',181,1,0),(77,'2018-09-16',182,1,0),(77,'2018-09-16',191,1,0),(77,'2018-09-16',192,1,0),(77,'2018-09-16',201,1,0),(77,'2018-09-16',202,1,0),(77,'2018-09-16',211,1,0),(77,'2018-09-16',212,1,0),(77,'2018-09-16',221,1,0),(77,'2018-09-16',222,1,0),(77,'2018-09-16',231,1,0),(77,'2018-09-16',232,1,0),(77,'2018-09-16',241,1,0),(77,'2018-09-17',71,1,0),(77,'2018-09-17',72,1,0),(77,'2018-09-17',81,1,0),(77,'2018-09-17',82,1,0),(77,'2018-09-17',91,1,0),(77,'2018-09-17',92,1,0),(77,'2018-09-17',101,1,0),(77,'2018-09-17',102,1,0),(77,'2018-09-17',111,1,0),(77,'2018-09-17',112,1,0),(77,'2018-09-17',121,1,0),(77,'2018-09-17',122,1,0),(77,'2018-09-17',131,1,0),(77,'2018-09-17',132,1,0),(77,'2018-09-17',141,1,0),(77,'2018-09-17',142,1,0),(77,'2018-09-17',151,1,0),(77,'2018-09-17',152,1,0),(77,'2018-09-17',161,1,0),(77,'2018-09-17',162,1,0),(77,'2018-09-17',171,1,0),(77,'2018-09-17',172,1,0),(77,'2018-09-17',181,1,0),(77,'2018-09-17',182,1,0),(77,'2018-09-17',191,1,0),(77,'2018-09-17',192,1,0),(77,'2018-09-17',201,1,0),(77,'2018-09-17',202,1,0),(77,'2018-09-17',211,1,0),(77,'2018-09-17',212,1,0),(77,'2018-09-17',221,1,0),(77,'2018-09-17',222,1,0),(77,'2018-09-17',231,1,0),(77,'2018-09-17',232,1,0),(77,'2018-09-17',241,1,0),(77,'2018-09-18',71,1,0),(77,'2018-09-18',72,1,0),(77,'2018-09-18',81,1,0),(77,'2018-09-18',82,1,0),(77,'2018-09-18',91,1,0),(77,'2018-09-18',92,1,0),(77,'2018-09-18',101,1,0),(77,'2018-09-18',102,1,0),(77,'2018-09-18',111,1,0),(77,'2018-09-18',112,1,0),(77,'2018-09-18',121,1,0),(77,'2018-09-18',122,1,0),(77,'2018-09-18',131,1,0),(77,'2018-09-18',132,1,0),(77,'2018-09-18',141,1,0),(77,'2018-09-18',142,1,0),(77,'2018-09-18',151,1,0),(77,'2018-09-18',152,1,0),(77,'2018-09-18',161,1,0),(77,'2018-09-18',162,1,0),(77,'2018-09-18',171,1,0),(77,'2018-09-18',172,1,0),(77,'2018-09-18',181,1,0),(77,'2018-09-18',182,1,0),(77,'2018-09-18',191,1,0),(77,'2018-09-18',192,1,0),(77,'2018-09-18',201,1,0),(77,'2018-09-18',202,1,0),(77,'2018-09-18',211,1,0),(77,'2018-09-18',212,1,0),(77,'2018-09-18',221,1,0),(77,'2018-09-18',222,1,0),(77,'2018-09-18',231,1,0),(77,'2018-09-18',232,1,0),(77,'2018-09-18',241,1,0),(77,'2018-09-19',71,1,0),(77,'2018-09-19',72,1,0),(77,'2018-09-19',81,1,0),(77,'2018-09-19',82,1,0),(77,'2018-09-19',91,1,0),(77,'2018-09-19',92,1,0),(77,'2018-09-19',101,1,0),(77,'2018-09-19',102,1,0),(77,'2018-09-19',111,1,0),(77,'2018-09-19',112,1,0),(77,'2018-09-19',121,1,0),(77,'2018-09-19',122,1,0),(77,'2018-09-19',131,1,0),(77,'2018-09-19',132,1,0),(77,'2018-09-19',141,1,0),(77,'2018-09-19',142,1,0),(77,'2018-09-19',151,1,0),(77,'2018-09-19',152,1,0),(77,'2018-09-19',161,1,0),(77,'2018-09-19',162,1,0),(77,'2018-09-19',171,1,0),(77,'2018-09-19',172,1,0),(77,'2018-09-19',181,1,0),(77,'2018-09-19',182,1,0),(77,'2018-09-19',191,1,0),(77,'2018-09-19',192,1,0),(77,'2018-09-19',201,1,0),(77,'2018-09-19',202,1,0),(77,'2018-09-19',211,1,0),(77,'2018-09-19',212,1,0),(77,'2018-09-19',221,1,0),(77,'2018-09-19',222,1,0),(77,'2018-09-19',231,1,0),(77,'2018-09-19',232,1,0),(77,'2018-09-19',241,1,0),(77,'2018-09-20',71,1,0),(77,'2018-09-20',72,1,0),(77,'2018-09-20',81,1,0),(77,'2018-09-20',82,1,0),(77,'2018-09-20',91,1,0),(77,'2018-09-20',92,1,0),(77,'2018-09-20',101,1,0),(77,'2018-09-20',102,1,0),(77,'2018-09-20',111,1,0),(77,'2018-09-20',112,1,0),(77,'2018-09-20',121,1,0),(77,'2018-09-20',122,1,0),(77,'2018-09-20',131,1,0),(77,'2018-09-20',132,1,0),(77,'2018-09-20',141,1,0),(77,'2018-09-20',142,1,0),(77,'2018-09-20',151,1,0),(77,'2018-09-20',152,1,0),(77,'2018-09-20',161,1,0),(77,'2018-09-20',162,1,0),(77,'2018-09-20',171,1,0),(77,'2018-09-20',172,1,0),(77,'2018-09-20',181,1,0),(77,'2018-09-20',182,1,0),(77,'2018-09-20',191,1,0),(77,'2018-09-20',192,1,0),(77,'2018-09-20',201,1,0),(77,'2018-09-20',202,1,0),(77,'2018-09-20',211,1,0),(77,'2018-09-20',212,1,0),(77,'2018-09-20',221,1,0),(77,'2018-09-20',222,1,0),(77,'2018-09-20',231,1,0),(77,'2018-09-20',232,1,0),(77,'2018-09-20',241,1,0),(77,'2018-09-21',71,1,0),(77,'2018-09-21',72,1,0),(77,'2018-09-21',81,1,0),(77,'2018-09-21',82,1,0),(77,'2018-09-21',91,1,0),(77,'2018-09-21',92,1,0),(77,'2018-09-21',101,1,0),(77,'2018-09-21',102,1,0),(77,'2018-09-21',111,1,0),(77,'2018-09-21',112,1,0),(77,'2018-09-21',121,1,0),(77,'2018-09-21',122,1,0),(77,'2018-09-21',131,1,0),(77,'2018-09-21',132,1,0),(77,'2018-09-21',141,1,0),(77,'2018-09-21',142,1,0),(77,'2018-09-21',151,1,0),(77,'2018-09-21',152,1,0),(77,'2018-09-21',161,1,0),(77,'2018-09-21',162,1,0),(77,'2018-09-21',171,1,0),(77,'2018-09-21',172,1,0),(77,'2018-09-21',181,1,0),(77,'2018-09-21',182,1,0),(77,'2018-09-21',191,1,0),(77,'2018-09-21',192,1,0),(77,'2018-09-21',201,1,0),(77,'2018-09-21',202,1,0),(77,'2018-09-21',211,1,0),(77,'2018-09-21',212,1,0),(77,'2018-09-21',221,1,0),(77,'2018-09-21',222,1,0),(77,'2018-09-21',231,1,0),(77,'2018-09-21',232,1,0),(77,'2018-09-21',241,1,0),(77,'2018-09-22',71,1,0),(77,'2018-09-22',72,1,0),(77,'2018-09-22',81,1,0),(77,'2018-09-22',82,1,0),(77,'2018-09-22',91,1,0),(77,'2018-09-22',92,1,0),(77,'2018-09-22',101,1,0),(77,'2018-09-22',102,1,0),(77,'2018-09-22',111,1,0),(77,'2018-09-22',112,1,0),(77,'2018-09-22',121,1,0),(77,'2018-09-22',122,1,0),(77,'2018-09-22',131,1,0),(77,'2018-09-22',132,1,0),(77,'2018-09-22',141,1,0),(77,'2018-09-22',142,1,0),(77,'2018-09-22',151,1,0),(77,'2018-09-22',152,1,0),(77,'2018-09-22',161,1,0),(77,'2018-09-22',162,1,0),(77,'2018-09-22',171,1,0),(77,'2018-09-22',172,1,0),(77,'2018-09-22',181,1,0),(77,'2018-09-22',182,1,0),(77,'2018-09-22',191,1,0),(77,'2018-09-22',192,1,0),(77,'2018-09-22',201,1,0),(77,'2018-09-22',202,1,0),(77,'2018-09-22',211,1,0),(77,'2018-09-22',212,1,0),(77,'2018-09-22',221,1,0),(77,'2018-09-22',222,1,0),(77,'2018-09-22',231,1,0),(77,'2018-09-22',232,1,0),(77,'2018-09-22',241,1,0),(77,'2018-09-23',71,1,0),(77,'2018-09-23',72,1,0),(77,'2018-09-23',81,1,0),(77,'2018-09-23',82,1,0),(77,'2018-09-23',91,1,0),(77,'2018-09-23',92,1,0),(77,'2018-09-23',101,1,0),(77,'2018-09-23',102,1,0),(77,'2018-09-23',111,1,0),(77,'2018-09-23',112,1,0),(77,'2018-09-23',121,1,0),(77,'2018-09-23',122,1,0),(77,'2018-09-23',131,1,0),(77,'2018-09-23',132,1,0),(77,'2018-09-23',141,1,0),(77,'2018-09-23',142,1,0),(77,'2018-09-23',151,1,0),(77,'2018-09-23',152,1,0),(77,'2018-09-23',161,1,0),(77,'2018-09-23',162,1,0),(77,'2018-09-23',171,1,0),(77,'2018-09-23',172,1,0),(77,'2018-09-23',181,1,0),(77,'2018-09-23',182,1,0),(77,'2018-09-23',191,1,0),(77,'2018-09-23',192,1,0),(77,'2018-09-23',201,1,0),(77,'2018-09-23',202,1,0),(77,'2018-09-23',211,1,0),(77,'2018-09-23',212,1,0),(77,'2018-09-23',221,1,0),(77,'2018-09-23',222,1,0),(77,'2018-09-23',231,1,0),(77,'2018-09-23',232,1,0),(77,'2018-09-23',241,1,0),(77,'2018-09-24',71,1,0),(77,'2018-09-24',72,1,0),(77,'2018-09-24',81,1,0),(77,'2018-09-24',82,1,0),(77,'2018-09-24',91,1,0),(77,'2018-09-24',92,1,0),(77,'2018-09-24',101,1,0),(77,'2018-09-24',102,1,0),(77,'2018-09-24',111,1,0),(77,'2018-09-24',112,1,0),(77,'2018-09-24',121,1,0),(77,'2018-09-24',122,1,0),(77,'2018-09-24',131,1,0),(77,'2018-09-24',132,1,0),(77,'2018-09-24',141,1,0),(77,'2018-09-24',142,1,0),(77,'2018-09-24',151,1,0),(77,'2018-09-24',152,1,0),(77,'2018-09-24',161,1,0),(77,'2018-09-24',162,1,0),(77,'2018-09-24',171,1,0),(77,'2018-09-24',172,1,0),(77,'2018-09-24',181,1,0),(77,'2018-09-24',182,1,0),(77,'2018-09-24',191,1,0),(77,'2018-09-24',192,1,0),(77,'2018-09-24',201,1,0),(77,'2018-09-24',202,1,0),(77,'2018-09-24',211,1,0),(77,'2018-09-24',212,1,0),(77,'2018-09-24',221,1,0),(77,'2018-09-24',222,1,0),(77,'2018-09-24',231,1,0),(77,'2018-09-24',232,1,0),(77,'2018-09-24',241,1,0),(77,'2018-09-25',71,1,0),(77,'2018-09-25',72,1,0),(77,'2018-09-25',81,1,0),(77,'2018-09-25',82,1,0),(77,'2018-09-25',91,1,0),(77,'2018-09-25',92,1,0),(77,'2018-09-25',101,1,0),(77,'2018-09-25',102,1,0),(77,'2018-09-25',111,1,0),(77,'2018-09-25',112,1,0),(77,'2018-09-25',121,1,0),(77,'2018-09-25',122,1,0),(77,'2018-09-25',131,1,0),(77,'2018-09-25',132,1,0),(77,'2018-09-25',141,1,0),(77,'2018-09-25',142,1,0),(77,'2018-09-25',151,1,0),(77,'2018-09-25',152,1,0),(77,'2018-09-25',161,1,0),(77,'2018-09-25',162,1,0),(77,'2018-09-25',171,1,0),(77,'2018-09-25',172,1,0),(77,'2018-09-25',181,1,0),(77,'2018-09-25',182,1,0),(77,'2018-09-25',191,1,0),(77,'2018-09-25',192,1,0),(77,'2018-09-25',201,1,0),(77,'2018-09-25',202,1,0),(77,'2018-09-25',211,1,0),(77,'2018-09-25',212,1,0),(77,'2018-09-25',221,1,0),(77,'2018-09-25',222,1,0),(77,'2018-09-25',231,1,0),(77,'2018-09-25',232,1,0),(77,'2018-09-25',241,1,0),(77,'2018-09-26',71,1,0),(77,'2018-09-26',72,1,0),(77,'2018-09-26',81,1,0),(77,'2018-09-26',82,1,0),(77,'2018-09-26',91,1,0),(77,'2018-09-26',92,1,0),(77,'2018-09-26',101,1,0),(77,'2018-09-26',102,1,0),(77,'2018-09-26',111,1,0),(77,'2018-09-26',112,1,0),(77,'2018-09-26',121,1,0),(77,'2018-09-26',122,1,0),(77,'2018-09-26',131,1,0),(77,'2018-09-26',132,1,0),(77,'2018-09-26',141,1,0),(77,'2018-09-26',142,1,0),(77,'2018-09-26',151,1,0),(77,'2018-09-26',152,1,0),(77,'2018-09-26',161,1,0),(77,'2018-09-26',162,1,0),(77,'2018-09-26',171,1,0),(77,'2018-09-26',172,1,0),(77,'2018-09-26',181,1,0),(77,'2018-09-26',182,1,0),(77,'2018-09-26',191,1,0),(77,'2018-09-26',192,1,0),(77,'2018-09-26',201,1,0),(77,'2018-09-26',202,1,0),(77,'2018-09-26',211,1,0),(77,'2018-09-26',212,1,0),(77,'2018-09-26',221,1,0),(77,'2018-09-26',222,1,0),(77,'2018-09-26',231,1,0),(77,'2018-09-26',232,1,0),(77,'2018-09-26',241,1,0),(77,'2018-09-27',71,1,0),(77,'2018-09-27',72,1,0),(77,'2018-09-27',81,1,0),(77,'2018-09-27',82,1,0),(77,'2018-09-27',91,1,0),(77,'2018-09-27',92,1,0),(77,'2018-09-27',151,1,0),(77,'2018-09-27',152,1,0),(77,'2018-09-27',161,1,0),(77,'2018-09-27',162,1,0),(77,'2018-09-27',171,1,0),(77,'2018-09-27',172,1,0),(77,'2018-09-27',181,1,0),(77,'2018-09-27',182,1,0),(77,'2018-09-27',191,1,0),(77,'2018-09-27',192,1,0),(77,'2018-09-27',201,1,0),(77,'2018-09-27',202,1,0),(77,'2018-09-27',211,1,0),(77,'2018-09-27',212,1,0),(77,'2018-09-27',221,1,0),(77,'2018-09-27',222,1,0),(77,'2018-09-27',231,1,0),(77,'2018-09-27',232,1,0),(77,'2018-09-27',241,1,0),(77,'2018-09-28',71,1,0),(77,'2018-09-28',72,1,0),(77,'2018-09-28',81,1,0),(77,'2018-09-28',82,1,0),(77,'2018-09-28',91,1,0),(77,'2018-09-28',92,1,0),(77,'2018-09-28',182,1,0),(77,'2018-09-28',191,1,0),(77,'2018-09-28',192,1,0),(77,'2018-09-28',201,1,0),(77,'2018-09-28',202,1,0),(77,'2018-09-28',211,1,0),(77,'2018-09-28',212,1,0),(77,'2018-09-28',221,1,0),(77,'2018-09-28',222,1,0),(77,'2018-09-28',231,1,0),(77,'2018-09-28',232,1,0),(77,'2018-09-28',241,1,0),(77,'2018-09-29',71,1,0),(77,'2018-09-29',72,1,0),(77,'2018-09-29',81,1,0),(77,'2018-09-29',82,1,0),(77,'2018-09-29',91,1,0),(77,'2018-09-29',92,1,0),(77,'2018-09-29',101,1,0),(77,'2018-09-29',102,1,0),(77,'2018-09-29',111,1,0),(77,'2018-09-29',112,1,0),(77,'2018-09-29',121,1,0),(77,'2018-09-29',122,1,0),(77,'2018-09-29',131,1,0),(77,'2018-09-29',132,1,0),(77,'2018-09-29',141,1,0),(77,'2018-09-29',142,1,0),(77,'2018-09-29',182,1,0),(77,'2018-09-29',191,1,0),(77,'2018-09-29',192,1,0),(77,'2018-09-29',201,1,0),(77,'2018-09-29',202,1,0),(77,'2018-09-29',211,1,0),(77,'2018-09-29',212,1,0),(77,'2018-09-29',221,1,0),(77,'2018-09-29',222,1,0),(77,'2018-09-29',231,1,0),(77,'2018-09-29',232,1,0),(77,'2018-09-29',241,1,0),(77,'2018-09-30',71,1,0),(77,'2018-09-30',72,1,0),(77,'2018-09-30',81,1,0),(77,'2018-09-30',82,1,0),(77,'2018-09-30',91,1,0),(77,'2018-09-30',92,1,0),(77,'2018-09-30',101,1,0),(77,'2018-09-30',102,1,0),(77,'2018-09-30',111,1,0),(77,'2018-09-30',112,1,0),(77,'2018-09-30',121,1,0),(77,'2018-09-30',122,1,0),(77,'2018-09-30',131,1,0),(77,'2018-09-30',132,1,0),(77,'2018-09-30',141,1,0),(77,'2018-09-30',142,1,0),(77,'2018-09-30',151,1,0),(77,'2018-09-30',152,1,0),(77,'2018-09-30',161,1,0),(77,'2018-09-30',162,1,0),(77,'2018-09-30',171,1,0),(77,'2018-09-30',172,1,0),(77,'2018-09-30',181,1,0),(77,'2018-09-30',182,1,0),(77,'2018-09-30',191,1,0),(77,'2018-09-30',192,1,0),(77,'2018-09-30',201,1,0),(77,'2018-09-30',202,1,0),(77,'2018-09-30',211,1,0),(77,'2018-09-30',212,1,0),(77,'2018-09-30',221,1,0),(77,'2018-09-30',222,1,0),(77,'2018-09-30',231,1,0),(77,'2018-09-30',232,1,0),(77,'2018-09-30',241,1,0),(77,'2018-11-01',71,1,0),(77,'2018-11-01',72,1,0),(77,'2018-11-01',81,1,0),(77,'2018-11-01',82,1,0),(77,'2018-11-01',91,1,0),(77,'2018-11-01',92,1,0),(77,'2018-11-01',101,1,0),(77,'2018-11-01',102,1,0),(77,'2018-11-01',111,1,0),(77,'2018-11-01',112,1,0),(77,'2018-11-01',121,1,0),(77,'2018-11-01',122,1,0),(77,'2018-11-01',131,1,0),(77,'2018-11-01',132,1,0),(77,'2018-11-01',141,1,0),(77,'2018-11-01',142,1,0),(77,'2018-11-01',151,1,0),(77,'2018-11-01',152,1,0),(77,'2018-11-01',161,1,0),(77,'2018-11-01',162,1,0),(77,'2018-11-01',171,1,0),(77,'2018-11-01',172,1,0),(77,'2018-11-01',181,1,0),(77,'2018-11-01',182,1,0),(77,'2018-11-01',191,1,0),(77,'2018-11-01',192,1,0),(77,'2018-11-01',201,1,0),(77,'2018-11-01',202,1,0),(77,'2018-11-01',211,1,0),(77,'2018-11-01',212,1,0),(77,'2018-11-01',221,1,0),(77,'2018-11-01',222,1,0),(77,'2018-11-01',231,1,0),(77,'2018-11-01',232,1,0),(77,'2018-11-01',241,1,0),(77,'2018-11-03',71,1,0),(77,'2018-11-03',72,1,0),(77,'2018-11-03',81,1,0),(77,'2018-11-03',82,1,0),(77,'2018-11-03',91,1,0),(77,'2018-11-03',92,1,0),(77,'2018-11-03',101,1,0),(77,'2018-11-03',102,1,0),(77,'2018-11-03',111,1,0),(77,'2018-11-03',112,1,0),(77,'2018-11-03',121,1,0),(77,'2018-11-03',122,1,0),(77,'2018-11-03',131,1,0),(77,'2018-11-03',132,1,0),(77,'2018-11-03',141,1,0),(77,'2018-11-03',182,1,0),(77,'2018-11-03',191,1,0),(77,'2018-11-03',192,1,0),(77,'2018-11-03',201,1,0),(77,'2018-11-03',202,1,0),(77,'2018-11-03',211,1,0),(77,'2018-11-03',212,1,0),(77,'2018-11-03',221,1,0),(77,'2018-11-03',222,1,0),(77,'2018-11-03',231,1,0),(77,'2018-11-03',232,1,0),(77,'2018-11-03',241,1,0),(77,'2018-11-04',71,1,0),(77,'2018-11-04',72,1,0),(77,'2018-11-04',81,1,0),(77,'2018-11-04',82,1,0),(77,'2018-11-04',91,1,0),(77,'2018-11-04',92,1,0),(77,'2018-11-04',101,1,0),(77,'2018-11-04',102,1,0),(77,'2018-11-04',111,1,0),(77,'2018-11-04',112,1,0),(77,'2018-11-04',121,1,0),(77,'2018-11-04',122,1,0),(77,'2018-11-04',131,1,0),(77,'2018-11-04',132,1,0),(77,'2018-11-04',141,1,0),(77,'2018-11-04',142,1,0),(77,'2018-11-04',151,1,0),(77,'2018-11-04',152,1,0),(77,'2018-11-04',161,1,0),(77,'2018-11-04',162,1,0),(77,'2018-11-04',171,1,0),(77,'2018-11-04',172,1,0),(77,'2018-11-04',181,1,0),(77,'2018-11-04',182,1,0),(77,'2018-11-04',191,1,0),(77,'2018-11-04',192,1,0),(77,'2018-11-04',201,1,0),(77,'2018-11-04',202,1,0),(77,'2018-11-04',211,1,0),(77,'2018-11-04',212,1,0),(77,'2018-11-04',221,1,0),(77,'2018-11-04',222,1,0),(77,'2018-11-04',231,1,0),(77,'2018-11-04',232,1,0),(77,'2018-11-04',241,1,0),(77,'2018-11-05',71,1,0),(77,'2018-11-05',72,1,0),(77,'2018-11-05',81,1,0),(77,'2018-11-05',82,1,0),(77,'2018-11-05',91,1,0),(77,'2018-11-05',92,1,0),(77,'2018-11-05',101,1,0),(77,'2018-11-05',102,1,0),(77,'2018-11-05',111,1,0),(77,'2018-11-05',112,1,0),(77,'2018-11-05',121,1,0),(77,'2018-11-05',122,1,0),(77,'2018-11-05',131,1,0),(77,'2018-11-05',132,1,0),(77,'2018-11-05',141,1,0),(77,'2018-11-05',142,1,0),(77,'2018-11-05',151,1,0),(77,'2018-11-05',152,1,0),(77,'2018-11-05',161,1,0),(77,'2018-11-05',162,1,0),(77,'2018-11-05',171,1,0),(77,'2018-11-05',172,1,0),(77,'2018-11-05',181,1,0),(77,'2018-11-05',182,1,0),(77,'2018-11-05',191,1,0),(77,'2018-11-05',192,1,0),(77,'2018-11-05',201,1,0),(77,'2018-11-05',202,1,0),(77,'2018-11-05',211,1,0),(77,'2018-11-05',212,1,0),(77,'2018-11-05',221,1,0),(77,'2018-11-05',222,1,0),(77,'2018-11-05',231,1,0),(77,'2018-11-05',232,1,0),(77,'2018-11-05',241,1,0),(77,'2018-11-06',71,1,0),(77,'2018-11-06',72,1,0),(77,'2018-11-06',81,1,0),(77,'2018-11-06',82,1,0),(77,'2018-11-06',91,1,0),(77,'2018-11-06',92,1,0),(77,'2018-11-06',101,1,0),(77,'2018-11-06',102,1,0),(77,'2018-11-06',111,1,0),(77,'2018-11-06',112,1,0),(77,'2018-11-06',121,1,0),(77,'2018-11-06',122,1,0),(77,'2018-11-06',131,1,0),(77,'2018-11-06',132,1,0),(77,'2018-11-06',141,1,0),(77,'2018-11-06',142,1,0),(77,'2018-11-06',151,1,0),(77,'2018-11-06',152,1,0),(77,'2018-11-06',161,1,0),(77,'2018-11-06',162,1,0),(77,'2018-11-06',171,1,0),(77,'2018-11-06',172,1,0),(77,'2018-11-06',181,1,0),(77,'2018-11-06',182,1,0),(77,'2018-11-06',191,1,0),(77,'2018-11-06',192,1,0),(77,'2018-11-06',201,1,0),(77,'2018-11-06',202,1,0),(77,'2018-11-06',211,1,0),(77,'2018-11-06',212,1,0),(77,'2018-11-06',221,1,0),(77,'2018-11-06',222,1,0),(77,'2018-11-06',231,1,0),(77,'2018-11-06',232,1,0),(77,'2018-11-06',241,1,0),(77,'2018-11-07',71,1,0),(77,'2018-11-07',72,1,0),(77,'2018-11-07',81,1,0),(77,'2018-11-07',82,1,0),(77,'2018-11-07',91,1,0),(77,'2018-11-07',92,1,0),(77,'2018-11-07',101,1,0),(77,'2018-11-07',102,1,0),(77,'2018-11-07',111,1,0),(77,'2018-11-07',112,1,0),(77,'2018-11-07',121,1,0),(77,'2018-11-07',122,1,0),(77,'2018-11-07',131,1,0),(77,'2018-11-07',132,1,0),(77,'2018-11-07',141,1,0),(77,'2018-11-07',142,1,0),(77,'2018-11-07',151,1,0),(77,'2018-11-07',152,1,0),(77,'2018-11-07',161,1,0),(77,'2018-11-07',162,1,0),(77,'2018-11-07',171,1,0),(77,'2018-11-07',172,1,0),(77,'2018-11-07',181,1,0),(77,'2018-11-07',182,1,0),(77,'2018-11-07',191,1,0),(77,'2018-11-07',192,1,0),(77,'2018-11-07',201,1,0),(77,'2018-11-07',202,1,0),(77,'2018-11-07',211,1,0),(77,'2018-11-07',212,1,0),(77,'2018-11-07',221,1,0),(77,'2018-11-07',222,1,0),(77,'2018-11-07',231,1,0),(77,'2018-11-07',232,1,0),(77,'2018-11-07',241,1,0),(77,'2018-11-08',71,1,0),(77,'2018-11-08',72,1,0),(77,'2018-11-08',81,1,0),(77,'2018-11-08',82,1,0),(77,'2018-11-08',91,1,0),(77,'2018-11-08',92,1,0),(77,'2018-11-08',101,1,0),(77,'2018-11-08',102,1,0),(77,'2018-11-08',111,1,0),(77,'2018-11-08',112,1,0),(77,'2018-11-08',121,1,0),(77,'2018-11-08',122,1,0),(77,'2018-11-08',131,1,0),(77,'2018-11-08',132,1,0),(77,'2018-11-08',141,1,0),(77,'2018-11-08',142,1,0),(77,'2018-11-08',151,1,0),(77,'2018-11-08',152,1,0),(77,'2018-11-08',161,1,0),(77,'2018-11-08',162,1,0),(77,'2018-11-08',171,1,0),(77,'2018-11-08',172,1,0),(77,'2018-11-08',181,1,0),(77,'2018-11-08',182,1,0),(77,'2018-11-08',191,1,0),(77,'2018-11-08',192,1,0),(77,'2018-11-08',201,1,0),(77,'2018-11-08',202,1,0),(77,'2018-11-08',211,1,0),(77,'2018-11-08',212,1,0),(77,'2018-11-08',221,1,0),(77,'2018-11-08',222,1,0),(77,'2018-11-08',231,1,0),(77,'2018-11-08',232,1,0),(77,'2018-11-08',241,1,0),(77,'2018-11-10',71,1,0),(77,'2018-11-10',72,1,0),(77,'2018-11-10',81,1,0),(77,'2018-11-10',82,1,0),(77,'2018-11-10',91,1,0),(77,'2018-11-10',92,1,0),(77,'2018-11-10',101,1,0),(77,'2018-11-10',102,1,0),(77,'2018-11-10',111,1,0),(77,'2018-11-10',112,1,0),(77,'2018-11-10',121,1,0),(77,'2018-11-10',122,1,0),(77,'2018-11-10',131,1,0),(77,'2018-11-10',132,1,0),(77,'2018-11-10',141,1,0),(77,'2018-11-10',191,1,0),(77,'2018-11-10',192,1,0),(77,'2018-11-10',201,1,0),(77,'2018-11-10',202,1,0),(77,'2018-11-10',211,1,0),(77,'2018-11-10',212,1,0),(77,'2018-11-10',221,1,0),(77,'2018-11-10',222,1,0),(77,'2018-11-10',231,1,0),(77,'2018-11-10',232,1,0),(77,'2018-11-10',241,1,0),(77,'2018-11-11',71,1,0),(77,'2018-11-11',72,1,0),(77,'2018-11-11',81,1,0),(77,'2018-11-11',82,1,0),(77,'2018-11-11',91,1,0),(77,'2018-11-11',92,1,0),(77,'2018-11-11',101,1,0),(77,'2018-11-11',102,1,0),(77,'2018-11-11',111,1,0),(77,'2018-11-11',112,1,0),(77,'2018-11-11',121,1,0),(77,'2018-11-11',122,1,0),(77,'2018-11-11',131,1,0),(77,'2018-11-11',132,1,0),(77,'2018-11-11',141,1,0),(77,'2018-11-11',142,1,0),(77,'2018-11-11',151,1,0),(77,'2018-11-11',152,1,0),(77,'2018-11-11',161,1,0),(77,'2018-11-11',162,1,0),(77,'2018-11-11',171,1,0),(77,'2018-11-11',172,1,0),(77,'2018-11-11',181,1,0),(77,'2018-11-11',182,1,0),(77,'2018-11-11',191,1,0),(77,'2018-11-11',192,1,0),(77,'2018-11-11',201,1,0),(77,'2018-11-11',202,1,0),(77,'2018-11-11',211,1,0),(77,'2018-11-11',212,1,0),(77,'2018-11-11',221,1,0),(77,'2018-11-11',222,1,0),(77,'2018-11-11',231,1,0),(77,'2018-11-11',232,1,0),(77,'2018-11-11',241,1,0),(77,'2018-11-12',71,1,0),(77,'2018-11-12',72,1,0),(77,'2018-11-12',81,1,0),(77,'2018-11-12',82,1,0),(77,'2018-11-12',91,1,0),(77,'2018-11-12',92,1,0),(77,'2018-11-12',101,1,0),(77,'2018-11-12',102,1,0),(77,'2018-11-12',111,1,0),(77,'2018-11-12',112,1,0),(77,'2018-11-12',121,1,0),(77,'2018-11-12',122,1,0),(77,'2018-11-12',131,1,0),(77,'2018-11-12',132,1,0),(77,'2018-11-12',141,1,0),(77,'2018-11-12',142,1,0),(77,'2018-11-12',151,1,0),(77,'2018-11-12',152,1,0),(77,'2018-11-12',161,1,0),(77,'2018-11-12',162,1,0),(77,'2018-11-12',171,1,0),(77,'2018-11-12',172,1,0),(77,'2018-11-12',181,1,0),(77,'2018-11-12',182,1,0),(77,'2018-11-12',191,1,0),(77,'2018-11-12',192,1,0),(77,'2018-11-12',201,1,0),(77,'2018-11-12',202,1,0),(77,'2018-11-12',211,1,0),(77,'2018-11-12',212,1,0),(77,'2018-11-12',221,1,0),(77,'2018-11-12',222,1,0),(77,'2018-11-12',231,1,0),(77,'2018-11-12',232,1,0),(77,'2018-11-12',241,1,0),(77,'2018-11-13',71,1,0),(77,'2018-11-13',72,1,0),(77,'2018-11-13',81,1,0),(77,'2018-11-13',82,1,0),(77,'2018-11-13',91,1,0),(77,'2018-11-13',92,1,0),(77,'2018-11-13',101,1,0),(77,'2018-11-13',102,1,0),(77,'2018-11-13',111,1,0),(77,'2018-11-13',112,1,0),(77,'2018-11-13',121,1,0),(77,'2018-11-13',122,1,0),(77,'2018-11-13',131,1,0),(77,'2018-11-13',132,1,0),(77,'2018-11-13',141,1,0),(77,'2018-11-13',142,1,0),(77,'2018-11-13',151,1,0),(77,'2018-11-13',152,1,0),(77,'2018-11-13',161,1,0),(77,'2018-11-13',162,1,0),(77,'2018-11-13',171,1,0),(77,'2018-11-13',172,1,0),(77,'2018-11-13',181,1,0),(77,'2018-11-13',182,1,0),(77,'2018-11-13',191,1,0),(77,'2018-11-13',192,1,0),(77,'2018-11-13',201,1,0),(77,'2018-11-13',202,1,0),(77,'2018-11-13',211,1,0),(77,'2018-11-13',212,1,0),(77,'2018-11-13',221,1,0),(77,'2018-11-13',222,1,0),(77,'2018-11-13',231,1,0),(77,'2018-11-13',232,1,0),(77,'2018-11-13',241,1,0),(77,'2018-11-14',71,1,0),(77,'2018-11-14',72,1,0),(77,'2018-11-14',81,1,0),(77,'2018-11-14',82,1,0),(77,'2018-11-14',91,1,0),(77,'2018-11-14',92,1,0),(77,'2018-11-14',101,1,0),(77,'2018-11-14',102,1,0),(77,'2018-11-14',111,1,0),(77,'2018-11-14',112,1,0),(77,'2018-11-14',121,1,0),(77,'2018-11-14',122,1,0),(77,'2018-11-14',131,1,0),(77,'2018-11-14',132,1,0),(77,'2018-11-14',141,1,0),(77,'2018-11-14',142,1,0),(77,'2018-11-14',151,1,0),(77,'2018-11-14',152,1,0),(77,'2018-11-14',161,1,0),(77,'2018-11-14',162,1,0),(77,'2018-11-14',171,1,0),(77,'2018-11-14',172,1,0),(77,'2018-11-14',181,1,0),(77,'2018-11-14',182,1,0),(77,'2018-11-14',191,1,0),(77,'2018-11-14',192,1,0),(77,'2018-11-14',201,1,0),(77,'2018-11-14',202,1,0),(77,'2018-11-14',211,1,0),(77,'2018-11-14',212,1,0),(77,'2018-11-14',221,1,0),(77,'2018-11-14',222,1,0),(77,'2018-11-14',231,1,0),(77,'2018-11-14',232,1,0),(77,'2018-11-14',241,1,0),(77,'2018-11-15',71,1,0),(77,'2018-11-15',72,1,0),(77,'2018-11-15',81,1,0),(77,'2018-11-15',82,1,0),(77,'2018-11-15',91,1,0),(77,'2018-11-15',92,1,0),(77,'2018-11-15',101,1,0),(77,'2018-11-15',102,1,0),(77,'2018-11-15',111,1,0),(77,'2018-11-15',112,1,0),(77,'2018-11-15',121,1,0),(77,'2018-11-15',122,1,0),(77,'2018-11-15',131,1,0),(77,'2018-11-15',132,1,0),(77,'2018-11-15',141,1,0),(77,'2018-11-15',142,1,0),(77,'2018-11-15',151,1,0),(77,'2018-11-15',152,1,0),(77,'2018-11-15',161,1,0),(77,'2018-11-15',162,1,0),(77,'2018-11-15',171,1,0),(77,'2018-11-15',172,1,0),(77,'2018-11-15',181,1,0),(77,'2018-11-15',182,1,0),(77,'2018-11-15',191,1,0),(77,'2018-11-15',192,1,0),(77,'2018-11-15',201,1,0),(77,'2018-11-15',202,1,0),(77,'2018-11-15',211,1,0),(77,'2018-11-15',212,1,0),(77,'2018-11-15',221,1,0),(77,'2018-11-15',222,1,0),(77,'2018-11-15',231,1,0),(77,'2018-11-15',232,1,0),(77,'2018-11-15',241,1,0),(77,'2018-11-17',71,1,0),(77,'2018-11-17',72,1,0),(77,'2018-11-17',81,1,0),(77,'2018-11-17',82,1,0),(77,'2018-11-17',91,1,0),(77,'2018-11-17',92,1,0),(77,'2018-11-17',101,1,0),(77,'2018-11-17',102,1,0),(77,'2018-11-17',111,1,0),(77,'2018-11-17',112,1,0),(77,'2018-11-17',121,1,0),(77,'2018-11-17',122,1,0),(77,'2018-11-17',131,1,0),(77,'2018-11-17',132,1,0),(77,'2018-11-17',141,1,0),(77,'2018-11-17',182,1,0),(77,'2018-11-17',191,1,0),(77,'2018-11-17',192,1,0),(77,'2018-11-17',201,1,0),(77,'2018-11-17',202,1,0),(77,'2018-11-17',211,1,0),(77,'2018-11-17',212,1,0),(77,'2018-11-17',221,1,0),(77,'2018-11-17',222,1,0),(77,'2018-11-17',231,1,0),(77,'2018-11-17',232,1,0),(77,'2018-11-17',241,1,0),(77,'2018-11-18',71,1,0),(77,'2018-11-18',72,1,0),(77,'2018-11-18',81,1,0),(77,'2018-11-18',82,1,0),(77,'2018-11-18',91,1,0),(77,'2018-11-18',92,1,0),(77,'2018-11-18',101,1,0),(77,'2018-11-18',102,1,0),(77,'2018-11-18',111,1,0),(77,'2018-11-18',112,1,0),(77,'2018-11-18',121,1,0),(77,'2018-11-18',122,1,0),(77,'2018-11-18',131,1,0),(77,'2018-11-18',132,1,0),(77,'2018-11-18',141,1,0),(77,'2018-11-18',142,1,0),(77,'2018-11-18',151,1,0),(77,'2018-11-18',152,1,0),(77,'2018-11-18',161,1,0),(77,'2018-11-18',162,1,0),(77,'2018-11-18',171,1,0),(77,'2018-11-18',172,1,0),(77,'2018-11-18',181,1,0),(77,'2018-11-18',182,1,0),(77,'2018-11-18',191,1,0),(77,'2018-11-18',192,1,0),(77,'2018-11-18',201,1,0),(77,'2018-11-18',202,1,0),(77,'2018-11-18',211,1,0),(77,'2018-11-18',212,1,0),(77,'2018-11-18',221,1,0),(77,'2018-11-18',222,1,0),(77,'2018-11-18',231,1,0),(77,'2018-11-18',232,1,0),(77,'2018-11-18',241,1,0),(77,'2018-11-19',71,1,0),(77,'2018-11-19',72,1,0),(77,'2018-11-19',81,1,0),(77,'2018-11-19',82,1,0),(77,'2018-11-19',91,1,0),(77,'2018-11-19',92,1,0),(77,'2018-11-19',101,1,0),(77,'2018-11-19',102,1,0),(77,'2018-11-19',111,1,0),(77,'2018-11-19',112,1,0),(77,'2018-11-19',121,1,0),(77,'2018-11-19',122,1,0),(77,'2018-11-19',131,1,0),(77,'2018-11-19',132,1,0),(77,'2018-11-19',141,1,0),(77,'2018-11-19',142,1,0),(77,'2018-11-19',151,1,0),(77,'2018-11-19',152,1,0),(77,'2018-11-19',161,1,0),(77,'2018-11-19',162,1,0),(77,'2018-11-19',171,1,0),(77,'2018-11-19',172,1,0),(77,'2018-11-19',181,1,0),(77,'2018-11-19',182,1,0),(77,'2018-11-19',191,1,0),(77,'2018-11-19',192,1,0),(77,'2018-11-19',201,1,0),(77,'2018-11-19',202,1,0),(77,'2018-11-19',211,1,0),(77,'2018-11-19',212,1,0),(77,'2018-11-19',221,1,0),(77,'2018-11-19',222,1,0),(77,'2018-11-19',231,1,0),(77,'2018-11-19',232,1,0),(77,'2018-11-19',241,1,0),(77,'2018-11-20',71,1,0),(77,'2018-11-20',72,1,0),(77,'2018-11-20',81,1,0),(77,'2018-11-20',82,1,0),(77,'2018-11-20',91,1,0),(77,'2018-11-20',92,1,0),(77,'2018-11-20',101,1,0),(77,'2018-11-20',102,1,0),(77,'2018-11-20',111,1,0),(77,'2018-11-20',112,1,0),(77,'2018-11-20',121,1,0),(77,'2018-11-20',122,1,0),(77,'2018-11-20',131,1,0),(77,'2018-11-20',132,1,0),(77,'2018-11-20',141,1,0),(77,'2018-11-20',142,1,0),(77,'2018-11-20',151,1,0),(77,'2018-11-20',152,1,0),(77,'2018-11-20',161,1,0),(77,'2018-11-20',162,1,0),(77,'2018-11-20',171,1,0),(77,'2018-11-20',172,1,0),(77,'2018-11-20',181,1,0),(77,'2018-11-20',182,1,0),(77,'2018-11-20',191,1,0),(77,'2018-11-20',192,1,0),(77,'2018-11-20',201,1,0),(77,'2018-11-20',202,1,0),(77,'2018-11-20',211,1,0),(77,'2018-11-20',212,1,0),(77,'2018-11-20',221,1,0),(77,'2018-11-20',222,1,0),(77,'2018-11-20',231,1,0),(77,'2018-11-20',232,1,0),(77,'2018-11-20',241,1,0),(77,'2018-11-21',71,1,0),(77,'2018-11-21',72,1,0),(77,'2018-11-21',81,1,0),(77,'2018-11-21',82,1,0),(77,'2018-11-21',91,1,0),(77,'2018-11-21',92,1,0),(77,'2018-11-21',101,1,0),(77,'2018-11-21',102,1,0),(77,'2018-11-21',111,1,0),(77,'2018-11-21',112,1,0),(77,'2018-11-21',121,1,0),(77,'2018-11-21',122,1,0),(77,'2018-11-21',131,1,0),(77,'2018-11-21',132,1,0),(77,'2018-11-21',141,1,0),(77,'2018-11-21',142,1,0),(77,'2018-11-21',151,1,0),(77,'2018-11-21',152,1,0),(77,'2018-11-21',161,1,0),(77,'2018-11-21',162,1,0),(77,'2018-11-21',171,1,0),(77,'2018-11-21',172,1,0),(77,'2018-11-21',181,1,0),(77,'2018-11-21',182,1,0),(77,'2018-11-21',191,1,0),(77,'2018-11-21',192,1,0),(77,'2018-11-21',201,1,0),(77,'2018-11-21',202,1,0),(77,'2018-11-21',211,1,0),(77,'2018-11-21',212,1,0),(77,'2018-11-21',221,1,0),(77,'2018-11-21',222,1,0),(77,'2018-11-21',231,1,0),(77,'2018-11-21',232,1,0),(77,'2018-11-21',241,1,0),(77,'2018-11-22',71,1,0),(77,'2018-11-22',72,1,0),(77,'2018-11-22',81,1,0),(77,'2018-11-22',82,1,0),(77,'2018-11-22',91,1,0),(77,'2018-11-22',92,1,0),(77,'2018-11-22',101,1,0),(77,'2018-11-22',102,1,0),(77,'2018-11-22',111,1,0),(77,'2018-11-22',112,1,0),(77,'2018-11-22',121,1,0),(77,'2018-11-22',122,1,0),(77,'2018-11-22',131,1,0),(77,'2018-11-22',132,1,0),(77,'2018-11-22',141,1,0),(77,'2018-11-22',142,1,0),(77,'2018-11-22',151,1,0),(77,'2018-11-22',152,1,0),(77,'2018-11-22',161,1,0),(77,'2018-11-22',162,1,0),(77,'2018-11-22',171,1,0),(77,'2018-11-22',172,1,0),(77,'2018-11-22',181,1,0),(77,'2018-11-22',182,1,0),(77,'2018-11-22',191,1,0),(77,'2018-11-22',192,1,0),(77,'2018-11-22',201,1,0),(77,'2018-11-22',202,1,0),(77,'2018-11-22',211,1,0),(77,'2018-11-22',212,1,0),(77,'2018-11-22',221,1,0),(77,'2018-11-22',222,1,0),(77,'2018-11-22',231,1,0),(77,'2018-11-22',232,1,0),(77,'2018-11-22',241,1,0),(77,'2018-11-24',71,1,0),(77,'2018-11-24',72,1,0),(77,'2018-11-24',81,1,0),(77,'2018-11-24',82,1,0),(77,'2018-11-24',91,1,0),(77,'2018-11-24',92,1,0),(77,'2018-11-24',101,1,0),(77,'2018-11-24',102,1,0),(77,'2018-11-24',111,1,0),(77,'2018-11-24',112,1,0),(77,'2018-11-24',121,1,0),(77,'2018-11-24',122,1,0),(77,'2018-11-24',131,1,0),(77,'2018-11-24',132,1,0),(77,'2018-11-24',141,1,0),(77,'2018-11-24',182,1,0),(77,'2018-11-24',191,1,0),(77,'2018-11-24',192,1,0),(77,'2018-11-24',201,1,0),(77,'2018-11-24',202,1,0),(77,'2018-11-24',211,1,0),(77,'2018-11-24',212,1,0),(77,'2018-11-24',221,1,0),(77,'2018-11-24',222,1,0),(77,'2018-11-24',231,1,0),(77,'2018-11-24',232,1,0),(77,'2018-11-24',241,1,0),(77,'2018-11-25',71,1,0),(77,'2018-11-25',72,1,0),(77,'2018-11-25',81,1,0),(77,'2018-11-25',82,1,0),(77,'2018-11-25',91,1,0),(77,'2018-11-25',92,1,0),(77,'2018-11-25',101,1,0),(77,'2018-11-25',102,1,0),(77,'2018-11-25',111,1,0),(77,'2018-11-25',112,1,0),(77,'2018-11-25',121,1,0),(77,'2018-11-25',122,1,0),(77,'2018-11-25',131,1,0),(77,'2018-11-25',132,1,0),(77,'2018-11-25',141,1,0),(77,'2018-11-25',142,1,0),(77,'2018-11-25',151,1,0),(77,'2018-11-25',152,1,0),(77,'2018-11-25',161,1,0),(77,'2018-11-25',162,1,0),(77,'2018-11-25',171,1,0),(77,'2018-11-25',172,1,0),(77,'2018-11-25',181,1,0),(77,'2018-11-25',182,1,0),(77,'2018-11-25',191,1,0),(77,'2018-11-25',192,1,0),(77,'2018-11-25',201,1,0),(77,'2018-11-25',202,1,0),(77,'2018-11-25',211,1,0),(77,'2018-11-25',212,1,0),(77,'2018-11-25',221,1,0),(77,'2018-11-25',222,1,0),(77,'2018-11-25',231,1,0),(77,'2018-11-25',232,1,0),(77,'2018-11-25',241,1,0),(77,'2018-11-26',71,1,0),(77,'2018-11-26',72,1,0),(77,'2018-11-26',81,1,0),(77,'2018-11-26',82,1,0),(77,'2018-11-26',91,1,0),(77,'2018-11-26',92,1,0),(77,'2018-11-26',101,1,0),(77,'2018-11-26',102,1,0),(77,'2018-11-26',111,1,0),(77,'2018-11-26',112,1,0),(77,'2018-11-26',121,1,0),(77,'2018-11-26',122,1,0),(77,'2018-11-26',131,1,0),(77,'2018-11-26',132,1,0),(77,'2018-11-26',141,1,0),(77,'2018-11-26',142,1,0),(77,'2018-11-26',151,1,0),(77,'2018-11-26',152,1,0),(77,'2018-11-26',161,1,0),(77,'2018-11-26',162,1,0),(77,'2018-11-26',171,1,0),(77,'2018-11-26',172,1,0),(77,'2018-11-26',181,1,0),(77,'2018-11-26',182,1,0),(77,'2018-11-26',191,1,0),(77,'2018-11-26',192,1,0),(77,'2018-11-26',201,1,0),(77,'2018-11-26',202,1,0),(77,'2018-11-26',211,1,0),(77,'2018-11-26',212,1,0),(77,'2018-11-26',221,1,0),(77,'2018-11-26',222,1,0),(77,'2018-11-26',231,1,0),(77,'2018-11-26',232,1,0),(77,'2018-11-26',241,1,0),(77,'2018-11-27',71,1,0),(77,'2018-11-27',72,1,0),(77,'2018-11-27',81,1,0),(77,'2018-11-27',82,1,0),(77,'2018-11-27',91,1,0),(77,'2018-11-27',92,1,0),(77,'2018-11-27',101,1,0),(77,'2018-11-27',102,1,0),(77,'2018-11-27',111,1,0),(77,'2018-11-27',112,1,0),(77,'2018-11-27',121,1,0),(77,'2018-11-27',122,1,0),(77,'2018-11-27',131,1,0),(77,'2018-11-27',132,1,0),(77,'2018-11-27',141,1,0),(77,'2018-11-27',142,1,0),(77,'2018-11-27',151,1,0),(77,'2018-11-27',152,1,0),(77,'2018-11-27',161,1,0),(77,'2018-11-27',162,1,0),(77,'2018-11-27',171,1,0),(77,'2018-11-27',172,1,0),(77,'2018-11-27',181,1,0),(77,'2018-11-27',182,1,0),(77,'2018-11-27',191,1,0),(77,'2018-11-27',192,1,0),(77,'2018-11-27',201,1,0),(77,'2018-11-27',202,1,0),(77,'2018-11-27',211,1,0),(77,'2018-11-27',212,1,0),(77,'2018-11-27',221,1,0),(77,'2018-11-27',222,1,0),(77,'2018-11-27',231,1,0),(77,'2018-11-27',232,1,0),(77,'2018-11-27',241,1,0),(77,'2018-11-28',71,1,0),(77,'2018-11-28',72,1,0),(77,'2018-11-28',81,1,0),(77,'2018-11-28',82,1,0),(77,'2018-11-28',91,1,0),(77,'2018-11-28',92,1,0),(77,'2018-11-28',101,1,0),(77,'2018-11-28',102,1,0),(77,'2018-11-28',111,1,0),(77,'2018-11-28',112,1,0),(77,'2018-11-28',121,1,0),(77,'2018-11-28',122,1,0),(77,'2018-11-28',131,1,0),(77,'2018-11-28',132,1,0),(77,'2018-11-28',141,1,0),(77,'2018-11-28',142,1,0),(77,'2018-11-28',151,1,0),(77,'2018-11-28',152,1,0),(77,'2018-11-28',161,1,0),(77,'2018-11-28',162,1,0),(77,'2018-11-28',171,1,0),(77,'2018-11-28',172,1,0),(77,'2018-11-28',181,1,0),(77,'2018-11-28',182,1,0),(77,'2018-11-28',191,1,0),(77,'2018-11-28',192,1,0),(77,'2018-11-28',201,1,0),(77,'2018-11-28',202,1,0),(77,'2018-11-28',211,1,0),(77,'2018-11-28',212,1,0),(77,'2018-11-28',221,1,0),(77,'2018-11-28',222,1,0),(77,'2018-11-28',231,1,0),(77,'2018-11-28',232,1,0),(77,'2018-11-28',241,1,0),(77,'2018-11-29',71,1,0),(77,'2018-11-29',72,1,0),(77,'2018-11-29',81,1,0),(77,'2018-11-29',82,1,0),(77,'2018-11-29',91,1,0),(77,'2018-11-29',92,1,0),(77,'2018-11-29',101,1,0),(77,'2018-11-29',102,1,0),(77,'2018-11-29',111,1,0),(77,'2018-11-29',112,1,0),(77,'2018-11-29',121,1,0),(77,'2018-11-29',122,1,0),(77,'2018-11-29',131,1,0),(77,'2018-11-29',132,1,0),(77,'2018-11-29',141,1,0),(77,'2018-11-29',142,1,0),(77,'2018-11-29',151,1,0),(77,'2018-11-29',152,1,0),(77,'2018-11-29',161,1,0),(77,'2018-11-29',162,1,0),(77,'2018-11-29',171,1,0),(77,'2018-11-29',172,1,0),(77,'2018-11-29',181,1,0),(77,'2018-11-29',182,1,0),(77,'2018-11-29',191,1,0),(77,'2018-11-29',192,1,0),(77,'2018-11-29',201,1,0),(77,'2018-11-29',202,1,0),(77,'2018-11-29',211,1,0),(77,'2018-11-29',212,1,0),(77,'2018-11-29',221,1,0),(77,'2018-11-29',222,1,0),(77,'2018-11-29',231,1,0),(77,'2018-11-29',232,1,0),(77,'2018-11-29',241,1,0),(77,'2019-01-30',71,1,0),(77,'2019-01-30',72,1,0),(77,'2019-01-30',81,1,0),(77,'2019-01-30',82,1,0),(77,'2019-01-30',91,1,0),(77,'2019-01-30',92,1,0),(77,'2019-01-30',101,1,0),(77,'2019-01-30',102,1,0),(77,'2019-01-30',111,1,0),(77,'2019-01-30',112,1,0),(77,'2019-01-30',121,1,0),(77,'2019-01-30',122,1,0),(77,'2019-01-30',131,1,0),(77,'2019-01-30',132,1,0),(77,'2019-01-30',141,1,0),(77,'2019-01-30',142,1,0),(77,'2019-01-30',151,1,0),(77,'2019-01-30',152,1,0),(77,'2019-01-30',161,1,0),(77,'2019-01-30',162,1,0),(77,'2019-01-30',171,1,0),(77,'2019-01-30',172,1,0),(77,'2019-01-30',181,1,0),(77,'2019-01-30',182,1,0),(77,'2019-01-30',191,1,0),(77,'2019-01-30',192,1,0),(77,'2019-01-30',201,1,0),(77,'2019-01-30',202,1,0),(77,'2019-01-30',211,1,0),(77,'2019-01-30',212,1,0),(77,'2019-01-30',221,1,0),(77,'2019-01-30',222,1,0),(77,'2019-01-30',231,1,0),(77,'2019-01-30',232,1,0),(77,'2019-01-30',241,1,0),(77,'2019-01-31',71,1,0),(77,'2019-01-31',72,1,0),(77,'2019-01-31',81,1,0),(77,'2019-01-31',82,1,0),(77,'2019-01-31',91,1,0),(77,'2019-01-31',92,1,0),(77,'2019-01-31',101,1,0),(77,'2019-01-31',102,1,0),(77,'2019-01-31',111,1,0),(77,'2019-01-31',112,1,0),(77,'2019-01-31',121,1,0),(77,'2019-01-31',122,1,0),(77,'2019-01-31',131,1,0),(77,'2019-01-31',132,1,0),(77,'2019-01-31',141,1,0),(77,'2019-01-31',142,1,0),(77,'2019-01-31',151,1,0),(77,'2019-01-31',152,1,0),(77,'2019-01-31',161,1,0),(77,'2019-01-31',162,1,0),(77,'2019-01-31',171,1,0),(77,'2019-01-31',172,1,0),(77,'2019-01-31',181,1,0),(77,'2019-01-31',182,1,0),(77,'2019-01-31',191,1,0),(77,'2019-01-31',192,1,0),(77,'2019-01-31',201,1,0),(77,'2019-01-31',202,1,0),(77,'2019-01-31',211,1,0),(77,'2019-01-31',212,1,0),(77,'2019-01-31',221,1,0),(77,'2019-01-31',222,1,0),(77,'2019-01-31',231,1,0),(77,'2019-01-31',232,1,0),(77,'2019-01-31',241,1,0),(77,'2019-02-01',71,1,0),(77,'2019-02-01',72,1,0),(77,'2019-02-01',81,1,0),(77,'2019-02-01',82,1,0),(77,'2019-02-01',91,1,0),(77,'2019-02-01',172,1,0),(77,'2019-02-01',181,1,0),(77,'2019-02-01',182,1,0),(77,'2019-02-01',191,1,0),(77,'2019-02-01',192,1,0),(77,'2019-02-01',201,1,0),(77,'2019-02-01',202,1,0),(77,'2019-02-01',211,1,0),(77,'2019-02-01',212,1,0),(77,'2019-02-01',221,1,0),(77,'2019-02-01',222,1,0),(77,'2019-02-01',231,1,0),(77,'2019-02-01',232,1,0),(77,'2019-02-01',241,1,0),(77,'2019-02-02',71,1,0),(77,'2019-02-02',72,1,0),(77,'2019-02-02',81,1,0),(77,'2019-02-02',172,1,0),(77,'2019-02-02',181,1,0),(77,'2019-02-02',182,1,0),(77,'2019-02-02',191,1,0),(77,'2019-02-02',192,1,0),(77,'2019-02-02',201,1,0),(77,'2019-02-02',202,1,0),(77,'2019-02-02',211,1,0),(77,'2019-02-02',212,1,0),(77,'2019-02-02',221,1,0),(77,'2019-02-02',222,1,0),(77,'2019-02-02',231,1,0),(77,'2019-02-02',232,1,0),(77,'2019-02-02',241,1,0),(77,'2019-02-03',71,1,0),(77,'2019-02-03',72,1,0),(77,'2019-02-03',81,1,0),(77,'2019-02-03',82,1,0),(77,'2019-02-03',91,1,0),(77,'2019-02-03',92,1,0),(77,'2019-02-03',101,1,0),(77,'2019-02-03',102,1,0),(77,'2019-02-03',111,1,0),(77,'2019-02-03',112,1,0),(77,'2019-02-03',121,1,0),(77,'2019-02-03',122,1,0),(77,'2019-02-03',131,1,0),(77,'2019-02-03',132,1,0),(77,'2019-02-03',161,1,0),(77,'2019-02-03',162,1,0),(77,'2019-02-03',171,1,0),(77,'2019-02-03',172,1,0),(77,'2019-02-03',181,1,0),(77,'2019-02-03',182,1,0),(77,'2019-02-03',191,1,0),(77,'2019-02-03',192,1,0),(77,'2019-02-03',201,1,0),(77,'2019-02-03',202,1,0),(77,'2019-02-03',211,1,0),(77,'2019-02-03',212,1,0),(77,'2019-02-03',221,1,0),(77,'2019-02-03',222,1,0),(77,'2019-02-03',231,1,0),(77,'2019-02-03',232,1,0),(77,'2019-02-03',241,1,0),(77,'2019-02-04',151,1,0),(77,'2019-02-04',152,1,0),(77,'2019-02-04',161,1,0),(77,'2019-02-04',162,1,0),(77,'2019-02-04',171,1,0),(77,'2019-02-04',172,1,0),(77,'2019-02-04',181,1,0),(77,'2019-02-04',182,1,0),(77,'2019-02-04',191,1,0),(77,'2019-02-04',192,1,0),(77,'2019-02-04',201,1,0),(77,'2019-02-04',202,1,0),(77,'2019-02-04',211,1,0),(77,'2019-02-04',212,1,0),(77,'2019-02-04',221,1,0),(77,'2019-02-04',222,1,0),(77,'2019-02-04',231,1,0),(77,'2019-02-04',232,1,0),(77,'2019-02-04',241,1,0),(77,'2019-02-05',71,1,0),(77,'2019-02-05',72,1,0),(77,'2019-02-05',81,1,0),(77,'2019-02-05',82,1,0),(77,'2019-02-05',91,1,0),(77,'2019-02-05',92,1,0),(77,'2019-02-05',101,1,0),(77,'2019-02-05',102,1,0),(77,'2019-02-05',111,1,0),(77,'2019-02-05',112,1,0),(77,'2019-02-05',121,1,0),(77,'2019-02-05',122,1,0),(77,'2019-02-05',131,1,0),(77,'2019-02-05',132,1,0),(77,'2019-02-05',141,1,0),(77,'2019-02-05',142,1,0),(77,'2019-02-05',151,1,0),(77,'2019-02-05',152,1,0),(77,'2019-02-05',161,1,0),(77,'2019-02-05',162,1,0),(77,'2019-02-05',171,1,0),(77,'2019-02-06',71,1,0),(77,'2019-02-06',72,1,0),(77,'2019-02-06',81,1,0),(77,'2019-02-06',82,1,0),(77,'2019-02-06',91,1,0),(77,'2019-02-06',92,1,0),(77,'2019-02-06',101,1,0),(77,'2019-02-06',102,1,0),(77,'2019-02-06',111,1,0),(77,'2019-02-06',112,1,0),(77,'2019-02-06',121,1,0),(77,'2019-02-06',122,1,0),(77,'2019-02-06',131,1,0),(77,'2019-02-06',132,1,0),(77,'2019-02-06',141,1,0),(77,'2019-02-06',142,1,0),(77,'2019-02-06',151,1,0),(77,'2019-02-06',152,1,0),(77,'2019-02-06',161,1,0),(77,'2019-02-06',162,1,0),(77,'2019-02-06',171,1,0),(77,'2019-02-06',172,1,0),(77,'2019-02-06',181,1,0),(77,'2019-02-06',182,1,0),(77,'2019-02-06',191,1,0),(77,'2019-02-06',192,1,0),(77,'2019-02-06',201,1,0),(77,'2019-02-06',202,1,0),(77,'2019-02-06',211,1,0),(77,'2019-02-06',212,1,0),(77,'2019-02-06',221,1,0),(77,'2019-02-06',222,1,0),(77,'2019-02-06',231,1,0),(77,'2019-02-06',232,1,0),(77,'2019-02-06',241,1,0),(77,'2019-02-11',151,1,0),(77,'2019-02-11',152,1,0),(77,'2019-02-11',161,1,0),(77,'2019-02-11',162,1,0),(77,'2019-02-11',171,1,0),(77,'2019-02-11',172,1,0),(77,'2019-02-11',181,1,0),(77,'2019-02-11',182,1,0),(77,'2019-02-11',191,1,0),(77,'2019-02-11',192,1,0),(77,'2019-02-11',201,1,0),(77,'2019-02-11',202,1,0),(77,'2019-02-11',211,1,0),(77,'2019-02-11',212,1,0),(77,'2019-02-11',221,1,0),(77,'2019-02-11',222,1,0),(77,'2019-02-11',231,1,0),(77,'2019-02-11',232,1,0),(77,'2019-02-11',241,1,0),(77,'2019-02-18',151,1,0),(77,'2019-02-18',152,1,0),(77,'2019-02-18',161,1,0),(77,'2019-02-18',162,1,0),(77,'2019-02-18',171,1,0),(77,'2019-02-18',172,1,0),(77,'2019-02-18',181,1,0),(77,'2019-02-18',182,1,0),(77,'2019-02-18',191,1,0),(77,'2019-02-18',192,1,0),(77,'2019-02-18',201,1,0),(77,'2019-02-18',202,1,0),(77,'2019-02-18',211,1,0),(77,'2019-02-18',212,1,0),(77,'2019-02-18',221,1,0),(77,'2019-02-18',222,1,0),(77,'2019-02-18',231,1,0),(77,'2019-02-18',232,1,0),(77,'2019-02-18',241,1,0),(77,'2019-02-25',151,1,0),(77,'2019-02-25',152,1,0),(77,'2019-02-25',161,1,0),(77,'2019-02-25',162,1,0),(77,'2019-02-25',171,1,0),(77,'2019-02-25',172,1,0),(77,'2019-02-25',181,1,0),(77,'2019-02-25',182,1,0),(77,'2019-02-25',191,1,0),(77,'2019-02-25',192,1,0),(77,'2019-02-25',201,1,0),(77,'2019-02-25',202,1,0),(77,'2019-02-25',211,1,0),(77,'2019-02-25',212,1,0),(77,'2019-02-25',221,1,0),(77,'2019-02-25',222,1,0),(77,'2019-02-25',231,1,0),(77,'2019-02-25',232,1,0),(77,'2019-02-25',241,1,0),(77,'2019-03-04',151,1,0),(77,'2019-03-04',152,1,0),(77,'2019-03-04',161,1,0),(77,'2019-03-04',162,1,0),(77,'2019-03-04',171,1,0),(77,'2019-03-04',172,1,0),(77,'2019-03-04',181,1,0),(77,'2019-03-04',182,1,0),(77,'2019-03-04',191,1,0),(77,'2019-03-04',192,1,0),(77,'2019-03-04',201,1,0),(77,'2019-03-04',202,1,0),(77,'2019-03-04',211,1,0),(77,'2019-03-04',212,1,0),(77,'2019-03-04',221,1,0),(77,'2019-03-04',222,1,0),(77,'2019-03-04',231,1,0),(77,'2019-03-04',232,1,0),(77,'2019-03-04',241,1,0),(77,'2019-03-11',151,1,0),(77,'2019-03-11',152,1,0),(77,'2019-03-11',161,1,0),(77,'2019-03-11',162,1,0),(77,'2019-03-11',171,1,0),(77,'2019-03-11',172,1,0),(77,'2019-03-11',181,1,0),(77,'2019-03-11',182,1,0),(77,'2019-03-11',191,1,0),(77,'2019-03-11',192,1,0),(77,'2019-03-11',201,1,0),(77,'2019-03-11',202,1,0),(77,'2019-03-11',211,1,0),(77,'2019-03-11',212,1,0),(77,'2019-03-11',221,1,0),(77,'2019-03-11',222,1,0),(77,'2019-03-11',231,1,0),(77,'2019-03-11',232,1,0),(77,'2019-03-11',241,1,0),(77,'2019-03-18',151,1,0),(77,'2019-03-18',152,1,0),(77,'2019-03-18',161,1,0),(77,'2019-03-18',162,1,0),(77,'2019-03-18',171,1,0),(77,'2019-03-18',172,1,0),(77,'2019-03-18',181,1,0),(77,'2019-03-18',182,1,0),(77,'2019-03-18',191,1,0),(77,'2019-03-18',192,1,0),(77,'2019-03-18',201,1,0),(77,'2019-03-18',202,1,0),(77,'2019-03-18',211,1,0),(77,'2019-03-18',212,1,0),(77,'2019-03-18',221,1,0),(77,'2019-03-18',222,1,0),(77,'2019-03-18',231,1,0),(77,'2019-03-18',232,1,0),(77,'2019-03-18',241,1,0),(77,'2019-03-25',151,1,0),(77,'2019-03-25',152,1,0),(77,'2019-03-25',161,1,0),(77,'2019-03-25',162,1,0),(77,'2019-03-25',171,1,0),(77,'2019-03-25',172,1,0),(77,'2019-03-25',181,1,0),(77,'2019-03-25',182,1,0),(77,'2019-03-25',191,1,0),(77,'2019-03-25',192,1,0),(77,'2019-03-25',201,1,0),(77,'2019-03-25',202,1,0),(77,'2019-03-25',211,1,0),(77,'2019-03-25',212,1,0),(77,'2019-03-25',221,1,0),(77,'2019-03-25',222,1,0),(77,'2019-03-25',231,1,0),(77,'2019-03-25',232,1,0),(77,'2019-03-25',241,1,0),(77,'2019-04-01',151,1,0),(77,'2019-04-01',152,1,0),(77,'2019-04-01',161,1,0),(77,'2019-04-01',162,1,0),(77,'2019-04-01',171,1,0),(77,'2019-04-01',172,1,0),(77,'2019-04-01',181,1,0),(77,'2019-04-01',182,1,0),(77,'2019-04-01',191,1,0),(77,'2019-04-01',192,1,0),(77,'2019-04-01',201,1,0),(77,'2019-04-01',202,1,0),(77,'2019-04-01',211,1,0),(77,'2019-04-01',212,1,0),(77,'2019-04-01',221,1,0),(77,'2019-04-01',222,1,0),(77,'2019-04-01',231,1,0),(77,'2019-04-01',232,1,0),(77,'2019-04-01',241,1,0),(77,'2019-04-08',151,1,0),(77,'2019-04-08',152,1,0),(77,'2019-04-08',161,1,0),(77,'2019-04-08',162,1,0),(77,'2019-04-08',171,1,0),(77,'2019-04-08',172,1,0),(77,'2019-04-08',181,1,0),(77,'2019-04-08',182,1,0),(77,'2019-04-08',191,1,0),(77,'2019-04-08',192,1,0),(77,'2019-04-08',201,1,0),(77,'2019-04-08',202,1,0),(77,'2019-04-08',211,1,0),(77,'2019-04-08',212,1,0),(77,'2019-04-08',221,1,0),(77,'2019-04-08',222,1,0),(77,'2019-04-08',231,1,0),(77,'2019-04-08',232,1,0),(77,'2019-04-08',241,1,0),(77,'2019-04-15',151,1,0),(77,'2019-04-15',152,1,0),(77,'2019-04-15',161,1,0),(77,'2019-04-15',162,1,0),(77,'2019-04-15',171,1,0),(77,'2019-04-15',172,1,0),(77,'2019-04-15',181,1,0),(77,'2019-04-15',182,1,0),(77,'2019-04-15',191,1,0),(77,'2019-04-15',192,1,0),(77,'2019-04-15',201,1,0),(77,'2019-04-15',202,1,0),(77,'2019-04-15',211,1,0),(77,'2019-04-15',212,1,0),(77,'2019-04-15',221,1,0),(77,'2019-04-15',222,1,0),(77,'2019-04-15',231,1,0),(77,'2019-04-15',232,1,0),(77,'2019-04-15',241,1,0),(77,'2019-04-22',151,1,0),(77,'2019-04-22',152,1,0),(77,'2019-04-22',161,1,0),(77,'2019-04-22',162,1,0),(77,'2019-04-22',171,1,0),(77,'2019-04-22',172,1,0),(77,'2019-04-22',181,1,0),(77,'2019-04-22',182,1,0),(77,'2019-04-22',191,1,0),(77,'2019-04-22',192,1,0),(77,'2019-04-22',201,1,0),(77,'2019-04-22',202,1,0),(77,'2019-04-22',211,1,0),(77,'2019-04-22',212,1,0),(77,'2019-04-22',221,1,0),(77,'2019-04-22',222,1,0),(77,'2019-04-22',231,1,0),(77,'2019-04-22',232,1,0),(77,'2019-04-22',241,1,0),(80,'2017-12-05',91,1,0),(80,'2017-12-05',92,1,0),(80,'2017-12-05',101,1,0),(80,'2017-12-05',191,1,0),(80,'2017-12-05',192,1,0),(80,'2017-12-05',201,1,0),(80,'2017-12-06',131,1,0),(80,'2017-12-06',132,1,0),(80,'2017-12-06',141,1,0),(80,'2017-12-06',191,1,0),(80,'2017-12-06',192,1,0),(80,'2017-12-06',201,1,0),(80,'2017-12-07',102,1,0),(80,'2017-12-07',111,1,0),(80,'2017-12-07',112,1,0),(80,'2017-12-07',161,1,0),(80,'2017-12-07',162,1,0),(80,'2017-12-07',171,1,0),(80,'2017-12-09',131,1,0),(80,'2017-12-09',132,1,0),(80,'2017-12-09',141,1,0),(80,'2017-12-09',172,1,0),(80,'2017-12-09',181,1,0),(80,'2017-12-09',182,1,0),(80,'2017-12-10',102,1,0),(80,'2017-12-10',111,1,0),(80,'2017-12-10',112,1,0),(80,'2017-12-10',131,1,0),(80,'2017-12-10',132,1,0),(80,'2017-12-10',141,1,0),(80,'2017-12-12',91,1,0),(80,'2017-12-12',92,1,0),(80,'2017-12-12',101,1,0),(80,'2017-12-12',191,1,0),(80,'2017-12-12',192,1,0),(80,'2017-12-12',201,1,0),(80,'2017-12-13',131,1,0),(80,'2017-12-13',132,1,0),(80,'2017-12-13',141,1,0),(80,'2017-12-13',191,1,0),(80,'2017-12-13',192,1,0),(80,'2017-12-13',201,1,0),(80,'2017-12-14',102,1,0),(80,'2017-12-14',111,1,0),(80,'2017-12-14',112,1,0),(80,'2017-12-14',161,1,0),(80,'2017-12-14',162,1,0),(80,'2017-12-14',171,1,0),(80,'2017-12-16',131,1,0),(80,'2017-12-16',132,1,0),(80,'2017-12-16',141,1,0),(80,'2017-12-16',172,1,0),(80,'2017-12-16',181,1,0),(80,'2017-12-16',182,1,0),(80,'2017-12-17',102,1,0),(80,'2017-12-17',111,1,0),(80,'2017-12-17',112,1,0),(80,'2017-12-17',131,1,0),(80,'2017-12-17',132,1,0),(80,'2017-12-17',141,1,0),(80,'2017-12-19',91,1,0),(80,'2017-12-19',92,1,0),(80,'2017-12-19',101,1,0),(80,'2017-12-19',191,1,0),(80,'2017-12-19',192,1,0),(80,'2017-12-19',201,1,0),(80,'2017-12-20',131,1,0),(80,'2017-12-20',132,1,0),(80,'2017-12-20',141,1,0),(80,'2017-12-20',191,1,0),(80,'2017-12-20',192,1,0),(80,'2017-12-20',201,1,0),(80,'2017-12-21',102,1,0),(80,'2017-12-21',111,1,0),(80,'2017-12-21',112,1,0),(80,'2017-12-21',161,1,0),(80,'2017-12-21',162,1,0),(80,'2017-12-21',171,1,0),(80,'2017-12-23',131,1,0),(80,'2017-12-23',132,1,0),(80,'2017-12-23',141,1,0),(80,'2017-12-23',172,1,0),(80,'2017-12-23',181,1,0),(80,'2017-12-23',182,1,0),(80,'2017-12-24',102,1,0),(80,'2017-12-24',111,1,0),(80,'2017-12-24',112,1,0),(80,'2017-12-24',131,1,0),(80,'2017-12-24',132,1,0),(80,'2017-12-24',141,1,0),(80,'2017-12-26',91,1,0),(80,'2017-12-26',92,1,0),(80,'2017-12-26',101,1,0),(80,'2017-12-26',191,1,0),(80,'2017-12-26',192,1,0),(80,'2017-12-26',201,1,0),(80,'2017-12-27',131,1,0),(80,'2017-12-27',132,1,0),(80,'2017-12-27',141,1,0),(80,'2017-12-27',191,1,0),(80,'2017-12-27',192,1,0),(80,'2017-12-27',201,1,0),(80,'2017-12-28',102,1,0),(80,'2017-12-28',111,1,0),(80,'2017-12-28',112,1,0),(80,'2017-12-28',161,1,0),(80,'2017-12-28',162,1,0),(80,'2017-12-28',171,1,0),(80,'2018-01-03',131,1,0),(80,'2018-01-03',132,1,0),(80,'2018-01-03',141,1,0),(80,'2018-01-03',191,1,0),(80,'2018-01-03',192,1,0),(80,'2018-01-03',201,1,0),(80,'2018-01-04',102,1,0),(80,'2018-01-04',111,1,0),(80,'2018-01-04',112,1,0),(80,'2018-01-04',162,1,0),(80,'2018-01-04',171,1,0),(80,'2018-01-04',172,1,0),(80,'2018-01-06',131,1,0),(80,'2018-01-06',132,1,0),(80,'2018-01-06',141,1,0),(80,'2018-01-06',172,1,0),(80,'2018-01-06',181,1,0),(80,'2018-01-06',182,1,0),(80,'2018-01-07',102,1,0),(80,'2018-01-07',111,1,0),(80,'2018-01-07',112,1,0),(80,'2018-01-07',131,1,0),(80,'2018-01-07',132,1,0),(80,'2018-01-07',141,1,0),(80,'2018-01-09',91,1,0),(80,'2018-01-09',92,1,0),(80,'2018-01-09',101,1,0),(80,'2018-01-09',191,1,0),(80,'2018-01-09',192,1,0),(80,'2018-01-09',201,1,0),(80,'2018-01-10',131,1,0),(80,'2018-01-10',132,1,0),(80,'2018-01-10',141,1,0),(80,'2018-01-10',191,1,0),(80,'2018-01-10',192,1,0),(80,'2018-01-10',201,1,0),(80,'2018-01-11',102,1,0),(80,'2018-01-11',111,1,0),(80,'2018-01-11',112,1,0),(80,'2018-01-11',162,1,0),(80,'2018-01-11',171,1,0),(80,'2018-01-11',172,1,0),(80,'2018-01-13',131,1,0),(80,'2018-01-13',132,1,0),(80,'2018-01-13',141,1,0),(80,'2018-01-13',172,1,0),(80,'2018-01-13',181,1,0),(80,'2018-01-13',182,1,0),(80,'2018-01-14',102,1,0),(80,'2018-01-14',111,1,0),(80,'2018-01-14',112,1,0),(80,'2018-01-14',131,1,0),(80,'2018-01-14',132,1,0),(80,'2018-01-14',141,1,0),(80,'2018-01-16',91,1,0),(80,'2018-01-16',92,1,0),(80,'2018-01-16',101,1,0),(80,'2018-01-16',191,1,0),(80,'2018-01-16',192,1,0),(80,'2018-01-16',201,1,0),(80,'2018-01-17',131,1,0),(80,'2018-01-17',132,1,0),(80,'2018-01-17',141,1,0),(80,'2018-01-17',191,1,0),(80,'2018-01-17',192,1,0),(80,'2018-01-17',201,1,0),(80,'2018-01-18',102,1,0),(80,'2018-01-18',111,1,0),(80,'2018-01-18',112,1,0),(80,'2018-01-18',162,1,0),(80,'2018-01-18',171,1,0),(80,'2018-01-18',172,1,0),(80,'2018-01-20',131,1,0),(80,'2018-01-20',132,1,0),(80,'2018-01-20',141,1,0),(80,'2018-01-20',172,1,0),(80,'2018-01-20',181,1,0),(80,'2018-01-20',182,1,0),(80,'2018-01-21',102,1,0),(80,'2018-01-21',111,1,0),(80,'2018-01-21',112,1,0),(80,'2018-01-21',131,1,0),(80,'2018-01-21',132,1,0),(80,'2018-01-21',141,1,0),(80,'2018-01-23',91,1,0),(80,'2018-01-23',92,1,0),(80,'2018-01-23',101,1,0),(80,'2018-01-23',191,1,0),(80,'2018-01-23',192,1,0),(80,'2018-01-23',201,1,0),(80,'2018-01-24',131,1,0),(80,'2018-01-24',132,1,0),(80,'2018-01-24',141,1,0),(80,'2018-01-24',142,1,0),(80,'2018-01-24',191,1,0),